-- phpMyAdmin SQL Dump
-- version 4.1.14
-- http://www.phpmyadmin.net
--
-- Servidor: 127.0.0.1
-- Tiempo de generación: 23-05-2017 a las 02:39:46
-- Versión del servidor: 5.6.17-log
-- Versión de PHP: 5.5.12

SET SQL_MODE = "NO_AUTO_VALUE_ON_ZERO";
SET time_zone = "+00:00";


/*!40101 SET @OLD_CHARACTER_SET_CLIENT=@@CHARACTER_SET_CLIENT */;
/*!40101 SET @OLD_CHARACTER_SET_RESULTS=@@CHARACTER_SET_RESULTS */;
/*!40101 SET @OLD_COLLATION_CONNECTION=@@COLLATION_CONNECTION */;
/*!40101 SET NAMES utf8 */;

--
-- Base de datos: `asistencias`
--

-- --------------------------------------------------------

--
-- Estructura de tabla para la tabla `alumnos`
--

CREATE TABLE IF NOT EXISTS `alumnos` (
  `no_control` int(11) NOT NULL,
  `carrera` varchar(3) NOT NULL,
  `a_paterno` varchar(30) NOT NULL,
  `a_materno` varchar(30) NOT NULL,
  `nombre` varchar(30) NOT NULL,
  PRIMARY KEY (`no_control`),
  KEY `carrera` (`carrera`)
) ENGINE=InnoDB DEFAULT CHARSET=latin1;

--
-- Volcado de datos para la tabla `alumnos`
--

INSERT INTO `alumnos` (`no_control`, `carrera`, `a_paterno`, `a_materno`, `nombre`) VALUES
(0, 'IGE', 'VIRGEN', 'LÓPEZ', 'IVAN'),
(8106054, 'IIA', 'LUNA', 'GONZALEZ', 'MARISOL'),
(8107383, 'IGE', 'AGUIRRE', 'MONROY', 'DANIEL'),
(9106070, 'IGE', 'OLIVOS', 'GUADALUPE', 'JOAQUIN'),
(9106330, 'ISI', 'AYALA', 'NUÑEZ', 'EMMANUEL'),
(10320003, 'IIA', 'CARBAJAL', 'RODRÍGUEZ', 'JOSÉ REFUGIO'),
(10380147, 'IIA', 'GONZÁLEZ', 'HERNÁNDEZ', 'MARTHA LAURA'),
(11070286, 'ISI', 'OROZCO', 'OLVERA', 'MÓNICA'),
(11106194, 'ISI', 'REYES', 'TORRE', 'FERNANDO AUGUSTO'),
(11106810, 'ISI', 'CORREA', 'ULLOA', 'DAVID'),
(11107008, 'ISI', 'ROMERO', 'MARTINEZ', 'SANTIAGO'),
(11350060, 'IGE', 'HERNÁNDEZ', 'HERNÁNDEZ', 'JOLIVETTE'),
(11350560, 'IGE', 'HERNÁNDEZ', 'HERNÁNDEZ', 'JOLIVETTE'),
(12106865, 'ISI', 'VELÁZQUEZ', 'JIMÉNEZ', 'YOCELYN'),
(12107158, 'IGE', 'ROSAS', 'CORTÉS', 'RODOLFO'),
(12107375, 'IGE', 'ALCANTARA', 'PEREZ', 'CESAR IVAN'),
(13106162, 'ISI', 'FLORES', 'ROSAS', 'JUAN RAUL'),
(14680590, 'IIA', 'BAUTISTA', 'LÓPEZ', 'LUIS ALFREDO'),
(15011640, 'IGE', 'JUAREZ', 'FLORES', 'AQUETZALI VICTORIA'),
(15070077, 'IIA', 'MONTAÑO', 'ZARCO', 'IVAN'),
(15107025, 'IIA', 'QUIROZ', 'ALMAZÁN', 'YUNEÍ'),
(15280730, 'IGE', 'CAMPIRAN', 'DIAZ', 'FRANCISCO JAVIER'),
(16106089, 'IGE', 'GARCIA', 'RODRIGUEZ', 'MARISELA BERENICE'),
(31070128, 'IGE', 'SOTO', 'MELCHOR', 'ENRIQUE ISODORO'),
(81070003, 'IBQ', 'CONTRERAS', 'ROSANO', 'MERIT ADELINA'),
(81070004, 'ISC', 'GUZMÁN', 'MEJÍA', 'VÍCTOR HUGO'),
(81070005, 'ISC', 'ROSETE', 'TREJO', 'MAURICIO'),
(81070006, 'IIA', 'FLORES', 'CABRERA', 'NAYELI MARIANA'),
(81070008, 'IIA', 'SORIANO', 'MEDINA', 'ANGEL'),
(81070014, 'IIA', 'ALARCON', 'CARMONA', 'ROMAN MANUEL'),
(81070020, 'IIA', 'PALMA', 'ABAD', 'ALMA CITLALI'),
(81070024, 'ISC', 'ROSETE', 'ALARCÓN', 'ANA BERTHA'),
(81070025, 'IIA', 'NAPOLES', 'LAGUNA', 'LETICIA'),
(81070026, 'IBQ', 'GONZALEZ', 'PÉREZ', 'TERESA'),
(81070029, 'IIA', 'HERNÁNDEZ', 'MORALES', 'ANA LILIA'),
(81070046, 'IBQ', 'ISIDOR', 'HERNÁNDEZ', 'FAUSTO'),
(81070059, 'IGE', 'SÁNCHEZ', 'BECERRIL', 'GERARDO'),
(81070063, 'IIA', 'IGLESIAS', 'GARDUÑO', 'LIZETH'),
(81070065, 'ISC', 'CASTAÑEDA', 'LÓPEZ', 'LUISA MARIA'),
(81070068, 'ISC', 'CASTRO', 'RAMÍREZ', 'ERICK'),
(81070070, 'IGE', 'HUERTA', 'HERRERA', 'HILDA'),
(81070074, 'ISI', 'CAÑEDO', 'LEAL', 'NÉSTOR'),
(81070079, 'ISC', 'GUZMÁN', 'MEJÍA', 'JORGE'),
(81070080, 'ISC', 'GUEVARA', 'MORENO', 'ROMAN'),
(81070084, 'IIA', 'ARROYO', 'CASAS', 'DIANA CRISTAL'),
(81070086, 'IBQ', 'NAVARRETE', 'TORRES', 'KAREN'),
(81070088, 'IIA', 'BASURTO', 'RODRÍGUEZ', 'CLAUDIA'),
(81070094, 'ISC', 'PEREA', 'REYNOSO', 'ALMA BEATRIZ'),
(81070096, 'ISC', 'CARRILLO', 'ROSAS', 'MAURICIO'),
(81070099, 'IGE', 'MEZA', 'ALVARADO', 'GRISSEL'),
(81070100, 'IIA', 'MEDINA', 'AGUILAR', 'VIRIDIANA'),
(81070101, 'IIA', 'DE JESÚS', 'CARO', 'MARÍA DEL SOL'),
(81070106, 'IIA', 'MARTÍNEZ', 'ALARCÓN', 'BERENICE ARIADNA'),
(81070108, 'ISC', 'GARCÍA', 'BRAULIO', 'JOSÉ ROBERTO'),
(81070109, 'ISI', 'SÁNCHEZ', 'BARRETO', 'NANCY'),
(81070112, 'IBQ', 'RAMÍREZ', 'FRANCO', 'LUIS EDUARDO'),
(81070113, 'ISC', 'MARTÍNEZ', 'DURÁN', 'MANUEL'),
(81070118, 'ISC', 'RODRÍGUEZ', 'AGUILAR', 'MAURICIO DANIEL'),
(81070121, 'ISC', 'RETANA', 'GERVACIO', 'RAUL'),
(81070124, 'ISC', 'RAMÍREZ', 'DURÁN', 'ALDO JONATAN'),
(81070127, 'ISC', 'LANDEROS', 'GONZÁLEZ', 'YAXAHIRA ELIZABETH'),
(81070128, 'IIA', 'CORTÉZ', 'SANTIAGO', 'CECIA NEFTALI'),
(81070136, 'IIA', 'GARCIA', 'RETANA', 'LAURA'),
(81070137, 'IBQ', 'MEDINA', 'QUIROZ', 'SAÚL ADRIAN'),
(81070138, 'ISC', 'RAMÍREZ', 'MARISCAL', 'IVÁN'),
(81070140, 'IBQ', 'GARCÍA', 'LARA', 'BÁRBARA'),
(81070148, 'IIA', 'SILVA', 'PÉREZ', 'MARÍA DEL PILAR'),
(81070149, 'ISC', 'BAUTISTA', 'LÓPEZ', 'FRANCISCO FERNANDO'),
(81070153, 'IGE', 'FLORES', 'JIMENEZ', 'YENI LAURA'),
(81070161, 'ISI', 'GUZMÁN', 'CRISTOBAL', 'ALBERTO'),
(81070162, 'ISC', 'VALDÉS', 'VALENCIA', 'RAMÓN'),
(81070163, 'IIA', 'ANTONIO', 'GARCES', 'GERARDO'),
(81070164, 'IIA', 'OROZCO', 'PRADEL', 'REYNA'),
(81070171, 'ISC', 'MÉNDEZ', 'VIGUERAS', 'ALMA ESTRELLA'),
(81070173, 'IIA', 'MENDEZ', 'VIGUERAS', 'FELIX JESUS'),
(81070175, 'IBQ', 'MEZA', 'ROSAS', 'DANIEL'),
(81070179, 'ISC', 'XOOL', 'VARGAS', 'LUIS FERDINAND'),
(81070180, 'ISI', 'ROJAS', 'ABAD', 'FRANCISCO XAVIER'),
(81070181, 'ISI', 'GARCÉS', 'GARCÍA', 'MAXIMILIANO'),
(81070185, 'ISC', 'ZAMBRANO', 'PÉREZ', 'TAMARA'),
(81070188, 'ISC', 'RAMÍREZ', 'ALVARADO', 'IRMA JUDITH'),
(81070189, 'ISC', 'ROSAS', 'DE LA ROSA', 'CARLOS CÉSAR'),
(81070190, 'ISC', 'ARREOLA', 'SALAS', 'LUIS FERNANDO'),
(81070195, 'IBQ', 'TAPIA', 'ROSAS', 'OCTAVIO'),
(81070197, 'ISC', 'PÉREZ', 'RODRÍGUEZ', 'JUAN JOSÉ'),
(81070201, 'ISC', 'VILLAGRÁN', 'GONZÁLEZ', 'BELINDA'),
(81070202, 'IGE', 'REYES', 'BARRERA', 'TULIA'),
(81070204, 'IBQ', 'LEYTE', 'GARCÍA', 'CINTHIA SAMANTA'),
(81070208, 'IBQ', 'BLAS', 'MARRON', 'MONICA GABRIELA'),
(81070209, 'IBQ', 'RÍOS', 'CALVILLO', 'SERGIO'),
(81070210, 'ISC', 'YESCAS', 'HERNÁNDEZ', 'LAIDY LAURA'),
(81070211, 'ISC', 'SORIANO', 'ACEVEDO', 'ANTONIO'),
(81070216, 'IIA', 'MARTÍNEZ', 'LOPEZ', 'ESTHER'),
(81070218, 'IIA', 'VALDEZ', 'CADENA', 'CITLALI VIANEY'),
(81070220, 'IGE', 'RUBIO', 'HINOJOSA', 'ELIZABETH'),
(81070228, 'ISI', 'RAMÍREZ', 'ANDRADE', 'ROBERTO CARLOS'),
(81070229, 'ISC', 'GONZÁLEZ', 'CAMARGO', 'LUIS DANIEL'),
(81070238, 'ISI', 'CALDIÑO', 'ROSETE', 'RUBÉN ALEJANDRO'),
(81070241, 'ISC', 'MARTÍNEZ', 'PINEDA', 'JOSÉ LUIS'),
(81070242, 'IBQ', 'SOLORZANO', 'CERVANTES', 'REYNA MIRELLA'),
(81070247, 'IIA', 'GARCÍA', 'MARTÍNEZ', 'LUIS ENRIQUE'),
(81070249, 'ISC', 'RAMÍREZ', 'SALAZAR', 'JESÚS'),
(81070250, 'IIA', 'PINEDA', 'CARDOSO', 'YASMIN'),
(81070252, 'ISC', 'GUZMÁN', 'IBARRA', 'ALEJANDRA KAREN'),
(81070254, 'ISC', 'MORENO', 'CAMPOS', 'ANA DEYSI'),
(81070261, 'ISC', 'DAZA', 'LÓPEZ', 'GERARDO'),
(81070264, 'IIA', 'PEDRAZA', 'DIMAS', 'ARELY'),
(81070266, 'ISC', 'IBARRA', 'MEJÍA', 'MARCO ANTONIO'),
(81070274, 'ISC', 'GUTIERREZ', 'FRANCISCO', 'CESAR'),
(81070291, 'ISC', 'ORENDA', 'HERNÁNDEZ', 'MARÍA MAGDALENA'),
(81070294, 'IBQ', 'CASTILLO', 'RAMIREZ', 'CAROLINA MAYTE'),
(81070298, 'IIA', 'REYES', 'SÁNCHEZ', 'JORGE IRVING'),
(81070305, 'ISC', 'ROBLES', 'REYES', 'MARIBEL'),
(81070310, 'ISC', 'VALDÉS', 'ACEVEDO', 'MARIO'),
(81070315, 'IIA', 'GARCÉS', 'BARRERA', 'ARELI CRYSTAL'),
(81070317, 'IIA', 'ALBERTO', 'GUTIERREZ', 'JUAN CARLOS'),
(81070327, 'IBQ', 'HERNANDEZ', 'JIMENEZ', 'ALAIN GERARDO'),
(81070328, 'IBQ', 'ORTEGA', 'BALDERAS', 'NANCY YANET'),
(81070331, 'ISC', 'DUQUE', 'ÁLVAREZ', 'SAÚL'),
(81070337, 'IBQ', 'SALCEDO', 'VAZQUEZ', 'GABRIELA'),
(81070340, 'IIA', 'CICILIA', 'MUNDO', 'FABIOLA CRISTINA'),
(81070341, 'IIA', 'CAMACHO', 'MENDOZA', 'ELIZABETH'),
(81070343, 'IIA', 'AGUIRRE', 'RODRÍGUEZ', 'ICEL QUETZALLI'),
(81070344, 'IIA', 'AGUIRRE', 'RODRÍGUEZ', 'ALICIA CITLALLI'),
(81070351, 'ISI', 'GONZÁLEZ', 'PÉREZ', 'MIGUEL ÁNGEL'),
(81070352, 'IGE', 'ARISTEO', 'FLORES', 'ANA ITZEL'),
(81070354, 'ISC', 'ROJAS', 'REYES', 'ESTEBAN EMMANUELLE'),
(81070355, 'IBQ', 'ROMERO', 'OLIVER', 'HUGO'),
(81070363, 'ISC', 'GUTIEREZ', 'ARANDA', 'DANIEL'),
(81070371, 'IGE', 'JIMÉNEZ', 'LÓPEZ', 'FRANCISCO NOEL'),
(81070372, 'IIA', 'MARTÍNEZ', 'BENÍTEZ', 'EDGAR'),
(81070379, 'ISC', 'TAPIA', 'TELLEZ', 'JOANA'),
(81070380, 'ISC', 'ALVARADO', 'BRAVO', 'JESSICA'),
(81070382, 'ISC', 'AGUIRRE', 'MONROY', 'URIEL'),
(81070383, 'IGE', 'AGUIRRE', 'MONROY', 'DANIEL'),
(81070385, 'IIA', 'DELGADO', 'HERNÁNDEZ', 'ADRIÁN'),
(81070387, 'ISC', 'PUEBLA', 'SANTANA', 'ARTEMIO'),
(81070390, 'IIA', 'GONZÁLEZ', 'ALARCÓN', 'JOSÉ LUIS'),
(81070396, 'ISC', 'DIAZ', 'IBARRA', 'MAYRA YAQUELIN'),
(81070397, 'ISC', 'AUDIFFRED', 'FERNANDEZ', 'KAREN IVETTE'),
(81070436, 'IGE', 'OLMOS', 'ORENDA', 'SAÚL IVÁN'),
(81070438, 'ISC', 'OCOTITLA', 'ROBLES', 'MARCO ANTONIO'),
(81070450, 'IIA', 'OLVERA', 'GARCIA', 'YUNUED'),
(91070002, 'ISI', 'ARELLANO', 'CEDILLO', 'JOSÉ MANUEL'),
(91070003, 'ISC', 'BLANCAS', 'BECERRIL', 'JULIETTE YARÚ'),
(91070004, 'IIA', 'CASTAÑEDA', 'RAMOS', 'ADRIANA'),
(91070008, 'IIA', 'DÁVILA', 'MENDOZA', 'MARÍA ALEJANDRA'),
(91070009, 'ISC', 'ESPINOSA', 'RAMÍREZ', 'ROCÍO'),
(91070011, 'ISC', 'GALICIA', 'LOZADA', 'FELIX ALFONSO'),
(91070012, 'ISC', 'GALICIA', 'PERÉZ', 'ROBERTO CARLOS'),
(91070015, 'IBQ', 'GONZAGA', 'SÁNCHEZ', 'JOSÉ GUILLERMO'),
(91070020, 'ISC', 'HERNÁNDEZ', 'ROBLES', 'MARÍA DE LOURDES'),
(91070022, 'ISC', 'IGLESIAS', 'LÓPEZ', 'LEONEL'),
(91070025, 'IIA', 'JUAREZ', 'ISLAS', 'ALFREDO'),
(91070028, 'IBQ', 'MEDINA', 'ORENDA', 'YESICA JUDITH'),
(91070029, 'ISC', 'MELENDEZ', 'RAMOS', 'ALEJANDRO ABRAHAM'),
(91070034, 'ISC', 'PINEDA', 'VIGUERAS', 'CRISTINA'),
(91070035, 'IBQ', 'PINEDA', 'VIGUERAS', 'ISABELA'),
(91070041, 'ISC', 'RIOS', 'MARTINEZ', 'ALAN JOVANI'),
(91070044, 'IBQ', 'SILVERIO', 'GARCÍA', 'OCTAVIANO'),
(91070045, 'IBQ', 'TORRES', 'MANZANARES', 'DAEN ANTONIO'),
(91070046, 'IBQ', 'TORRES', 'MANZANARES', 'LINET'),
(91070056, 'IGE', 'LAZARO', 'PAZ', 'ROSALBA FRANCISCA'),
(91070060, 'ISI', 'ACOSTA', 'JIMENEZ', 'CESAR ISRAEL'),
(91070061, 'IIA', 'AGUILAR', 'GONZAGA', 'ELVYN ALBERTO'),
(91070062, 'ISC', 'AGUILAR', 'HERRERA', 'MARIA EUGENIA'),
(91070064, 'IBQ', 'ALARCÓN', 'PÉREZ', 'ELIZABETH'),
(91070065, 'IBQ', 'ALCANTAR', 'CRUZ', 'NADIA EDITH'),
(91070066, 'IBQ', 'ALMARAZ', 'SALINAS', 'MANUEL'),
(91070068, 'IIA', 'ALTAMIRANO', 'HERRERA', 'ALFREDO'),
(91070069, 'IGE', 'ALVA', 'AGUIILAR', 'AZAEL ANTONIO'),
(91070072, 'ISC', 'ALVAREZ', 'IBARRA', 'SELYE'),
(91070074, 'IBQ', 'ANDRADE', 'SÁNCHEZ', 'OSVALDO'),
(91070077, 'ISC', 'ARIZMENDI', 'BECERRIL', 'ANA'),
(91070078, 'IGE', 'ARREOLA', 'MANZANO', 'ELSA MAYRA'),
(91070089, 'ISI', 'BASURTO', 'ANDRADE', 'VIDAL ISIDRO'),
(91070090, 'IIA', 'BAUTISTA', 'MARTÍNEZ', 'BERENICE'),
(91070091, 'IGE', 'BECERRA', 'CEVADA', 'MIGUEL'),
(91070096, 'ISC', 'BLANCAS', 'FLORES', 'OCTAVIO'),
(91070097, 'ISC', 'BONILLA', 'PEDRAZA', 'GUILLERMO'),
(91070098, 'ISC', 'BONILLA', 'SANDOVAL', 'ALBERTO'),
(91070099, 'ISC', 'BOTELLO', 'RIOJA', 'MARISOL'),
(91070100, 'ISC', 'BRAGADO', 'CASTILLO', 'CESAR'),
(91070101, 'ISI', 'CALDIÑO', 'PIÑA', 'ADRIÁN'),
(91070103, 'ISC', 'CAMPOS', 'ACOSTA', 'ANNEL'),
(91070108, 'IGE', 'CARMONA', 'ALVA', 'MARIO  ALAN'),
(91070112, 'IGE', 'CASTAÑON', 'SANCHEZ', 'CARLOS'),
(91070117, 'ISC', 'CRISTOBAL', 'RAMIREZ', 'LAURA'),
(91070119, 'IBQ', 'CRUZ', 'FRAGA', 'FERNANDO'),
(91070120, 'IGE', 'CRUZ', 'LÓPEZ', 'ARACELI GUADALUPE'),
(91070122, 'ISC', 'CRUZ', 'MEZA', 'JOSE ALFREDO'),
(91070133, 'ISC', 'ESLAVA', 'ALARCÓN', 'ENRIQUE'),
(91070134, 'IBQ', 'ESPÍRITU', 'RAMÍREZ', 'PLACIDO'),
(91070138, 'ISC', 'FLORES', 'ASCENCIO', 'LUIS ANTONIO'),
(91070141, 'IIA', 'FLORES', 'ROMERO', 'ARIANA'),
(91070144, 'ISC', 'FRANCO', 'REYES', 'VÍCTOR SAÚL'),
(91070148, 'ISC', 'GALICIA', 'LOZADA', 'EMMANUEL JAVIER'),
(91070152, 'IBQ', 'GARCÉS', 'CASTELLANOS', 'EDUARDO DAVID'),
(91070160, 'ISC', 'GARCÍA', 'QUIROZ', 'SERGIO DONATO'),
(91070171, 'ISC', 'GUERRERO', 'GARCIA', 'JOSELYN ADRIANA'),
(91070175, 'ISC', 'HERNANDEZ', 'ARELLANO', 'JOSE ALFREDO'),
(91070182, 'ISI', 'HERNÁNDEZ', 'SORIANO', 'JUAN CARLOS'),
(91070185, 'ISI', 'IBARRA', 'CORRALES', 'JOSÉ ARTURO'),
(91070189, 'ISC', 'JACINTO', 'JACINTO', 'ELÍAS'),
(91070191, 'ISC', 'JIMÉNEZ', 'GONZÁLEZ', 'LILIANA'),
(91070199, 'IIA', 'JUAREZ', 'VAZQUEZ', 'EMMANUEL'),
(91070200, 'IGE', 'LEÓN', 'CABAÑAS', 'JOSÉ ARTURO'),
(91070203, 'IBQ', 'LOAEZA', 'MORENO', 'IGNACIO'),
(91070206, 'ISC', 'LÓPEZ', 'PEÑA', 'PERLA AZUCENA'),
(91070207, 'IBQ', 'LÓPEZ', 'SOSA', 'JAVIER'),
(91070208, 'IBQ', 'LOZADA', 'VALDEZ', 'SAMANTHA'),
(91070214, 'ISC', 'MARTINEZ', 'MORAN', 'EDER'),
(91070219, 'IIA', 'MAYEN', 'GONZÁLEZ', 'YURIDIA ANAID'),
(91070222, 'IGE', 'MENDOZA', 'CAMACHO', 'CARLOS'),
(91070231, 'IIA', 'MONTIEL', 'NAVA', 'METZERI'),
(91070232, 'IGE', 'BARRERA', 'VELÁZQUEZ', 'NORMA ANGÉLICA'),
(91070236, 'ISI', 'MUÑOZ', 'JIMÉNEZ', 'DAMARIS'),
(91070242, 'ISI', 'OLIVARES', 'CARRANZA', 'AGUSTÍN TONATHIU'),
(91070246, 'IIA', 'ONTIVEROS', 'HIGAREDA', 'MITZY BELEN'),
(91070251, 'IBQ', 'PALAFOX', 'TORÍZ', 'ARTURO'),
(91070253, 'IIA', 'PARRA', 'LEÓN', 'AZUCENA'),
(91070256, 'IBQ', 'PEÑA', 'MORAL', 'ARACELI'),
(91070262, 'ISC', 'PIEDRA', 'GALICIA', 'IVAN'),
(91070281, 'ISC', 'RODRÍGUEZ', 'MIRANDA', 'LINDA KAREN'),
(91070290, 'IBQ', 'ROJO', 'DE LA CRUZ', 'FELIPE'),
(91070292, 'IGE', 'ROMERO', 'JARDINES', 'JUAN CARLOS'),
(91070294, 'IIA', 'ROMERO', 'NAPOLES', 'ROGELIO'),
(91070295, 'ISC', 'DE LA ROSA', 'MERCADO', 'JULIO CÉSAR'),
(91070296, 'IBQ', 'DE LA ROSA', 'RÍOS', 'ALMA'),
(91070298, 'IGE', 'ROSEY', 'PUEBLA', 'ERIKA ALEJANDRA'),
(91070300, 'IGE', 'RUIZ', 'LÓPEZ', 'DULCE NALLELY'),
(91070309, 'ISC', 'SALGADO', 'CAYETANO', 'EMMANUEL'),
(91070313, 'IIA', 'SÁNCHEZ', 'ORTÍZ', 'JOSÉ LUIS'),
(91070314, 'ISI', 'SÁNCHEZ', 'PADILLA', 'JORGE ARMANDO'),
(91070315, 'IBQ', 'SÁNCHEZ', 'VALLEJO', 'CARLOS OMAR'),
(91070319, 'ISI', 'SANTOS', 'FLORES', 'ERIC'),
(91070321, 'IBQ', 'SILVA', 'GONZALEZ', 'REYNA BEATRIZ'),
(91070326, 'ISC', 'TAPIA', 'TELLEZ', 'PERLA'),
(91070328, 'IIA', 'TORIZ', 'ESPINOZA', 'MARÍA NAYELI'),
(91070329, 'IIA', 'DE LA TORRE', 'JUÁREZ', 'HUETZIN'),
(91070330, 'IGE', 'VALDEZ', 'GONZÁLEZ', 'ERIKA MAGALY'),
(91070336, 'ISC', 'VÁZQUEZ', 'MARTÍNEZ', 'CLAUDIA'),
(91070338, 'IGE', 'VEGA', 'FLORES', 'ISELA'),
(91070342, 'IGE', 'VILLAMAR', 'GALICIA', 'EDUARDO'),
(91070347, 'ISI', 'IBARRA', 'PIÑA', 'ZARAGOZA'),
(91070348, 'IBQ', 'FLORES', 'JACINTO', 'ABRAHAM'),
(101070001, 'IGE', 'ALBINO', 'PÉREZ', 'DANAHE'),
(101070004, 'IGE', 'AZCARRAGA', 'CASTRO', 'MARA ELVIRA'),
(101070008, 'IGE', 'BERROCAL', 'RIVAS', 'MIGUEL'),
(101070009, 'ISI', 'BLANCAS', 'TAPIA', 'SALVADOR'),
(101070010, 'IBQ', 'CAMPOS', 'CUEVAS', 'FILIBERTO ROSENDO'),
(101070011, 'ISI', 'COLÍN', 'SERNA', 'GUADALUPE MAGALI'),
(101070013, 'ISI', 'FELICIANO', 'CARDÓN', 'ALEJANDRO'),
(101070014, 'IBQ', 'FLORES', 'BENÍTEZ', 'ALEJANDRA'),
(101070015, 'IBQ', 'FLORES', 'MÉNDEZ', 'GREGORIO'),
(101070017, 'ISI', 'GALICIA', 'JIMÉNEZ', 'ALEJANDRO'),
(101070019, 'ISI', 'GÓMEZ', 'MEDINA', 'TANIA YERALDIN'),
(101070023, 'ISI', 'IBARRA', 'DEL VALLE', 'MANUEL ARNULFO'),
(101070024, 'IBQ', 'JARDINES', 'CASTOR', 'ESTELA'),
(101070025, 'IGE', 'LÓPEZ', 'ANTÚNEZ', 'CARLOS ERICK'),
(101070027, 'ISI', 'MARÍN', 'SOLARES', 'SIANYA  MARGARITA'),
(101070030, 'IGE', 'MEDINA', 'ACOSTA', 'LIZBETH ARIADNA'),
(101070034, 'IGE', 'MEZA', 'RAMÍREZ', 'CINTHIA'),
(101070035, 'IBQ', 'MIRANDA', 'GARCÍA', 'ABEL'),
(101070036, 'IBQ', 'DEL MONTE', 'CORTES', 'JOSÉ EDUARDO'),
(101070044, 'IGE', 'PEREZ', 'HERNANDEZ', 'IVONNE MAIRA'),
(101070046, 'IGE', 'PINEDA', 'OLMOS', 'RUBEN'),
(101070049, 'ISI', 'RÍOS', 'GARCÍA', 'ADRIÁN'),
(101070050, 'IBQ', 'ROBLES', 'VILLARRUEL', 'ANA LAURA'),
(101070051, 'IGE', 'ROMERO', 'SÁNCHEZ', 'CELENE'),
(101070053, 'IGE', 'ROSAS', 'GALINDO', 'SANDRA'),
(101070055, 'ISI', 'SALINAS', 'GARCÍA', 'FERNANDO'),
(101070056, 'IBQ', 'SAUCEDO', 'MORA', 'MIGUEL ANGEL'),
(101070062, 'ISI', 'MOLINA', 'AVILA', 'CLAUDIA IVETH'),
(101070064, 'ISC', 'PEREZ', 'HERNÁNDEZ', 'ERIC  MARTÍN'),
(101070065, 'IIA', 'AGUAYO', 'SÁNCHEZ', 'CAROLINA'),
(101070067, 'IGE', 'AGUILAR', 'JOSÉ', 'ANTONIO'),
(101070069, 'IBQ', 'AGUIRRE', 'VALENCIA', 'JOSÉ ALBERTO'),
(101070070, 'ISI', 'ALANÍZ', 'ORENDA', 'MARÍA DE LOS ÁNGELES'),
(101070071, 'IGE', 'ALARCÓN', 'CARMONA', 'BEATRIZ ITANDEWY'),
(101070072, 'ISC', 'PÉREZ', 'MARTÍNEZ', 'LUIS ÁNGEL'),
(101070081, 'ISI', 'AYALA', 'RODRÍGUEZ', 'ISAAC'),
(101070082, 'IIA', 'AYALA', 'SOTO', 'ANA VERÓNICA'),
(101070086, 'IGE', 'BERROCAL', 'BUENDIA', 'ITZEL NOEMI'),
(101070087, 'IIA', 'BERROCAL', 'REYES', 'KATIA YESENIA'),
(101070090, 'ISI', 'BLANCO', 'FLORES', 'LUZ MARÍA'),
(101070091, 'IBQ', 'BONILLA', 'FLORES', 'MARICELA'),
(101070093, 'IBQ', 'BOWSER', 'ROJAS', 'SANDRA FABIOLA'),
(101070094, 'ISI', 'BRAMBILA', 'FLORES', 'BRAYAN JAIRO'),
(101070095, 'IIA', 'CABRERA', 'ROJAS', 'VALERIA QUETZALY'),
(101070099, 'IGE', 'CARMONA', 'CASTILLO', 'DULCE  MARLENE'),
(101070103, 'ISI', 'CASTILLO', 'FLORES', 'ZAIRA'),
(101070104, 'IIA', 'CASTILLO', 'SOLANO', 'ANA LIDIA'),
(101070107, 'ISI', 'COLIN', 'AMAYA', 'MIRIAN'),
(101070113, 'ISI', 'CRUZ', 'CARDOSO', 'JOSÉ ALBERTO'),
(101070115, 'IBQ', 'CRUZ', 'GUTIERREZ', 'MARÍA ELIZABETH'),
(101070117, 'IGE', 'CRUZ', 'HERNÁNDEZ', 'PATRICIA'),
(101070119, 'IGE', 'CRUZ', 'RANGEL', 'LILIA'),
(101070125, 'ISI', 'DÍAZ', 'CASTELLANOS', 'ADRIAN'),
(101070128, 'ISI', 'EMIGDIO', 'CORTES', 'RUBEN'),
(101070131, 'ISI', 'ESQUIVEL', 'CANO', 'ÁNGEL'),
(101070132, 'ISI', 'FARIAS', 'SÁNCHEZ', 'FEDERICO'),
(101070134, 'ISI', 'FERNÁNDEZ', 'PEREZ', 'SAMUEL ENRIQUE'),
(101070136, 'ISI', 'FLORES', 'ISAAC', 'ARMANDO'),
(101070137, 'IGE', 'FLORES', 'MOLINA', 'YAMEL LILLANS'),
(101070140, 'IGE', 'FLORES', 'ROMERO', 'FABIOLA'),
(101070145, 'IGE', 'GALICIA', 'MUÑOZ', 'FABIOLA'),
(101070148, 'IBQ', 'GALINDO', 'JIMÉNEZ', 'LORENA YOLOXOCHITL'),
(101070149, 'IIA', 'GALLARDO', 'VENEGAS', 'LAURA SAYURI'),
(101070150, 'IGE', 'GARCÍA', 'CRUZ', 'ARIADNA ITZEL'),
(101070153, 'IGE', 'GARCÍA', 'MARTÍNEZ', 'MARÍA ESTELA'),
(101070154, 'IBQ', 'GARCÍA', 'ORENDA', 'JUAN LUIS'),
(101070155, 'ISI', 'GARCÍA', 'PICHARDO', 'REBECA'),
(101070157, 'IGE', 'GARCÍA', 'TEJEDA', 'NAYELI'),
(101070159, 'ISI', 'GARCÍA', 'OLVERA', 'FERNANDO'),
(101070161, 'IGE', 'GÓMEZ', 'GONZAGA', 'SULEYMA STEFFANY'),
(101070162, 'IGE', 'GÓMEZ', 'OLMOS', 'LAURA'),
(101070163, 'IBQ', 'GÓMEZ', 'VANEGAS', 'ADRIAN'),
(101070167, 'IBQ', 'GONZÁLEZ', 'ABREO', 'GLENDA ABIGAIL'),
(101070174, 'ISI', 'GUTIÉRREZ', 'RODRÍGUEZ', 'BERNABÉ'),
(101070176, 'ISI', 'GUZMÁN', 'VILLA', 'EDGAR ADRIÁN'),
(101070177, 'IGE', 'HERNANDEZ', 'BERROCAL', 'MARIA DEL CARMEN'),
(101070178, 'ISI', 'HERNÁNDEZ', 'GUADARRAMA', 'MARCO ANTONIO'),
(101070179, 'ISI', 'HERNÁNDEZ', 'JUÁREZ', 'DAVID'),
(101070182, 'ISI', 'HERNÁNDEZ', 'RAMÍREZ', 'YARELY'),
(101070183, 'IGE', 'HERNÁNDEZ', 'SÁNCHEZ', 'JAZMÍN'),
(101070187, 'ISI', 'IBARRA', 'PEÑA', 'ELLI AMALINALLI'),
(101070191, 'IIA', 'ISLA', 'ALFEREZ', 'ANDREA AYONECTILI'),
(101070192, 'IIA', 'JIMENEZ', 'GARCÍA', 'MERCEDES'),
(101070193, 'ISI', 'JIMÉNEZ', 'SANTIAGO', 'BENJAMÍN'),
(101070194, 'IBQ', 'JIMÉNEZ', 'SANTIAGO', 'JUDITH'),
(101070197, 'ISI', 'LLANOS', 'MARTÍNEZ', 'HECTOR'),
(101070198, 'ISI', 'LÓPEZ', 'CUEVAS', 'ITZEL VIRIDIANA'),
(101070199, 'IBQ', 'LOZADA', 'SALAZAR', 'ZAIRA ARIADNA'),
(101070201, 'ISI', 'MARQUEZ', 'ROSAS', 'VICTOR ABEL'),
(101070204, 'ISI', 'MARTÍNEZ', 'GONZALEZ', 'OMAR YAIR'),
(101070208, 'IIA', 'MARTÍNEZ', 'VARGAS', 'JANET'),
(101070213, 'ISI', 'MEDINA', 'SALGADO', 'ILEAN'),
(101070214, 'IGE', 'MEDRANO', 'RAMÍREZ', 'ANA CLARA IVON'),
(101070215, 'ISI', 'MELO', 'MENDEZ', 'MARCO ANTONIO'),
(101070216, 'IGE', 'MENDOZA', 'GARCÍA', 'CLAUDIA ANGÉLICA'),
(101070217, 'ISI', 'MENDOZA', 'GARCÍA', 'EDNITA'),
(101070220, 'ISI', 'MERMEJO', 'CHAVEZ', 'ARIANA'),
(101070222, 'IGE', 'MEZA', 'MARQUEZ', 'MIRIAM ESTEFANI'),
(101070226, 'ISI', 'MONROY', 'GARCÍA', 'EDUARDO'),
(101070228, 'IBQ', 'MONTES', 'ROJAS', 'MARIA GUADALUPE'),
(101070230, 'IGE', 'MORENO', 'RAMÍREZ', 'SANTIAGO'),
(101070235, 'ISI', 'NUÑEZ', 'GONZALEZ', 'MIGUEL NAIN'),
(101070236, 'IGE', 'OLMOS', 'ORENDA', 'JORGE LUIS'),
(101070238, 'ISI', 'ORDOÑEZ', 'CORTES', 'ABIGAEL'),
(101070242, 'IGE', 'PERALTA', 'GONZÁLEZ', 'PRISMA DOLLI'),
(101070244, 'ISI', 'PÉREZ', 'TOLENTINO', 'LAZARO'),
(101070246, 'IBQ', 'PEREZ', 'BECERRIL', 'MITZI PAOLA'),
(101070252, 'ISI', 'RANGEL', 'BOLAÑOS', 'KARLA TERESA'),
(101070253, 'ISI', 'RIVAS', 'LLANOS', 'MARÍA DE LOS ÁNGELES'),
(101070254, 'ISI', 'ROBLES', 'JUÁREZ', 'JESÚS'),
(101070255, 'IGE', 'RODRÍGUEZ', 'GERARDO', 'ALEJANDRO'),
(101070259, 'ISI', 'ROJAS', 'CORTES', 'VÍCTOR EDUARDO'),
(101070260, 'IBQ', 'ROLDÁN', 'SÁNCHEZ', 'JESÚS ALBERTO'),
(101070261, 'IIA', 'ROMERO', 'ALTAMIRANO', 'CANDY IRAIS'),
(101070266, 'IGE', 'ROSAS', 'ESTRADA', 'MARIBEL'),
(101070268, 'IGE', 'RUIZ', 'CRUZ', 'ROMAN RODRIGO'),
(101070269, 'IGE', 'RUIZ', 'LUIS', 'MAGDA KARINA'),
(101070272, 'ISI', 'SALAZAR', 'MOLINA', 'JORGE'),
(101070275, 'IGE', 'SÁNCHEZ', 'LEÓN', 'DIEGO'),
(101070276, 'IGE', 'SÁNCHEZ', 'LEÓN', 'KARINA'),
(101070277, 'ISI', 'SÁNCHEZ', 'PÉREZ', 'BENJAMIN ALEJANDRO'),
(101070279, 'ISI', 'SANDOVAL', 'MORALES', 'RAFAEL'),
(101070280, 'ISI', 'SANTIAGO', 'PATRICIO', 'MARIBEL'),
(101070281, 'IIA', 'SERRANO', 'MEDINA', 'MARÍA DE LOURDES'),
(101070282, 'ISI', 'SERRATOS', 'OSORIO', 'JOSÉ ALBERTO'),
(101070284, 'IIA', 'SOLIS', 'ZAVALA', 'YURIDIA STEFANNY'),
(101070285, 'IGE', 'SOSA', ' CASTILLO', 'JOSÉ DE JESÚS'),
(101070287, 'IIA', 'TAPIA', 'MARTÍNEZ', 'BRENDA'),
(101070288, 'IIA', 'TORRES', 'APARICIO', 'NONANTZIN'),
(101070291, 'IGE', 'TREJO', 'JUÁREZ', 'PAMELA'),
(101070293, 'IIA', 'URIBE', 'ZEBADUA', 'DOLORES GUADALUPE'),
(101070297, 'ISI', 'VANEGAS', 'CASTILLO', 'ULISES'),
(101070299, 'ISI', 'VARGAS', 'ROSAS', 'MARIO ADOLFO'),
(101070300, 'ISI', 'VÁZQUEZ', 'LUCIANO', 'ALDO DANIEL'),
(101070301, 'IBQ', 'VAZQUEZ', 'LUCIANO', 'ANA VALERIA'),
(101070302, 'ISI', 'VÁZQUEZ', 'RAMÍREZ', 'LUIS FELIPE'),
(101070303, 'ISI', 'VÁZQUEZ', 'REYES', 'LUCIA ISABEL'),
(101070305, 'IGE', 'VELÁZQUEZ', 'HERNÁNDEZ', 'SERGIO'),
(101070313, 'ISI', 'ZENDEJAS', 'BARRERA', 'ALDO WILLIAMS'),
(101070314, 'ISI', 'ZUNO', 'RICARDO', 'JUAN MANUEL'),
(101070315, 'IGE', 'ZUÑIGA', 'MANZANARES', 'VALERIA'),
(101070316, 'ISI', 'GALICIA', 'CHÁVEZ', 'JESSICA JARAGUI'),
(101070317, 'ISI', 'ALANIS', 'SALAZAR', 'DENISE'),
(101070319, 'IBQ', 'ARROYO', 'SANCHEZ', 'YOASMIN CARINA'),
(101070321, 'ISI', 'BECERRIL', 'BECERRIL', 'JUAN CARLOS'),
(101070322, 'IGE', 'CONTRERAS', 'NERI', 'KAREN MAGALY'),
(101070325, 'IGE', 'ESLAVA', 'FLORES', 'VICTOR'),
(101070329, 'IBQ', 'GONZÁLEZ', 'GOMEZ', 'ABDEEL ISAI'),
(101070330, 'IGE', 'GUTIÉRREZ', 'CRUZ', 'CONSUELO'),
(101070335, 'IBQ', 'MARTÍNEZ', 'ROSAS', 'VICTOR'),
(101070336, 'IGE', 'MEZA', 'ARISTEO', 'MARÍA GUADALUPE'),
(101070337, 'IBQ', 'MEZA', 'NEGRETE', 'JOSE DAVID'),
(101070339, 'IGE', 'OLVERA', 'AVELINO', 'MARIA ESTHER'),
(101070345, 'IGE', 'RAMÍREZ', 'PÉREZ', 'RICARDO'),
(101070349, 'IBQ', 'RODRIGUEZ', 'LABASTIDA', 'JOSÉ EDUARDO'),
(101070350, 'ISI', 'RORÍGUEZ', 'PÉREZ', 'JOSÉ MARTÍN'),
(101070352, 'IIA', 'ROJAS', 'RAMIREZ', 'ANALLELY'),
(101070359, 'IBQ', 'ZETINA', 'DE LA ROSA', 'ANTONIO'),
(101070360, 'IBQ', 'ZETINA', 'DE LA ROSA', 'MARIA DE JESÚS'),
(101070361, 'IGE', 'CRUZ', 'MENDOZA', 'LUIS MIGUEL'),
(101070366, 'IBQ', 'ORENDA', 'NAPOLES', 'RAÚL'),
(101070368, 'ISI', 'PEREDA', 'MARTÍNEZ', 'MACLOVIO'),
(101070369, 'IBQ', 'RAMÍREZ', 'FLORES', 'ITZEL'),
(101070372, 'ISI', 'ARROYO', 'TORRES', 'KATIA NOEMI'),
(110170189, 'IGE', 'FUENTES', 'VILLAMAR', 'ANGÉLICA'),
(111070001, 'IGE', 'AGUILERA', 'LÓPEZ', 'GABRIEL'),
(111070003, 'IBQ', 'ARROYO', 'ENCARNACIÓN', 'NEFTALY RICARDO'),
(111070005, 'IGE', 'CORTES', 'HERNÁNDEZ', 'JUAN CARLOS'),
(111070007, 'ISI', 'BADILLO', 'FONSECA', 'RICARDO'),
(111070008, 'IIA', 'BASULTO', 'MANDUJANO', 'ROSA MARIA'),
(111070009, 'ISI', 'CAPULTITLA', 'FRANCISCO', 'CUAUHTEMOC'),
(111070011, 'ISI', 'CASTILLO', 'BRAVO', 'SANDRA'),
(111070013, 'ISI', 'CENTENO', 'GONZALEZ', 'MARIA PERLA'),
(111070014, 'ISI', 'CHAVEZ', 'CRUZ', 'ELEAZAR'),
(111070015, 'IGE', 'CRUZ', 'HERNANDEZ', 'BERTIN'),
(111070018, 'ISI', 'ENRIQUEZ', 'RODRÍGUEZ', 'ALEJANDRO'),
(111070019, 'ISI', 'ESCORCIA', 'SAN PEDRO', 'GREGORIO'),
(111070023, 'ISI', 'FLORES', 'OROZCO', 'LUIS'),
(111070024, 'ISI', 'FLORES', 'SÁNCHEZ', 'SERGIO LUIS'),
(111070025, 'IIA', 'GALINDO', 'GALLEGOS', 'LETICIA NAYELLY'),
(111070027, 'ISI', 'GARCÍA', 'ESCORZA', 'SERGIO ABEL'),
(111070028, 'IGE', 'GARCÍA', 'GARCÍA', 'EDGAR'),
(111070032, 'ISI', 'GÓMEZ', 'HERNÁNDEZ', 'MIGUEL ÁNGEL'),
(111070035, 'ISI', 'GRANADOS', 'GARCÍA', 'PEDRO ALFONSO'),
(111070036, 'ISI', 'GUTIÉRREZ', 'GARCÍA', 'ARTEMIO'),
(111070038, 'ISI', 'HERNÁNDEZ', 'CRUZ', 'RAFAEL'),
(111070039, 'ISI', 'HERNÁNDEZ', 'JIMÉNEZ', 'VERÓNICA'),
(111070042, 'IGE', 'JIMÉNEZ', 'LÓPEZ', 'STEPHANIE JANNET'),
(111070043, 'IIA', 'JOAQUIN', 'CORTES', 'TANIA ELIZABETH'),
(111070044, 'ISI', 'LARA', 'GARCIA', 'ADIB'),
(111070046, 'IBQ', 'LOPEZ', 'JARQUIN', 'NOEMI'),
(111070047, 'ISI', 'LÓPEZ', 'LÓPEZ', 'ELIEZER'),
(111070049, 'ISI', 'MATEROLA', 'FLORES', 'VICTOR JESUS'),
(111070050, 'IGE', 'MARIANO', 'PÉREZ', 'JAZMÍN'),
(111070058, 'IGE', 'MUÑIZ', 'AGUILAR', 'KARLA'),
(111070059, 'ISI', 'NÁPOLES', 'LÓPEZ', 'BEATRÍZ'),
(111070061, 'IGE', 'NAVARRO', 'MIRANDA', 'XOCHITL IRIACEMA'),
(111070062, 'IGE', 'NÚÑEZ', 'ROBLES', 'DONOVAN GERARDO'),
(111070065, 'ISI', 'ORDOÑEZ', 'FLORES', 'JOSÉ TONATIUH'),
(111070066, 'ISI', 'ORTIZ', 'SALDIVAR', 'OSCAR ROGELIO'),
(111070067, 'ISI', 'PACHECO', 'ANTONIO', 'ANA DELIA'),
(111070071, 'ISI', 'PÉREZ', 'MEMBRILLO', 'OSDY NEFTALÍ'),
(111070072, 'ISI', 'PÉREZ', 'MARTÍNEZ', 'LUIS ÁNGEL'),
(111070073, 'IBQ', 'PEREZ', 'MARTÍNEZ', 'PEDRO ERICK'),
(111070077, 'IGE', 'RODRIGUEZ', 'RANGEL', 'NORA ALEJANDRA'),
(111070078, 'IBQ', 'ROLDAN', 'SANCHEZ', 'IVET'),
(111070080, 'ISI', 'ROMERO', 'MARTÍNEZ', 'SANTIAGO'),
(111070081, 'IBQ', 'ROSAS', 'SAN PABLO', 'JUAN PABLO'),
(111070085, 'IBQ', 'SANTIAGO', 'GARCÍA', 'MARILÚ'),
(111070086, 'ISI', 'SUÁREZ', 'GARCÉS', 'JOSÉ ALBERTO'),
(111070090, 'ISI', 'VELÁSCO', 'GÓMEZ', 'ÁNGEL JOAQUÍN'),
(111070093, 'IIA', 'ZARATE', 'COLLAZO', 'SERGIO JESUS'),
(111070094, 'IGE', 'ZENTENO', 'CHÁVEZ', 'MÓNICA'),
(111070096, 'IIA', 'CRUZ', 'ROJAS', 'JOVANNI'),
(111070101, 'IGE', 'MOLINA', 'OLIVARES', '0'),
(111070102, 'IGE', 'ABAD', 'MORAN', 'JOSÉ RIGOBERTO'),
(111070104, 'IBQ', 'ACEVEDO', 'PEREZ', 'JESÚS'),
(111070105, 'ISI', 'ACEVEDO', 'VALDEZ', 'JOSE ARMANDO'),
(111070106, 'IGE', 'AGUILAR', 'ALVARADO', 'JAZMIN'),
(111070107, 'ISI', 'ALAMO', 'RAMIREZ', 'IREL MONSERRAT'),
(111070109, 'ISI', 'ALDAMA', 'RAMIREZ', 'VICTOR HUGO'),
(111070110, 'IBQ', 'ALONSO', 'HERNANDEZ', 'ISSAC ABRAHAM'),
(111070111, 'IGE', 'ALVARADO', 'PATIÑO', 'MIGUEL'),
(111070112, 'IBQ', 'ANDRES', 'DELGADO', 'BRENDA ALEJANDRA'),
(111070113, 'ISI', 'ANDRES', 'ROSAS', 'MARIA DEL CARMEN'),
(111070115, 'ISI', 'AQUIAHUATL', 'ORTEGA', 'ANDRES FERNANDO'),
(111070116, 'IBQ', 'ARELLANO', 'MONTES', 'DIEGO ADRIAN'),
(111070117, 'ISI', 'ARRIAGA', 'CADENA', 'ELIZABETH'),
(111070118, 'ISI', 'ARRIAGA', 'CADENA', 'LUIS EDGAR'),
(111070119, 'IGE', 'ARRIAGA', 'IBARRA', 'MARIELA'),
(111070120, 'IIA', 'ARZOLA', 'SANCHEZ', 'BENJAMIN TONATHIU'),
(111070121, 'IGE', 'AVELINO', 'MONCAYO', 'SAMANTHA'),
(111070122, 'ISI', 'BAEZ', 'LORENZO', 'JAIR FIDEL'),
(111070124, 'IGE', 'BARRIOS', 'MAYA', 'ROSA MARÍA'),
(111070125, 'IIA', 'BAUTISTA', 'GALICIA', 'JOSÉ ALBERTO'),
(111070126, 'ISI', 'BAZALDÚA', 'SALAZAR', 'JERSON ISMAEL'),
(111070127, 'IBQ', 'BERMUDEZ', 'CAÑEDO', 'BETSABE'),
(111070129, 'ISI', 'BRAULIO', 'FLORES', 'LUIS EDUARDO'),
(111070130, 'IIA', 'BUSTAMANTE', 'CEDILLO', 'GENIFER'),
(111070131, 'IIA', 'BUSTAMANTE', 'PÉREZ', 'NOHEMI'),
(111070132, 'ISI', 'BUSTAMANTE', 'HERNÁNDEZ', 'IRVIN YAIR'),
(111070133, 'IBQ', 'CALDIÑO', 'VEGA', 'RAIZA'),
(111070134, 'IBQ', 'CAMACHO', 'HURTADO', 'EMMANUEL'),
(111070136, 'ISI', 'CAMARILLO', 'RAMIREZ', 'SUSANA LIZBETH'),
(111070138, 'ISI', 'CAMPOS', 'RODRÍGUEZ', 'ANA BELEM'),
(111070139, 'IGE', 'CARMONA', 'GÓMEZ', 'ANA MARÍA'),
(111070140, 'IGE', 'CARMONA', 'LÓPEZ', 'JESÚS'),
(111070141, 'IGE', 'CASTILLO', 'FLORES', 'ERICK DELFINO'),
(111070142, 'IGE', 'CASTILLO', 'HERNANDEZ', 'JOSÉ LUIS'),
(111070145, 'IBQ', 'CHAVARO', 'MARTINEZ', 'MARIA ISABEL'),
(111070146, 'IIA', 'CHAVEZ', 'MARTÍNEZ', 'DULCE JOCELYN'),
(111070147, 'ISI', 'CHAVEZ', 'VILLA', 'JAEL  ANTONIO'),
(111070148, 'IIA', 'CHAVIRA', 'PALMA', 'ALLAN ANTONIO'),
(111070149, 'IBQ', 'CHIMALPOPOCA', 'BERMUDEZ', 'CHRYSTIAN'),
(111070150, 'IBQ', 'CORRALES', 'CHAVEZ', 'MITZY'),
(111070151, 'IBQ', 'CRUZ', 'LÓPEZ', 'GERARDO'),
(111070152, 'ISI', 'CRUZ', 'LÓPEZ', 'JUAN ALBERTO'),
(111070155, 'ISI', 'CRUZ', 'ROSALES', 'EDUARDO'),
(111070156, 'ISI', 'DAVILA', 'PALAFOX', 'ABIGAIL MIRIAM'),
(111070157, 'IGE', 'DEL ÁNGEL', 'ZAVALA', 'MARCO ANTONIO'),
(111070158, 'IBQ', 'DEL MONTE', 'CORTES', 'MARIA DE LA CRUZ'),
(111070159, 'IBQ', 'DEL MONTE', 'REYES', 'ANAYANTZIN'),
(111070160, 'IGE', 'DEL VALLE', 'RUBIO', 'ELIZABETH'),
(111070161, 'ISI', 'DEL VALLE', 'VELAZQUEZ', 'JOAQUIN'),
(111070162, 'IBQ', 'DÍAZ', 'HERNÁNDEZ', 'DANAHE'),
(111070163, 'IBQ', 'DIAZ', 'JUAREZ', 'ITZEL ADELINA'),
(111070166, 'IIA', 'DOMÍNGUEZ', 'HERNÁNDEZ', 'LIZET'),
(111070169, 'IGE', 'ENCISO', 'CORDERO', 'GUADALUPE'),
(111070170, 'IBQ', 'ESCOBAR', 'RODRIGUEZ', 'ISRAEL ISAI'),
(111070172, 'IGE', 'ESTRADA', 'FLORES', 'REBECA'),
(111070173, 'IGE', 'EULOGIO', 'BAUTISTA', 'JAZMÍN GUADALUPE'),
(111070174, 'ISI', 'FAJARDO', 'OSEGUERA', 'MARCOS'),
(111070175, 'ISI', 'FAJARDO', 'QUIJANO', 'ALFREDO'),
(111070176, 'ISI', 'FARÍAS', 'BAUTISTA', 'ANDRÉS'),
(111070177, 'ISI', 'FERRER', 'HERRERA', 'ALEXIS'),
(111070179, 'ISI', 'FLORES', 'DIMINGUEZ', 'ALEXE'),
(111070180, 'ISI', 'FLORES', 'HERNÁNDEZ', 'HECTOR HAIR'),
(111070181, 'IIA', 'FLORES', 'JIMÉNEZ', 'GIOVANNA YETLANEZI'),
(111070182, 'IGE', 'FLORES', 'MEZA', 'DAVID'),
(111070183, 'IBQ', 'FLORES', 'SILVERIO', 'MANUEL ANTONIO'),
(111070184, 'ISI', 'FLORES', 'SOLÍS', 'RAÚL'),
(111070186, 'ISI', 'FUENTES', 'AGUSTIN', 'JUAN CARLOS'),
(111070187, 'ISI', 'FUENTES', 'ALBARRAN', 'ROGELIO'),
(111070188, 'IGE', 'FUENTES', 'OLVERA', 'HECTOR RODRIGO'),
(111070189, 'IGE', 'FUENTES', 'VILLAMAR', 'ANGÉLICA'),
(111070192, 'IGE', 'GARCES', 'MEDINA', 'JUAN DIEGO'),
(111070193, 'IGE', 'GARCÍA', 'GARCÍA', 'BEATRIZ AMALIA'),
(111070195, 'IBQ', 'GARCIA', 'MARTINEZ', 'JOSE ANTONIO'),
(111070196, 'IGE', 'GARCÍA', 'TÉLLEZ', 'MARICRUZ'),
(111070197, 'IIA', 'GONZÁLEZ', 'BOBADILLA', 'YESSICA MITZI'),
(111070198, 'ISI', 'GONZÁLEZ', 'CRUZ', 'GUSTAVO'),
(111070200, 'IGE', 'GONZALEZ', 'LLANOS', 'CELESTE'),
(111070201, 'IBQ', 'GONZÁLEZ', 'MALDONADO', 'CITLALI'),
(111070202, 'ISI', 'GONZÁLEZ', 'MEJÍA', 'DAVID'),
(111070204, 'ISI', 'GUERRERO', 'PEREZ', 'EDGAR'),
(111070205, 'IGE', 'GUERRERO', 'SANTIAGO', 'MARIA LUISA'),
(111070206, 'ISI', 'GUTIERREZ', 'ROMERO', 'FRANCISCO ROMARIO'),
(111070207, 'IIA', 'GUZMÁN', 'DE LA ROSA', 'VIRIDIANA'),
(111070208, 'ISI', 'HERNÁNDEZ', 'DEHENA', 'DANIEL ALEJANDRO'),
(111070210, 'ISI', 'HERNÁNDEZ', 'MANCILLA', 'CRISTIAN RAUL'),
(111070211, 'IIA', 'HERNÁNDEZ', 'PACHECO', 'CRISTIAN'),
(111070213, 'IBQ', 'HERNANDEZ', 'ROQUE', 'JESSICA'),
(111070214, 'ISI', 'HERNÁNDEZ', 'SANTILLÁN', 'GREGORIO ALBERTO'),
(111070215, 'IGE', 'HERRERA', 'GALINDO', 'DANIEL'),
(111070216, 'ISI', 'HUERTA', 'CASTRO', 'SAMUEL ANTONIO'),
(111070217, 'IBQ', 'HUERTA', 'VENEGAS', 'SAÚL ALEJANDRO'),
(111070219, 'IIA', 'IBAÑEZ', 'JIMÉNEZ', 'NIDIA'),
(111070220, 'IGE', 'IBARRA', 'MORALES', 'JESÚS ALAN'),
(111070221, 'IIA', 'ISLAS', 'HERNÁNDEZ', 'JORGE GUILLERMO'),
(111070222, 'ISI', 'JACINTO', 'LOPEZ', 'MARIA ESTHER'),
(111070223, 'IBQ', 'JIMÉNEZ', 'FLORES', 'MARÍA MERCEDES'),
(111070224, 'IBQ', 'JIMÉNEZ', 'GONZÁLEZ', 'GUILLERMO ABEL'),
(111070227, 'IGE', 'LAUREL', 'LAUREL', 'RODRIGO'),
(111070228, 'IGE', 'LERMA', 'CAZARES', 'LAURA CRISTINA'),
(111070230, 'IGE', 'LÓPEZ', 'MOLINA', 'CARLOS ALBERTO'),
(111070231, 'IGE', 'LÓPEZ', 'OLVERA', 'DIANA ELENA'),
(111070233, 'IBQ', 'LÓPEZ', 'RODRÍGUEZ', 'MARITZA'),
(111070234, 'ISI', 'LOPEZ', 'ROQUE', 'JOSE'),
(111070235, 'IBQ', 'LÓPEZ', 'SORIANO', 'GUADALUPE LIZANIA'),
(111070236, 'ISI', 'LÓPEZ', 'TORRES', 'CONSTANTINO'),
(111070237, 'IGE', 'MACEDO', 'ZAVALA', 'JOSÉ DAVID'),
(111070238, 'ISI', 'MACIAS', 'BECERRIL', 'FRANCISCO ESTEBAN'),
(111070239, 'ISI', 'MANZO', 'ALMAZÁN', 'SELENE PAMELA'),
(111070240, 'IGE', 'MARTÍNEZ', 'BASTIDA', 'HUGO'),
(111070241, 'IIA', 'MARTÍNEZ', 'CALZADA', 'LAURA ALEJANDRA'),
(111070242, 'IIA', 'MARTÍNEZ', 'FLORES', 'LAURA BERENICE'),
(111070243, 'ISI', 'MARTÍNEZ', 'GARCÍA', 'DULCE'),
(111070244, 'ISI', 'MARTÍNEZ', 'GARCÍA', 'FERNANDO AUGUSTO'),
(111070245, 'IGE', 'MARTINEZ', 'GARCÍA', 'MARCO ANTONIO'),
(111070246, 'IIA', 'MARTÍNEZ', 'GARCIA', 'MONICA ROCIO'),
(111070247, 'IGE', 'MARTÍNEZ', 'GARCÍA', 'VERONICA'),
(111070248, 'ISI', 'MARTÍNEZ', 'GOVEA', 'GUSTAVO'),
(111070249, 'IGE', 'MARTÍNEZ', 'OLVERA', 'VICENTE'),
(111070250, 'IBQ', 'MARTÍNEZ', 'PERALTA', 'FABIOLA'),
(111070252, 'IIA', 'MARTÍNEZ', 'TREJO', 'BLANCA LEONILA'),
(111070253, 'ISI', 'MEDINA', 'GARCÍA', 'REY DAVID'),
(111070254, 'ISI', 'MEDINA', 'HERNÁNDEZ', 'ERIDANY GAMALIEL'),
(111070255, 'ISI', 'MEDINA', 'OLVERA', 'LAURA ALICIA'),
(111070256, 'IBQ', 'MEDINA', 'VELÁZQUEZ', 'NOEMI HACIBE'),
(111070257, 'IGE', 'MELENDEZ', 'MARTÍNEZ', 'ARACELI'),
(111070258, 'IIA', 'MENDEZ', 'FLORES', 'RODRIGO'),
(111070260, 'ISI', 'MENDOZA', 'AMAYA', 'ANTONIO DE JESÚS'),
(111070261, 'IGE', 'MENDOZA', 'MEZA', 'ANA LIDIA'),
(111070262, 'IGE', 'MENDOZA', 'RODRIGUEZ', 'JESSICA'),
(111070263, 'ISI', 'MENDOZA', 'VILLAMAR', 'ISSAC'),
(111070265, 'IGE', 'MIRÓN', 'ROMÁN', 'JUAN'),
(111070267, 'IGE', 'MOLINA', 'SOLARES', 'JESÚS DANIEL'),
(111070268, 'IGE', 'MONROY', 'GÓMEZ', 'MATUZALEM'),
(111070269, 'ISI', 'MORA', 'MEDINA', 'IVAN MISAEL'),
(111070270, 'IBQ', 'MORALES', 'HERNÁNDEZ', 'BEATRIZ GABRIELA'),
(111070273, 'IGE', 'MUNDO', 'HERNÁNDEZ', 'THANIA VERENICE'),
(111070275, 'IGE', 'NAVA', 'VERTIZ', 'KAREN'),
(111070276, 'ISI', 'NAVARRO', 'VILLA', 'EMMANUEL DE JESÚS'),
(111070277, 'IBQ', 'NICOLAS', 'GONZÁLEZ', 'ERNESTO ALONSO'),
(111070278, 'IGE', 'NUÑEZ', 'DURÁN', 'MARITZA'),
(111070279, 'IBQ', 'OJEDA', 'BAUTISTA', 'JORGE ALFONSO'),
(111070280, 'ISI', 'OLIVARES', 'MEDINA', 'YANELI'),
(111070281, 'ISI', 'OLIVER', 'TORRES', 'IRVIN QUELVIN'),
(111070283, 'ISI', 'OLVERA', 'ORTÍZ', 'JUAN'),
(111070284, 'ISI', 'OLVERA', 'REZA', 'IGNACIO'),
(111070285, 'IIA', 'ORENDA', 'OROBIO', 'YAZMIN CECILIA'),
(111070286, 'ISI', 'OROZCO', 'OLVERA', 'MÓNICA'),
(111070288, 'IGE', 'OSORIO', 'GARCÍA', 'IRMA KARINA'),
(111070289, 'IGE', 'PADILLA', 'GUTIRREZ', 'ALEJANDRO'),
(111070290, 'IBQ', 'PAZ', 'CUEVAS', 'ALMA VERENICE'),
(111070291, 'IIA', 'PEÑA', 'CORDERO', 'SERGIO'),
(111070294, 'IGE', 'PÉREZ', 'MEZA', 'JOEL'),
(111070295, 'IGE', 'PÉREZ', 'OLIVARES', 'JUAN URIEL'),
(111070297, 'IGE', 'PÉREZ', 'SÁNCHEZ', 'EVELYN'),
(111070300, 'ISI', 'PIÑA', 'OSORIO', 'DIANA MARÍA'),
(111070301, 'ISI', 'PIÑA', 'OSORIO', 'OMAR ANTONIO'),
(111070302, 'ISI', 'PIÑA', 'SAN GERMÁN', 'PABLO'),
(111070303, 'IBQ', 'RAMÍREZ', 'CALDIÑO', 'KARLA IVONNE'),
(111070304, 'IGE', 'RAMÍREZ', 'CARRERA', 'DAVID EMMANUEL'),
(111070305, 'IGE', 'RAMÍREZ', 'DURAN', 'ROXANA AIRY'),
(111070306, 'IGE', 'RAMÍREZ', 'FLORES', 'HÉCTOR'),
(111070307, 'ISI', 'RAMÍREZ', 'TOLEDO', 'JOSÉ ROBERTO'),
(111070308, 'ISI', 'RAMOS', 'LIÉVANOS', 'OCTAVIO'),
(111070309, 'IBQ', 'RENDÓN', 'BIRRICHAGA', 'ANA REYNA'),
(111070310, 'IGE', 'RETANA', 'GALICIA', 'SARILÚ'),
(111070311, 'IGE', 'REYES', 'FLORES', 'DIEGO FELIPE'),
(111070312, 'IGE', 'REYNA', 'LOZADA', 'ANGELICA'),
(111070313, 'IIA', 'RIVERA', 'GARCIA', 'MARCOS JOEL'),
(111070314, 'IBQ', 'ROBLES', 'MARTÍNEZ', 'CAROLINA ALICIA'),
(111070315, 'IGE', 'RODRIGUEZ', 'DE LA ROSA', 'ROBERTA'),
(111070316, 'IIA', 'RODRÍGUEZ', 'GONZÁLEZ', 'LUIS ALBERTO'),
(111070317, 'ISI', 'RODRIGUEZ', 'HERNANDEZ', 'CARLOS AMADOR'),
(111070318, 'IGE', 'RODRÍGUEZ', 'RADA', 'DIANA GABRIELA'),
(111070319, 'IGE', 'ROJAS', 'CRUZ', 'LUZ ADRIANA'),
(111070320, 'IIA', 'ROJAS', 'RESENDIZ', 'LUIS VICENTE'),
(111070321, 'ISI', 'ROMERO', 'GALICIA', 'MARÍA DEL ROCÍO'),
(111070322, 'IIA', 'ROMERO', 'RODRÍGUEZ', 'LUIS ALBERTO'),
(111070323, 'ISI', 'ROQUE', 'JIMÉNEZ', 'JOSÉ SAÚL'),
(111070324, 'IBQ', 'ROSALES', 'ESTRADA', 'DANIEL'),
(111070325, 'ISI', 'ROSALES', 'LEÓN', 'JAVIER JESÚS'),
(111070326, 'ISI', 'ROSAS', 'FLORES', 'FELIX'),
(111070327, 'IIA', 'ROSAS', 'ROSAS', 'KARINA'),
(111070328, 'ISI', 'ROSAS', 'TORRES', 'DIANA GUADALUPE'),
(111070329, 'IBQ', 'ROSEY', 'RAMÍREZ', 'ADRIANA LIZETH'),
(111070331, 'ISI', 'SALAZAR', 'FLORES', 'EMMANUEL'),
(111070334, 'ISI', 'SALAZAR', 'SANCHEZ', 'SAMUEL ABDÍAS'),
(111070335, 'IBQ', 'SÁNCHEZ', 'CHÁVEZ', 'RICARDO'),
(111070336, 'IGE', 'SANCHEZ', 'MORENO', 'GUADALUPE'),
(111070337, 'ISI', 'SANCHEZ', 'PÉREZ', 'DAVID'),
(111070339, 'IGE', 'SANTANA', 'GUERRERO', 'MICHELLE'),
(111070340, 'ISI', 'SANTIAGO', 'MONTIEL', 'LUIS ARMANDO'),
(111070341, 'ISI', 'SOLARES', 'GALICIA', 'SHEYLA'),
(111070342, 'IGE', 'SOLARES', 'GÓMEZ', 'SANDRA'),
(111070343, 'IGE', 'TACUBA', 'MORENO', 'RUBI'),
(111070345, 'IGE', 'TORRES', 'JIMÉNEZ', 'MARÍA VERÓNICA'),
(111070346, 'IIA', 'TORRES', 'SANTANA', 'MARIA FERNANDA'),
(111070347, 'ISI', 'TREJO', 'LÓPEZ', 'KARLA  FABIOLA'),
(111070348, 'IBQ', 'VALDÉS', 'VALENCIA', 'NORMA QUETZAL'),
(111070349, 'IGE', 'VALENCIA', 'CABAÑAS', 'HECTOR DAVID'),
(111070350, 'IBQ', 'VARA', 'MARTÍNEZ', 'KARINA GERTRUDIS'),
(111070351, 'IGE', 'VELASCO', 'SALCEDO', 'JAIR ASAEL'),
(111070352, 'IGE', 'VELAZQUEZ', 'ROMERO', 'MIGUEL ANGEL'),
(111070353, 'ISI', 'VERA', 'GARCÍA', 'HUGO CÉSAR'),
(111070355, 'ISI', 'VILLEGAS', 'MELO', 'GUADALUPE'),
(111070356, 'IGE', 'YEDRA', 'LABASTIDA', 'RICARDO'),
(111070358, 'IBQ', 'ZAMORA', 'MONDRAGÓN', 'DULCE CONCEPCIÓN'),
(111070360, 'IIA', 'CARBAJAL', 'RODRIGUEZ', 'JOSÉ REFIGIO'),
(111070361, 'IGE', 'PEREA', 'REYNOSO', 'RICARDO'),
(111070362, 'IBQ', 'RIVERA', 'ALCÁNTARA', 'MARISOL BEATRIZ'),
(111070363, 'IBQ', 'GARCÍA', 'ROMERO', 'JUAN CARLOS'),
(111070364, 'IGE', 'FLORES', 'BECERRIL', 'SAMARA EDITH'),
(111070365, 'IGE', 'BADILLO', 'FONSECA', 'ARTURO'),
(111070366, 'IGE', 'ROJAS', 'RUFINO', 'URIEL'),
(111070367, 'IBQ', 'HERNANDEZ', 'BETANCOURT', 'ERICK'),
(111080085, 'IBQ', 'SANTIAGO', 'GARCIA', 'MARILU'),
(111110091, 'IGE', 'PERALTA', 'GONZÁLEZ', 'ARTURO'),
(111200034, 'IBQ', 'HERNANDEZ', 'REZA', 'MARIA GUADALUPE'),
(121070001, 'IIA', 'BASILIO', 'GONZALEZ', 'FERNANDO'),
(121070002, 'IIA', 'BECERRA', 'PEÑA', 'JOSÉ MANUEL'),
(121070003, 'ISI', 'BRAVO', 'GARCÍA', 'EMMANUEL'),
(121070004, 'IGE', 'CASTRO', 'MEDINA', 'JUAN CARLOS'),
(121070005, 'IGE', 'CORTES', 'HERNANDEZ', 'JUAN CARLOS'),
(121070006, 'IIA', 'CÓRTES', 'VELÁZQUEZ', 'WENDY VERÓNICA'),
(121070007, 'ISI', 'DE LUNA', 'MARTÍN', 'EUTIQUIO'),
(121070008, 'IGE', 'DUARTE', 'MORALES', 'SARAHY'),
(121070009, 'ISI', 'FRANCO', 'FUENTES', 'CÉSAR ADRIAN'),
(121070010, 'ISI', 'GALICIA', 'GARRIDO', 'ALEJANDRO'),
(121070011, 'ISI', 'GALLARDO', 'BECERRIL', 'JAQUELINE'),
(121070012, 'IBQ', 'GONZÁLEZ', 'JIMÉNEZ', 'JAIR JOAQUIN'),
(121070013, 'IGE', 'GONZÁLEZ', 'VÁZQUEZ', 'CARLOS'),
(121070014, 'IBQ', 'GUTIERREZ', 'BARRERA', 'ANA LLELI'),
(121070015, 'ISI', 'JIMÉNEZ', 'REZA', 'JOESAETT GERARDO'),
(121070016, 'ISI', 'LABATIDA', 'MARTÍNEZ', 'AXEL'),
(121070017, 'ISI', 'LOPEZ', 'OLVERA', 'JOSÉ ANTONIO'),
(121070018, 'IGE', 'LOZADA', 'SALAZAR', 'JORGE'),
(121070019, 'ISI', 'MANDUJANO', 'GARDUÑO', 'ENRIQUE'),
(121070020, 'IGE', 'MARTÍNEZ', 'BECERRIL', 'IVAN'),
(121070022, 'IIA', 'MARTÍNEZ', 'SÁNCHEZ', 'DANIEL'),
(121070023, 'ISI', 'MARTÍNEZ', 'ZAVALA', 'JONATHAN ABDI'),
(121070024, 'IBQ', 'MEJIA', 'CRUZ', 'YOAN ANDRES'),
(121070025, 'IIA', 'MELENDEZ', 'SOTO', 'ALDEBARAN SAUL'),
(121070026, 'IIA', 'MORENO', 'GALLEGOS', 'JAVIER ALFREDO'),
(121070027, 'ISI', 'OLIVARES', 'VÁZQUEZ', 'FELICIANO EMILIANO'),
(121070028, 'IIA', 'OSORIO', 'OROZCO', 'YAZMIN'),
(121070029, 'IGE', 'PEÑA', 'HERNANDEZ', 'YESSICA'),
(121070030, 'IBQ', 'PEREZ', 'VENEGAS', 'MARIA DE JESUS'),
(121070031, 'IIA', 'PRIOR', 'TOLEDO', 'ALEJANDRA'),
(121070032, 'ISI', 'PUEBLA', 'VALENCIA', 'JESÚS'),
(121070033, 'ISI', 'RAMÍREZ', 'GERVACIO', 'DANIEL'),
(121070034, 'IIA', 'RAMÍREZ', 'ROJAS', 'NANCY'),
(121070035, 'ISI', 'RAMÍREZ', 'SANDOVAL', 'MARÍA EUGENIA'),
(121070036, 'IGE', 'RICO', 'ACEVEDO', 'ANA MARIA'),
(121070037, 'IBQ', 'RIOS', 'JIMÉNEZ', 'JESSICA MOSERRATH'),
(121070038, 'IBQ', 'RODRÍGUEZ', 'SANTAMARIA', 'OLIVIA'),
(121070039, 'IBQ', 'ROMAN', 'ALVAREZ', 'JOSE ALBERTO'),
(121070040, 'IBQ', 'ROMERO', 'FLORES', 'MARIA ISABEL'),
(121070041, 'IGE', 'ROMERO', 'VARGAS', 'ALDO ALAN'),
(121070042, 'IBQ', 'SALAS', 'PALMA', 'ARIANA'),
(121070043, 'IGE', 'SANCHEZ', 'BARRETO', 'SUSANA YADIRA'),
(121070044, 'ISI', 'TIERRAFRIA', 'RUÍZ', 'LUIS ADRIAN'),
(121070045, 'IBQ', 'VEGA', 'RAMIREZ', 'IRIDIAN ISABEL'),
(121070046, 'ISI', 'VELÁSCO', 'VELÁZQUEZ', 'GERMÁN'),
(121070047, 'ISI', 'ZAMORA', 'GUTIERREZ', 'NANCY MARGARITA'),
(121070048, 'IIA', 'ESPEJEL', 'CRUZ', 'EVELYN ANGELICA'),
(121070049, 'IIA', 'MONTIEL', 'BARRERA', 'MONICA'),
(121070050, 'IGE', 'OLIVOS', 'MELO', 'ULISES'),
(121070051, 'IIA', 'OLVERA', 'HERNANDEZ', 'ILSE DANAE'),
(121070052, 'IGE', 'RODRIGUEZ', 'LABASTIDA', 'JOSÉ EDUARDO'),
(121070053, 'IGE', 'GUTIERREZ', 'ZÚÑIGA', 'STEPHANIE'),
(121070054, 'IIA', 'CORTÉS', 'SOLARES', 'YAZMIN'),
(121070055, 'IIA', 'CALZADA', 'LILY', 'YURIDIA'),
(121070056, 'IIA', 'MUNGUÍA', 'SOLANO', 'FRIDA'),
(121070057, 'ISI', 'DÍAZ', 'HERNÁNDEZ', 'JHAIR'),
(121070058, 'ISI', 'MILLÁN', 'OLIVARES', 'ANA LAURA'),
(121070059, 'IBQ', 'MARTÍNEZ', 'AGUILAR', 'CARLOS ALBERTO'),
(121070060, 'IIA', 'GARCÍA', 'GARCÍA', 'DANIELA ALEJANDRA'),
(121070061, 'ISI', 'SANDOVAL', 'ZARCO', 'MARÍA CRISTINA'),
(121070062, 'IGE', 'BLACÍO', 'ZAPATERO', 'ABRIL'),
(121070063, 'ISI', 'GARDUÑO', 'FUENTES', 'JAIRSIÑO'),
(121070064, 'IIA', 'MORALES', 'TEPALCAPA', 'ALEJANDRO'),
(121070065, 'IGE', 'CONTRERAS', 'ZAPATERO', 'BEATRIZ ADRIANA'),
(121070066, 'IGE', 'ISLAS', 'SÁMANO', 'ABRIL MONSERRAT'),
(121070067, 'IBQ', 'FLORES', 'ROSETE', 'LUIS ALBERTO'),
(121070068, 'ISC', 'PÉREZ', 'MARENTES', 'IVÁN'),
(121070069, 'ISI', 'VALLE', 'MEJÍA', 'HUGO'),
(121070070, 'IGE', 'HERRERA', 'NUÑEZ', 'MARLON'),
(121070071, 'ISI', 'ROSAS', 'PUEBLITA', 'CHRISTIAN'),
(121070072, 'IGE', 'OLVERA', 'VELÁZQUEZ', 'JESSICA AIDEÉ'),
(121070073, 'IBQ', 'MENDOZA', 'REYES', 'JESSICA NATALY'),
(121070074, 'IBQ', 'MOTE', 'COLUNGA', 'MONSERAT CAROLINA'),
(121070075, 'IBQ', 'ZETINA', 'CANO', 'ÁLVARO'),
(121070076, 'IBQ', 'HERNÁNDEZ', 'MORENO', 'ARELY'),
(121070077, 'IBQ', 'MARTÍNEZ', 'MENDOZA', 'CARLOS'),
(121070078, 'IGE', 'HERNÁNDEZ', 'NIÑO', 'PABLO'),
(121070079, 'IBQ', 'DE LA LUZ', 'RUIZ', 'MIGUEL ANGEL'),
(121070080, 'IGE', 'FUENTES', 'CHÁVEZ', 'NORMA ANGÉLICA'),
(121070081, 'IBQ', 'PÉREZ', 'OLIVARES', 'ALDO ULISES'),
(121070082, 'ISI', 'MENDOZA', 'BUSTAMANTE', 'JOSÉ MANUEL'),
(121070083, 'IGE', 'REYES', 'CASTAÑEDA', 'ANA PATRICIA'),
(121070084, 'ISI', 'REYES', 'CASTAÑEDA', 'JESÚS'),
(121070085, 'IGE', 'TABOADA', 'ÁLVAREZ', 'MARIANNA'),
(121070086, 'ISI', 'MAYORGA', 'GONZÁLEZ', 'KARLA'),
(121070087, 'IIA', 'BAUTISTA', 'EVANGELISTA', 'GABRIELA'),
(121070088, 'IIA', 'CORREA', 'GÓMEZ', 'MÓNICA ESTELA'),
(121070089, 'ISC', 'ENRÍQUEZ', 'JIMÉNEZ', 'SONIA'),
(121070090, 'ISI', 'HERNÁNDEZ', 'GARCÍA', 'RICARDO'),
(121070091, 'IIA', 'RIOS', 'BERNAL', 'ALMA MAYTE'),
(121070092, 'ISI', 'SANTILLÁN', 'REYES', 'JORGE'),
(121070093, 'IGE', 'FLORES', 'ÁVILA', 'ERIKA LISETH'),
(121070094, 'ISI', 'ALONSO', 'VILLEGAS', 'MAYTE   ITZAYANI'),
(121070095, 'ISC', 'RAMOS', 'MADRID', 'GRACIELA AZUCENA'),
(121070096, 'ISI', 'NAPOLES', 'SANTIAGO', 'KAREN'),
(121070097, 'ISI', 'ROMERO', 'HERNANDEZ', 'CECILIA MERCEDES'),
(121070098, 'IGE', 'DÍAZ', 'SÁNCHEZ', 'NANCY ARACELI'),
(121070099, 'IGE', 'OLIVARES', 'SÁNCHEZ', 'NADIA GABRIELA'),
(121070100, 'ISI', 'CASTILLO', 'MOLINA', 'GABRIELA'),
(121070101, 'ISI', 'ALARCÓN', 'JIMÉNEZ', 'IBET ANAÍ'),
(121070102, 'IGE', 'DIEGO', 'PERFECTO', 'RUFINA'),
(121070103, 'IGE', 'GALICIA', 'ROJAS', 'ELSA'),
(121070104, 'IGE', 'MIRANDA', 'CRUZ', 'RICARDO'),
(121070105, 'IGE', 'GUTIERREZ', 'MIRANDA', 'ZORAIMA'),
(121070106, 'IIA', 'LEZAMA', 'HERRERA', 'OLGA LIDIA'),
(121070107, 'IIA', 'SANDOVAL', 'MERCADO', 'FRIDA'),
(121070108, 'ISI', 'RÍOS', 'RODRÍGUEZ', 'IVEETT EMILIA'),
(121070109, 'IGE', 'GARCÍA', 'PIÑA', 'AARÓN'),
(121070110, 'IGE', 'VELASCO', 'MARTÍNEZ', 'GUSTAVO OTHÓN'),
(121070111, 'IBQ', 'BARBOSA', 'JIMÉNEZ', 'NANCY KARINA'),
(121070112, 'IGE', 'IBARRA', 'REYES', 'ARMANDO ALAN'),
(121070113, 'ISI', 'IBARRA', 'REYES', 'MIGUEL ÁNGEL'),
(121070114, 'IBQ', 'GONZÁLEZ', 'CIERRA', 'ADRIANA'),
(121070115, 'IGE', 'MOLINA', 'PÉREZ', 'BARUCH'),
(121070116, 'IGE', 'HERNÁNDEZ', 'LÓPEZ', 'URIEL'),
(121070117, 'ISI', 'ABURTO', 'MARTÍNEZ', 'ÁNGEL EDUARDO'),
(121070118, 'IGE', 'GARCÍA', 'LABASTIDA', 'ELIANA'),
(121070119, 'IIA', 'AUDIFFRED', 'LUNA', 'LIZBETH'),
(121070120, 'IGE', 'TOLEDO', 'OLVERA', 'IVETTE BERENICE'),
(121070121, 'IGE', 'OLVERA', 'SÁNCHEZ', 'JOSÉ VICTOR'),
(121070122, 'IBQ', 'ILDEFONSO', 'MORALES', 'JOSE LUIS'),
(121070123, 'IBQ', 'PICHARDO', 'LABASTIDA', 'MARILU'),
(121070124, 'ISI', 'MENDOZA', 'PLATEROS', 'PABLO'),
(121070125, 'IGE', 'LÓPEZ', 'LOZADA', 'JOVITO'),
(121070126, 'IBQ', 'RODRÍGUEZ', 'BARRÓN', 'ESTEFANY'),
(121070127, 'ISI', 'HERNÁNDEZ', 'CERVANTES', 'ISAAC'),
(121070128, 'ISI', 'LÓPEZ', 'BOLAÑOS', 'FRANCISCO'),
(121070129, 'IGE', 'TORRES', 'CASTELLANOS', 'MARIA LUISA'),
(121070130, 'IGE', 'LIRA', 'MORAN', 'LUIS ANTONIO'),
(121070131, 'ISI', 'ALARCÓN', 'LÓPEZ', 'JUAN CARLOS'),
(121070132, 'IGE', 'DÍAZ', 'MARIN', 'ALMA FERNANDA'),
(121070133, 'IGE', 'PALACIOS', 'PARDO', 'LAURA'),
(121070134, 'ISI', 'ARAUJO', 'TAPIA', 'JAVIER'),
(121070135, 'IGE', 'PALACIO', 'DE LA O', 'CYNTHIA DE JESÚS'),
(121070136, 'IBQ', 'MARTÍNEZ', 'JUAREZ', 'HYLLARI GUADALUPE'),
(121070137, 'IBQ', 'MATÍAS', 'TREJO', 'ANDREA FABIOLA'),
(121070138, 'ISI', 'CASTAÑEDA', 'NIEVES', 'CRISTIAN'),
(121070139, 'IBQ', 'ESLAVA', 'ALARCÓN', 'JESSICA'),
(121070140, 'IGE', 'OCHOA', 'PALMA', 'ALMA SUSANA'),
(121070141, 'IBQ', 'ROJAS', 'IBARRA', 'SHARON JUDITH'),
(121070142, 'ISI', 'PÉREZ', 'OLVERA', 'JAIME NAZARENO'),
(121070143, 'ISI', 'SAN JUAN', 'CAMPOS', 'FERNANDO DANIEL'),
(121070144, 'ISI', 'CASTILLO', 'DEL VALLE', 'MARIANA'),
(121070145, 'IIA', 'GRANADOS', 'HUERTA', 'NICTE MARIANA'),
(121070146, 'ISI', 'TLATELPA', 'MEDINA', 'GUSTAVO ABEL'),
(121070147, 'IGE', 'TREJO', 'PEREZ', 'ALEJANDRA'),
(121070148, 'IGE', 'ESLAVA', 'ALARCON', 'GABRIEL'),
(121070149, 'IBQ', 'PACHECO', 'TOVAR', 'BRENDA JULIETA'),
(121070150, 'ISI', 'BUENO', 'PACHECO', 'SAÚL IGNACIO'),
(121070151, 'ISI', 'ROMERO', 'GRANADOS', 'CARLOS ADAIR'),
(121070152, 'IIA', 'MARTÍNEZ', 'CASTILLO', 'ISRAEL'),
(121070153, 'IGE', 'ESLAVA', 'GERVACIO', 'OSCAR'),
(121070154, 'ISI', 'ACOSTA', 'MORA', 'SARAHÍ'),
(121070155, 'IGE', 'MORENO', 'RIOS', 'JOSÉ JORGE'),
(121070156, 'ISI', 'RAMÍREZ L', 'LÓPEZ', 'BRANDON URIEL'),
(121070157, 'IIA', 'VILLEDA', 'SEGURA', 'VICTOR'),
(121070158, 'IGE', 'ROSAS', 'CORTES', 'RODOLFO'),
(121070159, 'ISI', 'AGUIRRE', 'GARCÍA', 'LUIS JOSÉ'),
(121070160, 'ISI', 'GALLARDO', 'RIVERA', 'RUTH YANELLY'),
(121070161, 'IIA', 'YÁÑEZ', 'GONZÁLEZ', 'MAYRA LETICIA'),
(121070162, 'IBQ', 'CANO', 'VARGAS', 'BRÍGIDA IMELDA'),
(121070163, 'IBQ', 'ZAPI', 'RAMÍREZ', 'ANA KAREN'),
(121070164, 'IBQ', 'REYES', 'PERALES', 'MITZI PAOLA'),
(121070165, 'IBQ', 'MATÍAS', 'SÁNCHEZ', 'VICENTE'),
(121070166, 'IIA', 'ZUÑIGA', 'GONZÁLEZ', 'ESTEFANNY'),
(121070167, 'IGE', 'HERNANDEZ', 'HERRERA', 'ALFREDO'),
(121070168, 'ISI', 'LÓPEZ', 'ESTRADA', 'EDGAR'),
(121070169, 'ISI', 'MACARIO', 'ARANDA', 'NAZARIO'),
(121070170, 'ISI', 'GALICIA', 'JIMÉNEZ', 'NAURY'),
(121070171, 'IIA', 'BLANCAS', 'FLORES', 'ALEJANDRO'),
(121070172, 'IBQ', 'GARCÍA', 'CASTILLO', 'CRISTIAN IVÁN'),
(121070173, 'IBQ', 'MORENO', 'LÓPEZ', 'MONTSERRAT'),
(121070174, 'ISI', 'TRINIDAD', 'HERNÁNDEZ', 'OSCAR IVÁN'),
(121070175, 'ISI', 'RENTERÍA', 'ORTÍZ', 'MANUEL'),
(121070176, 'IBQ', 'ROLDÁN', 'MORA', 'DIANA GABRIELA'),
(121070177, 'IGE', 'HERRERA', 'SAENZ DE SICILIA', 'MARÍA FERNANDA'),
(121070178, 'IIA', 'IBARRA', 'VÁZQUEZ', 'NATALIA'),
(121070179, 'IIA', 'LOZADA', 'DE LA CRUZ', 'MAIRA'),
(121070180, 'IIA', 'ÁLVAREZ', 'RAMÍREZ', 'AMAIRANI'),
(121070181, 'ISI', 'CRUZ', 'BAUTISTA', 'JANETH ERÉNDIRA'),
(121070182, 'IGE', 'ARIAS', 'VILLA', 'MÓNICA SAMANTHA'),
(121070183, 'ISI', 'AMAYA', 'RAMÍREZ', 'JOSÉ CRUZ'),
(121070184, 'IIA', 'CHÍCHARO', 'CARRANZA', 'JOSÉ ALEJANDRO'),
(121070185, 'IIA', 'RODRÍGUEZ', 'MARTÍNEZ', 'ABIGAIL'),
(121070186, 'IGE', 'LUNA', 'SUAREZ', 'ROCIO'),
(121070187, 'IGE', 'GUADARRAMA', 'HERNANDEZ', 'JOSUÉ AARÓN'),
(121070188, 'IGE', 'MENDOZA', 'FLORES', 'ERIKA'),
(121070189, 'ISI', 'FUENTES', 'GONZÁLEZ', 'JOSÉ FERNANDO'),
(121070190, 'IBQ', 'VILLAFRANCA', 'PALACIOS', 'KARLA JACQUELINE'),
(121070191, 'IBQ', 'PALMA', 'TORRES', 'CARLOS ALBERTO'),
(121070192, 'IGE', 'ACEVEDO', 'RUEDA', 'MARÍA GUADALUPE'),
(121070193, 'ISI', 'SUÁREZ', 'MARTÍNEZ', 'CYNTHIA'),
(121070194, 'IGE', 'GONZÁLEZ', 'LÓPEZ', 'ALEJANDRO'),
(121070195, 'IIA', 'LOZADA', 'MOLINA', 'STEPHANIE KATIA'),
(121070196, 'IBQ', 'FIGUEROA', 'GUERRERO', 'AARÓN'),
(121070197, 'IGE', 'VIRGEN', 'LÓPEZ', 'IVÁN DE JESÚS'),
(121070198, 'IGE', 'CAMPOS', 'GONZÁLEZ', 'KARLA'),
(121070199, 'ISI', 'HERNÁNDEZ', 'CORREA', 'EDUARDO'),
(121070200, 'ISI', 'PADILLA', 'GUTIÉRREZ', 'DANIELA'),
(121070201, 'IIA', 'SAAVEDRA', 'MELÉNDEZ', 'KARINA'),
(121070202, 'IBQ', 'ANTONIO', 'CRUZ', 'ALEJANDRO'),
(121070203, 'ISI', 'FLORES', 'RODRÍGUEZ', 'BEATRIZ'),
(121070204, 'IGE', 'CORONA', 'RÍOS', 'CLAUDIA GRACIELA'),
(121070205, 'ISI', 'RODRÍGUEZ', 'GALICÍA', 'ETZAR YOSAEL'),
(121070206, 'IBQ', 'AMADOR', 'CLARA', 'JHONATAN'),
(121070207, 'IBQ', 'ANTONIO', 'LORENZANA', 'KARLA SAMARA'),
(121070208, 'IBQ', 'ARRIAGA', 'AYALA', 'FERNANDO'),
(121070209, 'IBQ', 'BANDERAS', 'GONZÁLEZ', 'ANA KAREN'),
(121070210, 'IBQ', 'BERROCAL', 'FRANCO', 'ALEJANDRA'),
(121070211, 'IBQ', 'CAMACHO', 'MUÑOZ', 'LORENA CRYZTEL'),
(121070212, 'IBQ', 'CASTAÑEDA', 'MARTÍNEZ', 'PAULINO'),
(121070214, 'IBQ', 'CASTRO', 'CRUZ', 'DULCE GUADALUPE'),
(121070215, 'IBQ', 'CORNEJO', 'GARCÍA', 'BRENDA'),
(121070216, 'IBQ', 'DOMÍNGUEZ', 'LÓPEZ', 'GUSTAVO'),
(121070217, 'IBQ', 'DOMÍNGUEZ', 'VALENTÍN', 'ANA ESMERALDA'),
(121070218, 'IBQ', 'EUSEVIO', 'LÓPEZ', 'GERARDO NAZARIO'),
(121070219, 'IGE', 'GONZÁLEZ', 'RAMÍREZ', 'MIRIAM ALEJANDRA'),
(121070220, 'IBQ', 'FLORES', 'FLORES', 'ANALIZ'),
(121070221, 'IBQ', 'FRAGOSO', 'OMAÑA', 'CARLOS MAX'),
(121070222, 'IBQ', 'FRANCO', 'NAZARIO', 'ANDREA GUADALUPE'),
(121070223, 'IBQ', 'FRANCO', 'RAMÍREZ', 'HUGO'),
(121070224, 'IBQ', 'FUENTES', 'ARRIETA', 'ISIDRO'),
(121070225, 'IBQ', 'GARCÍA', 'FLORES', 'LIDIA'),
(121070226, 'IBQ', 'GARCÍA', 'CRUZ', 'LUIS EMMANUEL'),
(121070227, 'IBQ', 'GONZÁLEZ', 'MONDRAGÓN', 'ANGÉLICA MICHELLE'),
(121070228, 'IBQ', 'GUDIÑO', 'GUZMÁN', 'GLORIA STEPHANIE'),
(121070229, 'IBQ', 'GUERRERO', 'REZA', 'CARLOS'),
(121070230, 'IGE', 'GUTIÉRREZ', 'GARCÍA', 'FABIOLA BERENICE'),
(121070231, 'IBQ', 'HERNÁNDEZ', 'RUIZ', 'BARBARA LORENA'),
(121070232, 'IBQ', 'HERRERA', 'HERNÁNDEZ', 'MARCO ANTONIO'),
(121070233, 'IBQ', 'ISLAS', 'HERNÁNDEZ', 'ALMA MARÍA DEL CONSUELO'),
(121070234, 'IBQ', 'ISLAS', 'CAMACHO', 'DAYANA'),
(121070235, 'IBQ', 'JIMÉNEZ', 'NOLASCO', 'ADRIANA'),
(121070236, 'IBQ', 'JIMÉNEZ', 'LAVALLE', 'URIEL ALEJANDRO'),
(121070237, 'IBQ', 'JIMÉNEZ', 'JIMÉNEZ', 'LUIS JESÚS'),
(121070238, 'IBQ', 'LABASTIDA', 'GALICIA', 'PERLA VIRIDIANA'),
(121070239, 'IBQ', 'LARA', 'GUERRERO', 'YESSICA'),
(121070240, 'IBQ', 'LIMA', 'FLORES', 'DEISY'),
(121070241, 'IBQ', 'LÓPEZ', 'RODRÍGUEZ', 'ANAHI GUADALUPE'),
(121070242, 'IBQ', 'LUNA', 'MEDRANO', 'ARIANA DE JESÚS'),
(121070243, 'IBQ', 'MARES', 'ROJAS', 'DANIEL'),
(121070244, 'IBQ', 'MARQUILLO', 'URIAS', 'PEDRO'),
(121070245, 'IBQ', 'MARTÍNEZ', 'RODRÍGUEZ', 'MÓNICA LETICIA'),
(121070246, 'IBQ', 'TOLEDO', 'PÉREZ', 'ALEJANDRA'),
(121070247, 'IBQ', 'MARTÍNEZ', 'GUTIÉRREZ', 'EDGAR'),
(121070248, 'IBQ', 'MARTÍNEZ', 'GARCÍA', 'MÓNICA VANNA YUREI'),
(121070249, 'IBQ', 'MARTÍNEZ', 'ESPINOZA', 'MARÍA SARAÍ'),
(121070250, 'IBQ', 'MEJÍA', 'CASTILLO', 'JORGE ALEXANDER'),
(121070251, 'IBQ', 'MENDOZA', 'GUERRERO', 'ALEJANDRINA'),
(121070253, 'IBQ', 'PÉREZ', 'ORTEGA', 'BENJAMÍN'),
(121070254, 'IBQ', 'RÁNGEL', 'GUTIÉRREZ', 'NAYELI GUADALUPE'),
(121070255, 'IBQ', 'REYES', 'GARCÍA', 'MAURICIO');
INSERT INTO `alumnos` (`no_control`, `carrera`, `a_paterno`, `a_materno`, `nombre`) VALUES
(121070256, 'IBQ', 'REYES', 'SAMPERIO', 'ERIKA MERARI'),
(121070257, 'IBQ', 'RICO', 'SÁNCHEZ', 'ORLANDO'),
(121070258, 'IBQ', 'RIOS', 'JIMENEZ', 'JESSICA'),
(121070259, 'IBQ', 'ROA', 'GONZALEZ', 'FABIOLA ITZEL'),
(121070260, 'IBQ', 'ROMÁN', 'ÁLVAREZ', 'JÓSE ALBERTO'),
(121070261, 'IBQ', 'SAN JUAN', 'SANTIAGO', 'LIDIA'),
(121070262, 'IBQ', 'SILVA', 'OLVERA', 'JESSICA ANAID'),
(121070263, 'IBQ', 'TÉLLEZ', 'PAEZ', 'CHRISTIAN HAZIEL'),
(121070264, 'IBQ', 'VALDES', 'DÍAZ', 'YOLANDA STEPHANIE'),
(121070265, 'IBQ', 'VÁZQUEZ', 'RIVERA', 'YASMIN LIZBETH'),
(121070266, 'IBQ', 'VELASCO', 'GARCÍA', 'ANA ITZEL'),
(121070267, 'IIA', 'YESCAS', 'RIVERA', 'MARÍA YAZMIN'),
(121070268, 'IGE', 'AVENDAÑO', 'JUAREZ', 'ROSA MARÍA'),
(121070269, 'IGE', 'BONILLA', 'PÉREZ', 'DULCE KARINA'),
(121070270, 'IGE', 'CHAVARRIA', 'RANGEL', 'RAQUEL'),
(121070271, 'IGE', 'CRÚZ', 'MARTÍNEZ', 'ALAN YAIR'),
(121070273, 'IGE', 'DOMÍNGUEZ', 'GARCÍA', 'SHARMIN'),
(121070274, 'IGE', 'DORANTES', 'JUÁREZ', 'ALISON JACQUELINE'),
(121070275, 'IGE', 'ESCOBEDO', 'RAMÍREZ', 'LESLY MIROSLAVA'),
(121070276, 'IGE', 'ESLAVA', 'FRANCO', 'NANCY ENEDINA'),
(121070277, 'IGE', 'ESPINOZA', 'AMARO', 'JOSÉ MANUEL'),
(121070278, 'IGE', 'FLORES', 'SERRALDE', 'ROSARIO'),
(121070279, 'IGE', 'FLORES', 'TOLENTINO', 'ERIKA'),
(121070280, 'IGE', 'FLORES', 'ALCANTARA', 'ITZEL'),
(121070281, 'IGE', 'GARCÍA', 'OLVERA', 'JANETH'),
(121070282, 'IGE', 'GONZALEZ', 'VILLAMAR', 'ERIKA MONTSERRAT'),
(121070283, 'IGE', 'GORDIÑO', 'RÍOS', 'ERICK'),
(121070284, 'IGE', 'GUTIERREZ', 'HEERRERA', 'PABLO'),
(121070287, 'IGE', 'MENCHACA', 'CARRIZOSA', 'VÍCTOR MANUEL'),
(121070288, 'IGE', 'MANDUJANO', 'GARDUÑO', 'HUGO ENRIQUE'),
(121070289, 'IGE', 'MEDINA', 'BALDERAS', 'LETICIA'),
(121070290, 'IGE', 'MEDINA', 'VILCHIS', 'SELENE'),
(121070291, 'IGE', 'MERCHANT', 'MONTES', ' KENEET ALEXIS'),
(121070292, 'IGE', 'MUNDO', 'ROJAS', 'ERIK'),
(121070293, 'IGE', 'PEÑA', 'MALDONADO', 'VIANNEY'),
(121070294, 'IGE', 'PÉREZ', 'ACOSTA', 'MARIEL'),
(121070295, 'IGE', 'PÉREZ', 'HERNÁNDEZ', 'ALEJANDRA SARAI'),
(121070296, 'IGE', 'REYES', 'VARGAS', 'ULISES'),
(121070297, 'IGE', 'RODAS', 'RESENDIZ', 'MARIA FERNANDA'),
(121070298, 'IGE', 'RODRÍGUEZ', 'MEDINA', 'JOSE ÁNGEL'),
(121070299, 'IGE', 'SÁNCHEZ', 'MENDOZA', 'ARLYNN'),
(121070300, 'IGE', 'SUÁREZ', 'ALVARADO', 'NATALIE'),
(121070301, 'IGE', 'TAPIA', 'MARTÍNEZ', 'LORENA'),
(121070302, 'IGE', 'TORRES', 'REYES', 'JORGE ALBERTO'),
(121070303, 'IGE', 'VÁZQUEZ', 'GALICIA', 'ARELI MAYTHE'),
(121070304, 'IGE', 'VÁZQUEZ', 'CHAVARRÍA', 'LUIS MANUEL'),
(121070305, 'IBQ', 'GARCÍA', 'SAMANIEGO', 'CLAUDIA FABIOLA'),
(121070306, 'IGE', 'YÁÑEZ', 'CRUZ', 'ÁLVARO'),
(121070307, 'IGE', 'ZETINA', 'BECERRIL', 'HUGO GABRIEL'),
(121070308, 'IIA', 'ANTONIO', 'GARCÍA', 'LINET'),
(121070309, 'IIA', 'CARCAÑO', 'RUIZ', 'ALMA VIANILLI'),
(121070310, 'IIA', 'CASSO', 'RANGEL', 'VANIA IXCHEL'),
(121070311, 'IIA', 'COLIN', 'SALAS', 'LUCIO EDUARDO'),
(121070312, 'IIA', 'DÍAZ', 'JIMÉNEZ', 'TANIA ABIGAIL'),
(121070313, 'IIA', 'NEGRETE', 'MONTES', 'JUAN CARLOS'),
(121070314, 'IIA', 'GONZÁLEZ', 'ESTRADA', 'SAMUEL'),
(121070315, 'IIA', 'HERNÁNDEZ', 'LÓPEZ', 'KARLA SAYURI'),
(121070316, 'IIA', 'MARTÍNEZ', 'RUIZ', 'ERICK LEONEL'),
(121070317, 'IIA', 'MELENDEZ', 'PULIDO', 'YESSLENI DAMARIS'),
(121070318, 'IIA', 'MÉNDEZ', 'LÓPEZ', 'JESÚS ANTONIO'),
(121070319, 'IIA', 'MENDOZA', 'HERNANDEZ', 'GABRIEL'),
(121070320, 'IIA', 'NORIEGA', 'AGUILAR', 'CITLALI AMAIRANI'),
(121070321, 'IIA', 'OLVERA', 'CERVANTES', 'RUBÉN OMAR'),
(121070322, 'IBQ', 'PEÑA', 'MALDONADO', 'CYNTHIA'),
(121070323, 'IIA', 'PÉREZ', 'LÓPEZ', 'AMAIRANI DE LOS ÁNNGELES'),
(121070324, 'IIA', 'REYNOSO', 'SILVA', 'ALBA'),
(121070325, 'IIA', 'VELASCO', 'PACHECO', 'KAREN'),
(121070326, 'IBQ', 'PAULINO', 'MARTÍNEZ', 'DULCE ÁNGELICA'),
(121070327, 'ISI', 'AGUILAR', 'CESEÑA', 'CELERINA'),
(121070328, 'ISI', 'ALAMAN', 'ANTUNEZ', 'BLANCA ESTELA'),
(121070329, 'ISI', 'ALTAMIRANO', 'REYES', 'CESAR'),
(121070330, 'ISI', 'ARENAS', 'MENDOZA', 'JAIME OCTAVIO'),
(121070331, 'ISI', 'ARRIAGA', 'CADENA', 'ELIZABETH'),
(121070332, 'IBQ', 'BANDERA', 'SÁNCHEZ', 'CHRISTIAN ALEXIS'),
(121070333, 'ISI', 'BARRERA', 'SANDOVAL', 'JONATHAN JOSEPH'),
(121070334, 'ISI', 'BERNAL', 'ROSAS', 'PABLO'),
(121070335, 'ISI', 'CAÑEDO', 'GONZÁLEZ', 'SAÚL'),
(121070336, 'ISI', 'CASTOR', 'ROSAS', 'CARLOS ALBERTO'),
(121070337, 'ISI', 'COLÓN', 'DOMÍNGUEZ', 'GABRIEL'),
(121070338, 'ISI', 'DÍAZ', 'LLANOS', 'SERGIO VLADIMIR'),
(121070339, 'ISI', 'FLORES', 'MORALES', 'LUIS ALBERTO'),
(121070340, 'ISI', 'FLORES', 'CONTRERAS', 'ALFREDO'),
(121070341, 'ISI', 'GALICIA', 'LOZADA', 'JESÚS ISRAEL'),
(121070342, 'ISI', 'GARCÍA', 'GONZÁLEZ', 'EDUARDO'),
(121070343, 'IGE', 'GARCÍA', 'GONZÁLEZ', 'SERGIO RAÚL'),
(121070344, 'ISI', 'HONORATO', 'HERNÁNDEZ', 'MARLENE IVONE'),
(121070345, 'IGE', 'IBAÑEZ', 'REYES', 'OMAR'),
(121070346, 'IGE', 'JIMÉNEZ', 'MÉNDEZ', 'ADRIAN'),
(121070347, 'ISI', 'JIMÉNEZ', 'ESCAMILLA', 'EDGAR FERNANDO'),
(121070348, 'ISI', 'JUÁREZ', 'BARRERA', 'ERICK'),
(121070349, 'ISI', 'LÓPEZ', 'MEZA', 'OMAR'),
(121070351, 'ISI', 'MADRIGAL', 'TORRES', 'MARIO IVAN'),
(121070352, 'IGE', 'MÁRQUEZ', 'DÍAZ', 'ANA LAURA'),
(121070353, 'ISI', 'MARTÍNEZ', 'MARTÍNEZ', 'ABRAHAM'),
(121070354, 'ISI', 'MENDOZA', 'RAMIREZ', 'RICARDO'),
(121070355, 'IBQ', 'ARZATE', 'GODOY', 'ADRIÁN'),
(121070356, 'ISI', 'ORTEGA', 'GARCÍA', 'VERÓNICA'),
(121070357, 'ISI', 'PADILLA', 'VILLARREAL', 'JUAN CARLOS'),
(121070358, 'ISI', 'PEREZ', 'JIMENEZ', 'RAFAEL'),
(121070359, 'ISI', 'PEREZ', 'AMARO', 'RAFAEL'),
(121070360, 'ISI', 'RAMÍREZ', 'DE JESÚS', 'LAURA'),
(121070361, 'ISI', 'RAMÍREZ', 'DÍAZ', 'MIGUEL ÁNGEL'),
(121070362, 'IBQ', 'ÁLVAREZ', 'DE LA CRUZ', 'MARLEM'),
(121070363, 'ISI', 'RODRIGUEZ', 'JACOME', 'ISMAEL'),
(121070364, 'IGE', 'ROSEY', 'RAMÍREZ', 'JOSÉ LUIS'),
(121070365, 'ISI', 'SANDOVAL', 'SANCHEZ', 'ALONSO'),
(121070366, 'ISI', 'SANDOVAL', 'GÁLVEZ', 'TANIA'),
(121070367, 'ISI', 'SANTIAGO', 'CURIEL', 'SERGIO'),
(121070368, 'IBQ', 'BLANCAS', 'MARTÍNEZ', 'OMAR'),
(121070369, 'ISI', 'TAPIA', 'BAZAN', 'ALEJANDRO'),
(121070370, 'IBQ', 'CRUZ', 'PORTILLO', 'PEDRO'),
(121070371, 'ISI', 'VERGARA', 'GALLARDO', 'KIMBERLY MARLENE'),
(121070372, 'IIA', 'VITAL', 'CHAPARRO', 'MARIO ALBERTO'),
(121070373, 'ISI', 'ZEPEDA', 'RODRÍGUEZ', 'CESAR IVAN'),
(121070374, 'IBQ', 'FLORES', 'GONZÁLEZ', 'AMAIRANI'),
(121070375, 'IGE', 'ALCANTARA', 'PÉREZ', 'CESAR IVAN'),
(121070376, 'IGE', 'MELENDEZ', 'RORIGUEZ', 'MARÍA DEL SOCORRO'),
(121070377, 'IGE', 'ROMERO', 'MARTÍNEZ', 'SANTIAGO'),
(121070378, 'ISI', 'MARTÍNEZ', 'HERNÁNDEZ', 'MARISOL'),
(121070379, 'ISI', 'MEDINA', 'VILLANUEVA', 'ABEL'),
(121070380, 'ISI', 'TORRES', 'REYES', 'CARLOS ARTURO'),
(121070381, 'IBQ', 'BERROCAL', 'AMAYA', 'ULISES'),
(121070383, 'IGE', 'MARTÍNEZ', 'AVILES', 'ELIEZER'),
(121070384, 'IGE', 'MORALES', 'ALCALA', 'ARIADNA'),
(121070385, 'IGE', 'TREJO', 'SOTO', 'IVÁN'),
(121070388, 'IIA', 'MURILLO', 'FLORES', 'DARIO FABIÁN'),
(121070389, 'ISI', 'ALMAZÁN', 'DE LA CRÚZ', 'CLAUDIO'),
(121070390, 'ISI', 'ARRIETA', 'JIMENEZ', 'GABRIEL'),
(121070391, 'ISI', 'AVILES', 'ZEPEDA', 'DANIEL'),
(121070392, 'IGE', 'CRÚZ', 'HERNÁNDEZ', 'BERTÍN'),
(121070393, 'ISI', 'ESPINOSA', 'GARRIDO', 'MARÍA ISABEL'),
(121070394, 'IGE', 'JUAREZ', 'ISLAS', 'BRENDA'),
(121070395, 'IIA', 'MORENO', 'GALLEGOS', 'JAVIER ALFREDO'),
(121070396, 'ISI', 'MURILLO', 'FLORES', 'EDGAR EDUARDO'),
(121070397, 'ISI', 'RAMÍREZ', 'SANDOVAL', 'MARÍA EUGENIA'),
(121070399, 'ISI', 'TREJO', 'SOTO', 'JAQUELINE'),
(121070400, 'IBQ', 'VALLARTA', 'CANO', 'JESÚS'),
(121070401, 'ISI', 'GONZÁLEZ', 'JIMENEZ', 'DAVID'),
(121070402, 'ISI', 'ROJAS', 'ESTRADA', 'JAIR ALEJANDRO'),
(121070403, 'IBQ', 'ARTEAGA', 'GARCÍA', 'YASMÍN'),
(121070404, 'IIA', 'LÓPEZ', 'OLVERA', 'JOSE ANTONIO'),
(121070405, 'IBQ', 'TOLEDO', 'ANZUREZ', 'DAVID'),
(121070406, 'IIA', 'GRANADOS', 'HUERTA', 'MARISOL'),
(121070407, 'IIA', 'MONTEALEGRE', 'MARTÍNEZ', 'JOCELYN'),
(121070408, 'ISI', 'CORONA', 'VILCHIS', 'FRANK BRIAN'),
(121070409, 'ISI', 'GONZÁLEZ', 'ZITLALAPA', 'GUADALUPE'),
(121070410, 'ISI', 'CALZADA', 'GONZÁLEZ', 'HIPOLITO'),
(121070411, 'ISI', 'GONZÁLEZ', 'VARGAS', 'DANIEL'),
(121070412, 'ISI', 'JIMENEZ', 'CARMONA', 'ALEJANDRO'),
(121070413, 'ISI', 'MERCHANT', 'MONTES', 'FERNANDO'),
(121070414, 'ISI', 'OLIVARES', 'CARRANZA', 'AGUSTIN TONATHIU'),
(121070415, 'ISI', 'QUIJANO', 'VELASCO', 'JORGE ANTONIO'),
(121070416, 'ISI', 'ROSETE', 'MONTES', 'ANGEL JONIFRED'),
(121070417, 'IGE', 'MARIN', 'NERI', 'HECTOR'),
(121070418, 'ISI', 'IBARRA', 'HERRERA', 'ISRAEL'),
(121070419, 'ISI', 'ACOSTA', 'JIMENEZ', 'CESAR ISRAEL'),
(121070420, 'IBQ', 'QUIROZ', 'GALICIA', 'ISRAEL ERIC'),
(121070421, 'IIA', 'JIMÉNEZ', 'FUENTES', 'DIANA ARACELI'),
(121190041, 'ISI', 'PÉREZ', 'GARCIA', 'ISAIAS'),
(121190081, 'ISI', 'RAMOS', 'GONZÁLEZ', 'ARIANA'),
(130412018, 'IIA', 'SANCHEZ', 'MARTÍNEZ', 'LUZ MARÍA'),
(131070001, 'IBQ', 'ALVARADO', 'GARCÍA', 'JULIO CÉSAR'),
(131070002, 'IBQ', 'BARRERA', 'NAVARRO', 'PEDRO ANTONIO'),
(131070003, 'IBQ', 'BARRERA', 'DE LA ROSA', 'DALIA'),
(131070004, 'IBQ', 'CAMACHO', 'FRAGOSO', 'CÉSAR'),
(131070005, 'IBQ', 'CORNEJO', 'MARTINEZ', 'JORGE IVÁN'),
(131070006, 'IIA', 'CORTES', 'CARDONA', 'MASIEL'),
(131070007, 'IIA', 'CRUZ', 'MORALES', 'VERONICA'),
(131070008, 'IBQ', 'DURAN', 'SANTOS', 'PALOMA'),
(131070009, 'IBQ', 'ESPINOSA', 'HUERTA', 'TERESA'),
(131070010, 'IIA', 'FLORES', 'VALDERRAMA', 'ASHLE ITZU'),
(131070011, 'IIA', 'HERRERA', 'QUIROZ', 'ZELTZIN'),
(131070012, 'IIA', 'ISLAS', 'CALLEJA', 'RAFAEL SALVADOR'),
(131070013, 'ISI', 'GONZALEZ', 'NIETO', 'URIEL'),
(131070014, 'ISI', 'ORTIZ', 'VICTORIA', 'MARIA DEL ROSARIO'),
(131070015, 'ISI', 'HERNÁNDEZ', 'MERLOS', 'MIGUEL ANGEL'),
(131070016, 'IBQ', 'HERNANDEZ', 'OCHOA', 'PAULINA'),
(131070017, 'IIA', 'MELGAREJO', 'ESTEFAN', 'JOEL FRANCISCO'),
(131070018, 'IIA', 'MARTÍNEZ', 'ESPINDOLA', 'ESTELA SARAY'),
(131070019, 'IBQ', 'LARIOS', 'MARTÍN', 'AGRIPINA'),
(131070020, 'IIA', 'MEDINA', 'CAMACHO', 'ISABEL'),
(131070021, 'IBQ', 'MENDOZA', 'LÓPEZ', 'ALI JAEL'),
(131070022, 'IIA', 'NIETO', 'RODRIGUEZ', 'PERLA ABISAG'),
(131070023, 'IBQ', 'NOLASCO', 'LÓPEZ', 'ANA MARÍA DE LA PAZ'),
(131070024, 'IIA', 'PEREA', 'ROGEL', 'ANGÉLICA'),
(131070025, 'IBQ', 'RODRÍGUEZ', 'PLIEGO', 'AZUCENA'),
(131070026, 'IIA', 'SAAVEDRA', 'MELÉNDEZ', 'KARINA'),
(131070027, 'IBQ', 'SOUVERVILLE', 'FLORES', 'ROSARIO'),
(131070028, 'IIA', 'VILLAR', 'GALLARDO', 'NOHEMI'),
(131070029, 'IBQ', 'VALENCIA', 'GUZMÁN', 'VLADIMIR ESAÚ'),
(131070030, 'ISI', 'ALCARAZ', 'FLORES', 'ANA ELIZABETH'),
(131070031, 'ISI', 'ALMAZÁN', 'GONZÁLEZ', 'CINTYA DANIELA'),
(131070032, 'ISI', 'BORJAS', 'GARCIA', 'JONATHAN'),
(131070033, 'ISI', 'CALDERÓN', 'ABAD', 'MARISOL'),
(131070034, 'ISI', 'CORTES', 'REYES', 'JOSE EDUARDO'),
(131070035, 'ISI', 'GUADARRAMA', 'GALICIA', 'MIGUEL ANGEL HOWEN'),
(131070036, 'ISI', 'LOPEZ', 'LOZADA', 'JOSE LUIS'),
(131070037, 'ISI', 'LÓPEZ', 'SALAZAR', 'YOVANY XAVIER'),
(131070038, 'ISI', 'MONTES', 'FLORES', 'OLIVIA'),
(131070039, 'ISI', 'MIRANDA', 'GONZÁLEZ', 'EDGAR IGNACIO'),
(131070040, 'ISI', 'MOLINA', 'CASTILLO', 'GABRIEL'),
(131070041, 'ISI', 'TELLEZ', 'RODRIGUEZ', 'BEATRIZ'),
(131070042, 'IGE', 'ALVARADO', 'ROMERO', 'JESUS ANTONIO'),
(131070043, 'IGE', 'BERROCAL', 'RIVAS', 'NELLY'),
(131070044, 'IGE', 'CARMONA', 'RAMÍREZ', 'ZULEIDI'),
(131070045, 'IGE', 'CASTAÑEDA', 'CASTRO', 'MARIANA'),
(131070046, 'IGE', 'CASTRO', 'MARTÍNEZ', 'EZYAONI'),
(131070047, 'IGE', 'DE LA CRUZ', 'MUÑOZ', 'EDUARDO'),
(131070048, 'IGE', 'FUENTES', 'RENTERIA', 'YESICA ILIANA'),
(131070049, 'IGE', 'JUAREZ', 'SANCHEZ', 'MARIA FERNANDA'),
(131070050, 'IGE', 'JIMENEZ', 'BONILLA', 'DANIEL'),
(131070051, 'IGE', 'MENDOZA', 'ORTIZ', 'ROCIO'),
(131070052, 'IGE', 'PIEDRA', 'GALICIA', 'KARLA MARIANA'),
(131070053, 'IGE', 'RODRÍGUEZ', 'GONZÁLEZ', 'MAYRA NOEMI'),
(131070054, 'IGE', 'ROMERO', 'FLORES', 'JORGE'),
(131070055, 'IGE', 'SANCHEZ', 'RALLON', 'ANGELICA'),
(131070056, 'ISI', 'RAMÍREZ', 'OVALLE', 'ARTURO'),
(131070057, 'IGE', 'TORRES', 'GONZÁLEZ', 'SHARON JAZMÍN'),
(131070058, 'IGE', 'GARCIA', 'PEREZ', 'MARIA FERNANDA'),
(131070059, 'IGE', 'DURÁN', 'ENCISO', 'AMAIRANI'),
(131070060, 'IGE', 'RODRIGUEZ', 'RANGEL', 'JONATHAN ALAIS'),
(131070061, 'ISI', 'CRUZ', 'SANTIAGO', 'MARCO'),
(131070062, 'IGE', 'JIMENEZ', 'ORTEGA', 'ANA YOLOTZIN'),
(131070063, 'ISI', 'CASTAÑEDA', 'LÓPEZ', 'MADAI'),
(131070064, 'IIA', 'HERNÁNDEZ', 'VENEGAS', 'JOSÉ REYES'),
(131070065, 'ISI', 'OLIVARES', 'GALICIA', 'FERNANDO'),
(131070066, 'IGE', 'GUTIÉRREZ', 'HERRERA', 'PABLO'),
(131070067, 'IGE', 'FRAGOSO', 'MARTINEZ', 'MARIA DEL CARMEN'),
(131070068, 'IIA', 'DEL VALLE', 'OLIVARES', 'RICARDO'),
(131070069, 'ISI', 'ZARCO', 'QUINTANA', 'ALAN SAMUEL'),
(131070070, 'IGE', 'JUAREZ', 'BARRERA', 'ERICK'),
(131070071, 'IGE', 'DURÁN', 'QUINTERO', 'SANDRA'),
(131070072, 'IGE', 'BUSTOS', 'GARCIA', 'VIANEY'),
(131070073, 'IBQ', 'FRANCO', 'NAZARIO', 'ANDREA GUADALUPE'),
(131070074, 'IGE', 'GONZÁLEZ', 'VARGAS', 'DANIEL'),
(131070075, 'ISI', 'ALFARO', 'JIMÉNEZ', 'VÍCTOR'),
(131070076, 'ISI', 'OSORIO', 'RAMÍREZ', 'DIEGO'),
(131070077, 'ISI', 'GONZAGA', 'OSORIO', 'SALVADOR CÉSAR'),
(131070078, 'ISI', 'ROMERO', 'TOLEDO', 'CÉSAR'),
(131070079, 'IGE', 'HERNÁNDEZ', 'BARRÓN', 'ALEJANDRA'),
(131070080, 'IBQ', 'ALTAMIRANO', 'GONZÁLEZ', 'JAQUELINE'),
(131070081, 'IIA', 'LÓPEZ', 'TORRES', 'CARMEN BEATRÍZ'),
(131070082, 'IBQ', 'FRANCO', 'FRIAS', 'CHRISTHIAN ULISES'),
(131070083, 'ISI', 'GRAVIOTO', 'OROPEZA', 'CLAUDIA'),
(131070084, 'ISI', 'TOLEDO', 'RODRÍGUEZ', 'VIANEY'),
(131070085, 'IBQ', 'DE JESÚS', 'LORENZO', 'DAVID'),
(131070086, 'IBQ', 'HERNÁNDEZ', 'MORALES', 'KAREN'),
(131070087, 'IBQ', 'ÁVILA', 'PONCE', 'MARÍA CECILIA'),
(131070088, 'IBQ', 'HERNÁNDEZ', 'ENRIQUEZ', 'ALHELI'),
(131070089, 'ISI', 'RODRÍGUEZ', 'HERNÁNDEZ', 'ADRIAN'),
(131070090, 'ISI', 'MEZA', 'LIMÓN', 'JUAN CARLOS'),
(131070091, 'IBQ', 'GARCÍA', 'JIMÉNEZ', 'EFRAÍN'),
(131070092, 'IBQ', 'OSORIO', 'MARTÍNEZ', 'MINERVA'),
(131070093, 'IGE', 'GONZÁLEZ', 'MEJIA', 'VERONICA'),
(131070094, 'IIA', 'HERNÁNDEZ', 'HERNÁNDEZ', 'YAZMÍN'),
(131070095, 'IGE', 'GARDUÑO', 'CRUZ', 'ANAYELI'),
(131070096, 'ISI', 'JASSO', 'CASTILLO', 'GUADALUPE'),
(131070097, 'IGE', 'PÁEZ', 'GUERRERO', 'JOVANNI'),
(131070098, 'ISI', 'IBAÑEZ', 'MUÑOZ', 'SERGIO IVÁN'),
(131070099, 'ISI', 'PÉREZ', 'GONZÁLEZ', 'JAVIER'),
(131070100, 'IBQ', 'CRUZ', 'LÓPEZ', 'LUIS JAVIER'),
(131070101, 'IIA', 'NEGRETE', 'MONTES', 'JUAN CARLOS'),
(131070102, 'IBQ', 'ROSADO', 'ESPINOSA', 'THALIA'),
(131070103, 'IGE', 'ACOSTA', 'RINCÓN', 'CESAR IVÁN'),
(131070104, 'IIA', 'RETANA', 'GERVACIO', 'GUSTAVO ADOLFO'),
(131070105, 'IBQ', 'MARAVILLA', 'JIMÉNEZ', 'THALIA VANESSA'),
(131070106, 'IBQ', 'RAMÍREZ', 'MONROY', 'ZAIRA JUDITH'),
(131070107, 'IGE', 'MARTÍNEZ', 'GARCÍA', 'TERESA'),
(131070108, 'IIA', 'ROSALIANO', 'AGUSTÍN', 'VERÓNICA'),
(131070109, 'IGE', 'ROSETE', 'LEAL', 'MARCO ANTONIO'),
(131070110, 'ISI', 'HERNÁNDEZ', 'MORENO', 'DAVID'),
(131070111, 'IIA', 'ESTRADA', 'CABELLO', 'HÉCTOR'),
(131070112, 'IBQ', 'RETANA', 'GARCÍA', 'JOSÉ ALBERTO'),
(131070113, 'IBQ', 'MARTÍNEZ', 'LIBRADO', 'JANETH'),
(131070114, 'IIA', 'MARTÍNEZ', 'ROMERO', 'YADIRA ESMERALDA'),
(131070115, 'IIA', 'MÉNDEZ', 'FLORES', 'RODRIGO'),
(131070116, 'IBQ', 'ÁLVAREZ', 'ALANIS', 'ERICA'),
(131070117, 'IIA', 'CASTILLO', 'MEJÍA', 'TERESA CORAZÓN'),
(131070118, 'ISI', 'SALAZAR', 'FLORES', 'MARCOS JOSHUA'),
(131070119, 'ISI', 'MORALES', 'ESPINOSA', 'CYNTHIA ALEJANDRA'),
(131070120, 'IBQ', 'ORTÍZ', 'CASTRO', 'LUIS ALBERTO'),
(131070121, 'ISI', 'MURILLO', 'SILVA', 'EDGAR JAFER'),
(131070122, 'ISI', 'HERNÁNDEZ', 'GUTIÉRREZ', 'OCTAVIO OSBALDO'),
(131070123, 'IGE', 'NOGUEZ', 'ISLAS', 'JOSÉ EDUARDO'),
(131070124, 'IGE', 'PÉREZ', 'BARRALES', 'GERARDO HUMBERTO'),
(131070125, 'ISI', 'ARRIAGA', 'LÓPEZ', 'DAVID'),
(131070126, 'IGE', 'REYES', 'SÁNCHEZ', 'ADELA'),
(131070127, 'IGE', 'MARTÍNEZ', 'GARCÍA', 'ARMANDO'),
(131070128, 'IGE', 'SOTO', 'MELCHOR', 'ENRIQUE ISIDORO'),
(131070129, 'IBQ', 'GAMIÑO', 'BAUTISTA', 'ERIKA ELIZABET'),
(131070130, 'ISI', 'NAVARRETE', 'EBROMARES', 'UZZIEL'),
(131070131, 'ISI', 'CHÁVEZ', 'SALINAS', 'ERIK OCTAVIO'),
(131070132, 'ISI', 'RAMÍREZ', 'HERNÁNDEZ', 'VÍCTOR HUGO'),
(131070133, 'ISI', 'GONZÁLEZ', 'ESCAMILLA', 'LESTER ALAN'),
(131070134, 'IIA', 'GALINDO', 'DIMAS', 'ARELY'),
(131070135, 'ISI', 'QUINTIN', 'ROBLES', 'LUZ OLIVA'),
(131070136, 'IGE', 'ESCOBAR', 'VENEGAS', 'LUIS ANGEL'),
(131070137, 'IIA', 'MENDOZA', 'PINEDA', 'TANIA'),
(131070138, 'IBQ', 'TORRES', 'JURADO', 'ELBA ITZELL'),
(131070139, 'ISI', 'NOVA', 'PIÑA', 'GERARDO RODRIGO'),
(131070140, 'ISI', 'GREGORIO', 'CORRALES', 'RICARDO'),
(131070141, 'IIA', 'PORTILLO', 'GARCÍA', 'ELIZABET'),
(131070142, 'IIA', 'RAMÍREZ', 'MENDOZA', 'ARMANDO'),
(131070143, 'IIA', 'BRAVO', 'MARTÍNEZ', 'ANDREA'),
(131070144, 'IIA', 'AGUILAR', 'ARMENDARIZ', 'JOSÉ DE JESÚS'),
(131070145, 'IBQ', 'MILANÉS', 'MARTÍNEZ', 'MARISOL'),
(131070146, 'ISI', 'FLORES', 'CASTILLO', 'URIEL ALEJANDRO'),
(131070147, 'IBQ', 'JIMÉNEZ', 'TOLEDO', 'JUAN CARLOS'),
(131070148, 'IGE', 'MURILLO', 'BANDERA', 'GICEL'),
(131070149, 'IIA', 'INIESTRA', 'ZEPEDA', 'LUCIA AXEL'),
(131070150, 'IGE', 'CASARRUBIAS', 'MADRID', 'FRANCISCO EZEQUIEL'),
(131070151, 'IIA', 'SÁNCHEZ', 'VALLE', 'ANSELMO EVARISTO'),
(131070152, 'ISI', 'MORALES', 'RODRÍGREZ', 'HECTOR ISMAEL'),
(131070153, 'IIA', 'DÍAZ', 'MARTÍNEZ', 'MOISÉS ALEJANDRO'),
(131070154, 'IBQ', 'ESCAMILLA', 'VILLANUEVA', 'ZEUS ALEJANDRO'),
(131070155, 'IGE', 'MENDOZA', 'RODRÍGUEZ', 'PASCUAL ALBERTO'),
(131070156, 'IBQ', 'CALZADA', 'VELÁZQUEZ', 'MÓNICA ANDREA'),
(131070157, 'ISI', 'ALANIS', 'OLIVARES', 'MARTHA AYLIN'),
(131070158, 'IGE', 'RETANA', 'CASTRO', 'EDUARDO'),
(131070159, 'IGE', 'CORREA', 'CAPULTITLA', 'ITZAYANN'),
(131070160, 'ISI', 'JIMÉNEZ', 'ORTEGA', 'GRECIA YATZIRI'),
(131070161, 'ISI', 'OLIVARES', 'GARIBAY', 'HOSHI'),
(131070162, 'IIA', 'GARCÍA', 'MENDOZA', 'BRENDA LORENA'),
(131070163, 'ISI', 'LEÓN', 'ROSAS', 'JULIO CÉSAR'),
(131070164, 'IIA', 'RODRÍGUEZ', 'HERNÁNDEZ', 'LUIS MANUEL'),
(131070165, 'ISI', 'BLANCAS', 'JIMÉNEZ', 'ALBERTO'),
(131070166, 'IBQ', 'IBAÑEZ', 'BARRERA', 'VIRIDIANA JOSELIN'),
(131070167, 'IBQ', 'FLORES', 'CONTRERAS', 'VINCENT'),
(131070168, 'ISI', 'FERNÁNDEZ', 'OROZCO', 'EMIR NATANAEL'),
(131070169, 'ISI', 'ROSARIO', 'GERVACIO', 'JESÚS'),
(131070170, 'ISI', 'ALVIRDE', 'SÁNCHEZ', 'YOLANDA'),
(131070171, 'ISI', 'SALAZAR', 'ESPINOZA', 'FELIPE'),
(131070172, 'IGE', 'SALAZAR', 'FLORES', 'JESICA AMIRA'),
(131070173, 'IIA', 'TREJO', 'VILLA', 'ROSA  MARIA'),
(131070174, 'IGE', 'MONROY', 'HERNÁNDEZ', 'IRVING MISAEL'),
(131070175, 'ISI', 'GALINDO', 'MEDINA', 'MANUEL ALBERTO'),
(131070176, 'IIA', 'GUERRERO', 'DÍAZ', 'MARÍA XIADANI'),
(131070177, 'IBQ', 'MIRELES', 'CALDERÓN', 'CARLOS GABRIEL'),
(131070178, 'ISI', 'MADRIGAL', 'TORRES', 'MARIO IVÁN'),
(131070179, 'ISI', 'ESCUDERO', 'TECOZAUTLA', 'JOSÉ ANTONIO'),
(131070180, 'ISI', 'GUERRERO', 'SANTIAGO', 'GLORIA'),
(131070181, 'IBQ', 'PALACIOS', 'VITAL', 'ANDRES'),
(131070182, 'ISI', 'GONZÁLEZ', 'GARDUÑO', 'ANA'),
(131070183, 'ISI', 'OLMOS', 'ROSAS', 'RENÉ'),
(131070184, 'ISI', 'ZARAGOZA', 'GARCÍA', 'MARÍA ISABEL'),
(131070185, 'ISI', 'MARTÍNEZ', 'HERRERA', 'SOCORRO'),
(131070186, 'IBQ', 'BARRERA', 'SALGADO', 'ROSALBA'),
(131070187, 'IGE', 'MEZA', 'GRANDA', 'DIANA LAURA'),
(131070188, 'ISI', 'ISMAEL', 'BOBADILLA', 'PABLO CÉSAR'),
(131070189, 'ISI', 'ARENAS', 'MENDOZA', 'JAIME OCTAVIO'),
(131070190, 'IBQ', 'RAMÍREZ', 'TOLEDO', 'MARCO ANTONIO'),
(131070191, 'IBQ', 'RAMÍREZ', 'TOLEDO', 'BEATRÍZ ALEJANDRA'),
(131070192, 'ISI', 'MOTA', 'MENDOZA', 'ANDRÉS  ARTURO'),
(131070193, 'IBQ', 'GONZÁLEZ', 'PÁEZ', 'JESÚS'),
(131070194, 'ISI', 'VILLANUEVA', 'CATALÁN', 'FREDY ARTURO'),
(131070195, 'IBQ', 'MORENO', 'RAMÍREZ', 'KENIA'),
(131070196, 'ISI', 'PASTOR', 'PÉREZ', 'ANA KAREN'),
(131070197, 'ISI', 'LIÉVANOS', 'SALDAÑA', 'MIRIAM SARAHY'),
(131070198, 'IGE', 'ROMERO', 'FRANCISCO', 'JESÚS EDUARDO'),
(131070199, 'ISI', 'PÉREZ', 'CRUZ', 'ITZEL'),
(131070200, 'IIA', 'HERNÁNDEZ', 'ORTEGA', 'YAZMIN ARELY'),
(131070201, 'IGE', 'GUTIÉRREZ', 'CORNEJO', 'ANA KAREN'),
(131070202, 'ISI', 'HERNÁNDEZ', 'ORTEGA', 'ROCIO BERENICE'),
(131070203, 'ISI', 'RODRÍGUEZ', 'ESPINOSA', 'EDUARDO'),
(131070204, 'ISI', 'RIVERA', 'FLORES', 'EMMANUEL OMAR'),
(131070205, 'ISI', 'FLORES', 'ARZATE', 'ÁNGEL ADRIAN'),
(131070206, 'IIA', 'GALÍCIA', 'OLIVOS', 'EMANUEL'),
(131070207, 'IBQ', 'GONZÁLEZ', 'SÁNCHEZ', 'IVÁN'),
(131070208, 'IGE', 'RUEDA', 'ALVARADO', 'KARINA LETICIA'),
(131070209, 'IIA', 'POMPOSO', 'RODRÍGUEZ', 'JESSICA'),
(131070210, 'IBQ', 'CUAXOSPA', 'SERRALDE', 'SAMANTHA MONTSERRAT'),
(131070211, 'ISI', 'HERNÁNDEZ', 'CORTES', 'EDUARDO'),
(131070212, 'ISI', 'MARTÍN', 'BAUTISTA', 'ERICK ARTURO'),
(131070213, 'IGE', 'VALDÉZ', 'RONQUILLO', 'IVÁN'),
(131070214, 'ISI', 'PEDRAZA', 'ÁVILA', 'BRENDA SAMANTA'),
(131070215, 'ISI', 'MORENO', 'ZÚÑIGA', 'LUIS ENRIQUE'),
(131070216, 'IBQ', 'PÉREZ', 'AYALA', 'SERGIO'),
(131070217, 'ISI', 'LÓPEZ', 'TAPIA', 'GEOVANI'),
(131070218, 'IBQ', 'GONZÁLEZ', 'FERRIS', 'CELSO'),
(131070219, 'ISI', 'RUBIO', 'BAUTISTA', 'NANCY'),
(131070220, 'IGE', 'CHÁVEZ', 'SALAZAR', 'LUIS'),
(131070221, 'IGE', 'ROMERO', 'LOBERA', 'ANA KAREN'),
(131070222, 'ISI', 'PÉREZ', 'GARCÍA', 'KARLA YADEN'),
(131070223, 'ISI', 'ISMAEL', 'ACEVEDO', 'RAÚL JARET'),
(131070224, 'ISI', 'PIÑA', 'FLORES', 'LUIS EMILIO'),
(131070225, 'IGE', 'PUENTE', 'MATEO', 'XIMENA'),
(131070226, 'IIA', 'RUFINO', 'RAMOS', 'MARÍA DEL CARMEN'),
(131070227, 'IBQ', 'FLORES', 'MARTÍNEZ', 'PATRICIA SARAI'),
(131070228, 'IGE', 'AGUIRRE', 'GARCÍA', 'JUAN CARLOS'),
(131070229, 'ISI', 'ROSAS', 'LUIS', 'JABEL'),
(131070230, 'IBQ', 'NEYRA', 'DELGADO', 'NATALY ZULEYMA'),
(131070231, 'IIA', 'ORTÍZ', 'CRUZ', 'CRUZ ALEXIS'),
(131070232, 'IBQ', 'VARGAS', 'HERNÁNDEZ', 'DANIELA'),
(131070233, 'IGE', 'CASTRO', 'GONZÁLEZ', 'ADRIANA CHEYENE'),
(131070234, 'IBQ', 'GARCÍA', 'ACEVEDO', 'IVÁN'),
(131070235, 'IIA', 'FLORES', 'SOLARES', 'CINTHYA ARIADNE'),
(131070236, 'IBQ', 'GARCÉS', 'ÁLVAREZ', 'SERGIO ENRIQUE'),
(131070237, 'IBQ', 'ROSAS', 'REYES', 'RUTH KAREN'),
(131070238, 'IIA', 'ATAYDE', 'MARTÍNEZ', 'DANIELA PILAR'),
(131070239, 'ISI', 'VILLAMAR', 'GARCÍA', 'CARLOS'),
(131070240, 'IGE', 'ROSAS', 'GONZÁLEZ', 'OSDALI'),
(131070241, 'IGE', 'CASTAÑEDA', 'BERMEJO', 'KARLA IRAIS'),
(131070242, 'IGE', 'MEDINA', 'GALVÁN', 'ISABEL'),
(131070243, 'IGE', 'CAMACHO', 'IGLESIAS', 'OSCAR NOÉ'),
(131070244, 'ISI', 'PÉREZ', 'HERNÁNDEZ', 'TANIA'),
(131070245, 'ISI', 'JIMÉNEZ', 'VÁZQUEZ', 'JAVIER NETZO-KAO'),
(131070246, 'IBQ', 'ALDAMA', 'PIEDRA', 'RAÚL'),
(131070247, 'IGE', 'CAMPOS', 'ESCOBAR', 'ALEJANDRA GISELA'),
(131070248, 'IBQ', 'GONZÁLEZ', 'ELIAS', 'JORGE'),
(131070249, 'IIA', 'RAMÍREZ', 'SERRALDE', 'DIEGO FERNANDO'),
(131070250, 'IBQ', 'IBARRA', 'QUIROGA', 'DULCE KALI'),
(131070251, 'ISI', 'ISIDORO', 'PICHARDO', 'MARIBEL'),
(131070252, 'ISI', 'BELLO', 'CISNEROS', 'JESÚS ENRIQUE'),
(131070253, 'ISI', 'PONCE', 'MIRANDA', 'CARLO ANDRÉ'),
(131070254, 'ISI', 'MEDINA', 'VÁZQUEZ', 'NAYELI'),
(131070255, 'ISI', 'SANTIAGO', 'CURIEL', 'SERGIO'),
(131070256, 'IGE', 'AVILES', 'ZEPEDA', 'DANIEL'),
(131070257, 'IBQ', 'PIEDRA', 'GARCÍA', 'FRANCISCO  JAVIER'),
(131070258, 'IIA', 'HUERTA', 'TAPIA', 'ALIX JUNUIN'),
(131070259, 'IBQ', 'COTERO', 'GÓMEZ', 'CÉSAR GILBERTO'),
(131070260, 'IGE', 'SANTOS', 'LUZ', 'LIZBETH'),
(131070261, 'IGE', 'URRUTIA', 'JIMÉNEZ', 'ALAN'),
(131070262, 'IIA', 'GAMIÑO', 'VERA', 'ROSA ELENA'),
(131070263, 'IBQ', 'GUEVARA', 'MILLAN', 'RAÚL'),
(131070264, 'IBQ', 'GÓMEZ', 'SANTANA', 'KARLA FABIOLA'),
(131070265, 'IBQ', 'CIRNES', 'ROJAS', 'ELIZABETH'),
(131070266, 'IBQ', 'MEZA', 'HERNÁNDEZ', 'VALENTIN'),
(131070267, 'IIA', 'PINEDA', 'VIGUERAS', 'ALEJANDRA'),
(131070268, 'IIA', 'GARRIDO', 'MORENO', 'YOZELINE'),
(131070269, 'IBQ', 'TENORIO', 'GALARZA', 'ERIK'),
(131070270, 'IIA', 'CHÁVEZ', 'ROSALES', 'MARIANA'),
(131070271, 'IGE', 'VILLANUEVA', 'CATALAN', 'ISKRA ERANDI'),
(131070272, 'IIA', 'MALDONADO', 'RUIZ', 'ARTURO'),
(131070273, 'IBQ', 'LÓPEZ', 'MUJICA', 'MARTIN ALAIN'),
(131070274, 'IBQ', 'FLORES', 'CASTILLO', 'JOEL'),
(131070275, 'IIA', 'RAMOS', 'CORELLA', 'JESICA'),
(131070276, 'IBQ', 'CALZADA', 'NAVA', 'ENRIQUE'),
(131070277, 'IBQ', 'FUENTES', 'NIETO', 'IGNACIO'),
(131070278, 'IGE', 'HERNÁNDEZ', 'BLANCO', 'GABRIELA'),
(131070279, 'ISI', 'ROMERO', 'DALMÁN', 'HÉCTOR'),
(131070280, 'IGE', 'ZERTUCHE', 'ROMERO', 'DANIEL'),
(131070281, 'IGE', 'RODRÍGUEZ', 'JÁCOME', 'ISMAEL'),
(131070282, 'IGE', 'LÓPEZ', 'MARTÍNEZ', 'JESÚS ALFREDO'),
(131070283, 'IGE', 'RODRÍGUEZ', 'GARCÍA', 'ALBERTO ESTEBAN'),
(131070284, 'IGE', 'ESQUEDA', 'CORTÉS', 'EMMA'),
(131070285, 'ISI', 'FLORES', 'GUERRERO', 'ROGELIO'),
(131070286, 'IBQ', 'VÁZQUEZ', 'LUCIANO', 'ANA VALERIA'),
(131070287, 'IBQ', 'VÁZQUEZ', 'COHETERO', 'KARLA NALLELY'),
(131070288, 'IBQ', 'HIDALGO', 'BARANDA', 'KATIA YAMILED'),
(131070289, 'IBQ', 'GONZÁLEZ', 'GONZÁLEZ', 'DIANA KARIME'),
(131070290, 'IBQ', 'FELIPE', 'GUZMÁN', 'VERÓNICA'),
(131070291, 'IBQ', 'GOMÉZ', 'FLORES', 'CRISTIAN  YAIR'),
(131070292, 'IGE', 'GARCÍA', 'CERVANTES', 'GABRIELA'),
(131070293, 'ISI', 'VALLADO', 'RAMÍREZ', 'YONATAN'),
(131070294, 'IGE', 'NEGRETE', 'HERNÁNDEZ', 'SANDY LUCERO'),
(131070295, 'ISI', 'LEÓN', 'RUEDA', 'FAUSTO ARMANDO'),
(131070296, 'IGE', 'ALVARADO', 'LÓPEZ', 'BRENDA'),
(131070297, 'IBQ', 'BASTIDA', 'BASTIDA', 'JOSÉ TONATHIU'),
(131070298, 'IIA', 'MARTÍNEZ', 'GUZMÁN', 'MARIEL IZBETH'),
(131070299, 'IGE', 'PEÑA', 'MENDOZA', 'MARISELA'),
(131070300, 'ISI', 'AGUILAR', 'RAMÍREZ', 'BERNARDINO'),
(131070301, 'IGE', 'AVIÑA', 'MENDOZA', 'XOCHITL'),
(131070302, 'ISI', 'JURADO', 'MEDINA', 'JORGE ALBERTO'),
(131070303, 'IGE', 'JIMÉNEZ', 'SOLARES', 'KAREN PAOLA'),
(131070304, 'IGE', 'INCLÁN', 'CONTRERAS', 'JESICA YESENIA'),
(131070305, 'IBQ', 'GALINDO', 'MIRANDA', 'JESÚS DAVID'),
(131070306, 'IGE', 'INCLÁN', 'CONTRERAS', 'ERICK GEOVANNY'),
(131070307, 'IGE', 'PÉREZ', 'MORENO', 'GUSTAVO'),
(131070308, 'IGE', 'RUÍZ', 'AGUILA', 'ERIKA BERENICE'),
(131070309, 'IGE', 'URIBE', 'ALANIS', 'ZAIRA'),
(131070310, 'ISI', 'REYES', 'OLIVARES', 'RODRIGO'),
(131070311, 'IGE', 'SILVA', 'MARTÍNEZ', 'MARÍA DE LOS ÁNGELES'),
(131070312, 'ISI', 'MORALES', 'CRUZ', 'SERGIO FABIAN'),
(131070313, 'IIA', 'SANTAMARÍA', 'JUÁREZ', 'KAREN ALEJANDRA'),
(131070314, 'IGE', 'LOAEZA', 'HERNÁNDEZ', 'MAYVIT'),
(131070315, 'IBQ', 'ROJAS', 'CALDERAS', 'KENNY'),
(131070316, 'IGE', 'DÁVILA', 'LAZCANO', 'NADIA GABRIELA'),
(131070317, 'IIA', 'VÁZQUEZ', 'PERETE', 'HAZAEL'),
(131070318, 'IGE', 'QUIROZ', 'PEÑA', 'KAREN ITZEL'),
(131070319, 'IBQ', 'SÁNCHEZ', 'CARRILLO', 'GRISEL KATIA'),
(131070320, 'IBQ', 'ALONSO', 'LIMA', 'OSCAR'),
(131070321, 'IBQ', 'MONTERO', 'IBÁÑEZ', 'DIANA LAURA'),
(131070322, 'IBQ', 'ROSALES', 'MARTÍNEZ', 'VLADIMIR'),
(131070323, 'IGE', 'GONZÁLEZ', 'SANTOS', 'JOSÉ ALEX'),
(131070324, 'ISI', 'AGUILA', 'PALAFOX', 'ISAAC AGUSTÍN'),
(131070325, 'ISI', 'CAMPOS', 'GONZÁLEZ', 'DIEGO ALBERTO'),
(131070326, 'IBQ', 'GARCÍA', 'RIVERA', 'LUIS ANTONIO'),
(131070327, 'ISI', 'PÁEZ', 'NAVA', 'IVÁN'),
(131070328, 'IGE', 'REYES', 'FLORES', 'DIEGO FELIPE'),
(131070329, 'ISI', 'NAJERA', 'MARALES', 'ALEJANDRA'),
(131070330, 'IGE', 'MARTÍNEZ', 'VILLANUEVA', 'MARIO ALBERTO'),
(131070331, 'IBQ', 'VÁZQUEZ', 'ALARCÓN', 'JANETH'),
(131070332, 'ISI', 'LULE', 'MEDINA', 'JUAN MANUEL'),
(131070333, 'IIA', 'ISLAS', 'MEZA', 'YERENI'),
(131070334, 'ISI', 'YÁÑEZ', 'SOLÍS', 'EUNISE DAMARIS'),
(131070335, 'ISI', 'JUSTO', 'DOMINGUEZ', 'RODRIGO'),
(131070336, 'ISI', 'RAMÍREZ', 'CORONADO', 'MIGUEL DE JESÚS'),
(131070337, 'IBQ', 'LÓPEZ', 'ROMERO', 'KATTIA ALONDRA'),
(131070338, 'ISI', 'GARCÍA', 'VARGAS', 'GABRIELA'),
(131070339, 'IBQ', 'MIGUEL', 'RAYÓN', 'KAREN JUNUE'),
(131070340, 'ISI', 'TORRES', 'NIEVES', 'LUIS JESÚS'),
(131070341, 'IBQ', 'FRANCO', 'NAZARIO', 'ANDREA GUDALUPE'),
(131070342, 'ISI', 'ANGELES', 'MARTÍNEZ', 'ANAHI'),
(131070343, 'ISI', 'HUERTA', 'DÍAZ', 'MIGUEL ÁNGEL'),
(131070344, 'ISI', 'BARRIOS', 'CONTRERAS', 'AZAREL'),
(131070345, 'IIA', 'CRUZ', 'HERNÁNDEZ', 'LEONARDO ALFONSO'),
(131070346, 'IGE', 'TORRES', 'RAMOS', 'CLAUDIA'),
(131070347, 'IGE', 'MAY', 'ALQUISIRA', 'JESSICA KEREN'),
(131070348, 'ISI', 'CIRILO', 'MATA', 'CÉSAR'),
(131070349, 'IGE', 'GALICÍA', 'GARRIDO', 'ALEJANDRO'),
(131070350, 'IGE', 'ELIZALDE', 'CERÓN', 'LUIS DAVID'),
(131070351, 'IBQ', 'REYES', 'GARCÍA', 'MAURICIO'),
(131070352, 'ISI', 'TRINIDAD', 'HERNÁNDEZ', 'DIEGO'),
(131070353, 'IGE', 'AVILÉS', 'SOLARES', 'BRYAN ORLANDO'),
(131070354, 'IGE', 'REYES', 'GONZÁLEZ', 'ARMANDO'),
(131070355, 'IGE', 'ARROYO', 'TORRES', 'KATIA NOEMI'),
(131070356, 'ISI', 'GARCÍA', 'CASTILLO', 'SARA YAZMIN'),
(131070357, 'ISI', 'GARCÍA', 'CASTILLO', 'CRISTIAN IVÁN'),
(131070358, 'ISI', 'MARTÍNEZ', 'GALINDO', 'ANAHI'),
(131070359, 'IGE', 'TAPIA', 'TÉLLEZ', 'ALONDRA'),
(131070360, 'ISI', 'MELÉNDEZ', 'BECERRIL', 'LEONEL'),
(131070361, 'IGE', 'HERNÁNDEZ', 'RAMOS', 'WENDY ITZEL'),
(131070362, 'IIA', 'CRUZ', 'ROJAS', 'JOVANNI'),
(131070363, 'IGE', 'RENTERIA', 'GANZÁLEZ', 'ABRAHAM'),
(131070364, 'ISI', 'BONILLA', 'GARCÍA', 'ABINADAB NOÉ'),
(131070365, 'IGE', 'ROJAS', 'ESTRADA', 'JAIR ALEJANDRO'),
(131070366, 'IGE', 'CHÁVEZ', 'MARTELL', 'BERENICE'),
(131070367, 'IBQ', 'MARTÍNEZ', 'CENTENO', 'SAMUEL'),
(131070368, 'IGE', 'SOTO', 'ROJAS', 'PAMELA'),
(131070369, 'IGE', 'ROMERO', 'POZOS', 'IVÁN'),
(131070370, 'IGE', 'ROMERO', 'GALICIA', 'MARÍA DEL ROCIO'),
(131070380, 'ISI', 'HENÁNDEZ', 'PANTALEÓN', 'ARTURO'),
(131070381, 'ISI', 'MORALES', 'HENÁNDEZ', 'IVÁN'),
(131070382, 'ISI', 'TENORIO', 'ALARID', 'JOSÉ JUAN'),
(131070383, 'ISI', 'TLATELPA', 'MEDINA', 'GUSTAVO ABEL'),
(131070384, 'ISI', 'GARCÍA', 'FLORES', 'JOSÉ  PEDRO'),
(131110119, 'IBQ', 'AMEZCUA', 'PINEDA', 'ELIZABETH'),
(131200060, 'IGE', 'VILCHIS', 'REMIGIO', 'GRACIELA'),
(131200122, 'ISI', 'LÓPEZ', 'GARCÍA', 'DANIEL'),
(141070001, 'IGE', 'LÓPEZ', 'OLALDE', 'JUAN CARLOS'),
(141070002, 'IGE', 'JUÁREZ', 'GARCÍA', 'MINERVA'),
(141070003, 'ISI', 'RODRIGUEZ', 'GONZÁLEZ', 'ISAAC'),
(141070004, 'ISI', 'RODRÍGUEZ', 'GALLARDO', 'HEBER ISAI'),
(141070005, 'IBQ', 'ROJAS', 'HURIETA', 'ARMANDO ARTURO'),
(141070006, 'IGE', 'RIVERA', 'FLORES', 'LUIS ARTURO'),
(141070007, 'IGE', 'JARDON', 'RODRÍGUEZ', 'JORDY'),
(141070008, 'IGE', 'ESTRADA', 'FLORES', 'AXEL DAMIAN'),
(141070009, 'ISI', 'GONZÁLEZ', 'ORAN', 'DIANA'),
(141070010, 'IGE', 'TREJO', 'BECERRIL', 'ALFONSO'),
(141070011, 'IBQ', 'NAVARRETE', 'FLORES', 'EDUARDO'),
(141070012, 'ISI', 'BARAJAS', 'GARCÍA', 'ALEJANDRO'),
(141070013, 'IBQ', 'AGUIRRE', 'HERNÁNDEZ', 'ANA LAURA'),
(141070014, 'ISI', 'HERRERA', 'FALFÁN', 'MANUEL'),
(141070015, 'IGE', 'LÓPEZ', 'ALCANTARA', 'KAREN'),
(141070016, 'IGE', 'RAMOS', 'CHÁVEZ', 'JESÚS'),
(141070017, 'IGE', 'MATEOS', 'MARTÍNEZ', 'FERNANDO'),
(141070018, 'IIA', 'CHAVARRIA', 'BERMEJO', 'MARCOS CARLOS'),
(141070019, 'ISI', 'FIGUEROA', 'GARCÍA', 'EMILIANO ULISES'),
(141070020, 'ISI', 'LULE', 'MEDINA', 'JUAN MANUEL'),
(141070021, 'ISI', 'HERNÁNDEZ', 'GARCÍA', 'MARTÍN'),
(141070022, 'ISI', 'ROSALES', 'TAFOYA', 'IVAN ALEJANDRO'),
(141070023, 'IGE', 'HERNÁNDEZ', 'CABRERA', 'GLORIA ARACELI'),
(141070024, 'IBQ', 'CORONA', 'GUTIÉRREZ', 'ESTEBAN DE JESÚS'),
(141070025, 'IGE', 'PÉREZ', 'HERNÁNDEZ', 'BRENDA KARINA'),
(141070026, 'ISI', 'HERNÁNDEZ', 'SANTOS', 'EDUARDO'),
(141070027, 'IGE', 'VELASCO', 'HERNÁNDEZ', 'MIGUEL ÁNGEL'),
(141070028, 'IGE', 'RAMÍREZ', 'SALAZAR', 'MOISÉS'),
(141070029, 'IGE', 'HERNÁNDEZ', 'MÉNDEZ', 'VICENTE'),
(141070030, 'IGE', 'VELASCO', 'RODRÍGUEZ', 'VALENTE'),
(141070031, 'IGE', 'PÉREZ', 'AVILA', 'LUZ MARÍA'),
(141070032, 'ISI', 'SANTIAGO', 'NOYOLA', 'ALDO'),
(141070033, 'IGE', 'FLORES', 'ROMERO', 'ANTONÍO DE JESÚS'),
(141070034, 'ISI', 'GONZÁLEZ', 'SÁNCHEZ', 'CARLOS ALBERTO'),
(141070035, 'ISI', 'FRANCO', 'GÓMEZ', 'JOSÉ ADRIAN'),
(141070036, 'ISI', 'FLORES', 'ROSALES', 'MARCO ANTONIO'),
(141070037, 'IIA', 'CRUZ', 'ROMERO', 'FABIOLA'),
(141070038, 'IIA', 'GÓMEZ', 'MARTÍNEZ', 'LUIS JAVIER'),
(141070039, 'ISI', 'MACIAS', 'LÒPEZ', 'JONATHAN OMAR'),
(141070040, 'IGE', 'ROSAS', 'PUEBLITA', 'CYNTHIA'),
(141070041, 'ISI', 'ROSAS', 'LUIS', 'JABEL'),
(141070042, 'IGE', 'ARROYO', 'TORRES', 'KATIA NOEMI'),
(141070043, 'IBQ', 'SANTIAGO', 'GARCÌA', 'MARILÙ'),
(141070044, 'IIA', 'GUERRERO', 'DÌAZ', 'MARÌA XIADANI'),
(141070045, 'ISI', 'JIMÉNEZ', 'VÁZQUEZ', 'JAVIER NETZO-KAO'),
(141070046, 'ISI', 'ROSAS', 'FLORES', 'FELIX'),
(141070047, 'ISI', 'URBINA', 'AVILA', 'GUSTAVO AMIEL'),
(141070048, 'IBQ', 'GARCÌA', 'BERROCAL', 'LUIS DAVID'),
(141070049, 'ISI', 'OLVERA', 'VELÁZQUEZ', 'SERGIO DANIEL'),
(141070050, 'IBQ', 'FLORES', 'RANGEL', 'LAURA'),
(141070051, 'IGE', 'ZARCO', 'MELENDEZ', 'JAMES EDUARDO'),
(141070052, 'IBQ', 'MORALES', 'MARTÍNEZ', 'HAMLET ALONSO'),
(141070053, 'IBQ', 'PARRA', 'JUAREZ', 'KENIA'),
(141070054, 'IBQ', 'CHÁVEZ', 'MENDEZ', 'MARTHA CATALINA'),
(141070055, 'IGE', 'MEDINA', 'GALVÁN', 'ISABEL'),
(141070056, 'ISI', 'COLÍN', 'JIMÉNEZ', 'SILVIA GUADALUPE'),
(141070057, 'IBQ', 'GUTIÉRREZ', 'BASULTO', 'EDUARDO ALFONSO'),
(141070058, 'IBQ', 'MENDEZ', 'MENDOZA', 'MICHEL'),
(141070059, 'IGE', 'IBÁÑEZ', 'CELIS', 'DANIELA'),
(141070060, 'IIA', 'CHIMALPOPOCA', 'BERMUDEZ', 'DAVID'),
(141070061, 'IGE', 'BANDERA', 'RODRÍGUEZ', 'DAVID'),
(141070062, 'IBQ', 'LEIJA', 'HERNÁNDEZ', 'ALEJANDRO'),
(141070063, 'IGE', 'BONILLA', ' MARTÍNEZ', 'ALDAIR'),
(141070064, 'IGE', 'LAUREL', 'RODRÍGUEZ', 'ADELA'),
(141070065, 'ISI', 'MARTÍNEZ', 'LAGUNAS', 'JOSÉ EDUARDO'),
(141070066, 'IBQ', 'MARTÍNEZ', 'CANTO', 'DANELLY GUADALUPE'),
(141070067, 'IGE', 'CAMPOS', 'ENRÍQUEZ', 'VÍCTOR'),
(141070068, 'IBQ', 'HERNÁNDEZ', 'PÉREZ', 'SALVADOR'),
(141070069, 'IBQ', 'REZA', 'BAUTISTA', 'LUCERO'),
(141070070, 'IBQ', 'CABAÑAS', 'GUZMÁN', 'ERIKA'),
(141070071, 'IIA', 'GUEVARA', 'BERMEJO', 'JOSÉ URIEL'),
(141070072, 'ISI', 'SÁNCHEZ', 'GUTIÉRREZ', 'RICARDO MARTÍN'),
(141070073, 'IGE', 'MARTÍNEZ', 'GARCIA', 'VIANEY SINAI'),
(141070074, 'IGE', 'MERIDA', 'ORTEGA', 'JONATHAN ANTONIO'),
(141070075, 'IIA', 'GARRIDO', 'SALDAÑA', 'BRENDA ITZEL'),
(141070076, 'IGE', 'CLEMENTE', 'RAMÓN', 'REYNA'),
(141070077, 'IIA', 'MARTÍNEZ', 'REMIGIO', 'ROSA BELÉN'),
(141070078, 'IIA', 'MARTÍNEZ', 'REMIGIO', 'MARCO ANTONIO'),
(141070079, 'ISI', 'CASTILLO', 'HURTADO', 'JONATHAN'),
(141070080, 'ISI', 'ROSAS', 'TORRES', 'DIANA GUADALUPE'),
(141070081, 'IGE', 'LOZANO', 'MEDINA', 'JORGE HUMBERTO'),
(141070082, 'ISI', 'RODRÍGUEZ', 'ALVAREZ', 'KARINA'),
(141070083, 'ISI', 'RAMÍREZ', 'GONZÁLEZ', 'ARMANDO'),
(141070084, 'ISI', 'MUÑOZ', 'CRUZ', 'BELEM ADRIANA'),
(141070085, 'IIA', 'PEDRAZA', 'PEDRAZA', 'ÁNGELES ROCÍO'),
(141070086, 'IGE', 'ZAMORA', 'SÁNCHEZ', 'STEPHANY'),
(141070087, 'ISI', 'RAMÍREZ', 'CASTILLO', 'KARLA IVONNE'),
(141070088, 'IBQ', 'GARCÍA', 'PEÑA', 'VIRIDIANA'),
(141070089, 'IGE', 'MATEOS', 'MARTÍNEZ', 'RAÚL'),
(141070090, 'ISI', 'LÓPEZ', 'TORRES', 'XAVIER ALEJANDRO'),
(141070091, 'ISI', 'GARCÍA', 'GARCÉS', 'EMILIO'),
(141070092, 'ISI', 'AVILA', 'SÁNCHEZ', 'ULISES'),
(141070093, 'ISI', 'FLORES', 'BECERRIL', 'DARINKA CECILIA'),
(141070094, 'ISI', 'VELASCO', 'TOLEDO', 'MARIO'),
(141070095, 'ISI', 'PASCUAL', 'MUNDO', 'DEYANIRA'),
(141070096, 'IGE', 'RAMÍREZ', 'ARIAS', 'BLANCA JAZMÍN'),
(141070097, 'ISI', 'LUNA', 'CASTELLANOS', 'LUIS FELIPE'),
(141070098, 'ISI', 'SANTANA', 'FLORES', 'LEONARDO'),
(141070099, 'IBQ', 'DEL MONTE', 'GARCÍA', 'RODRIGO'),
(141070100, 'IGE', 'HERNÁNDEZ', 'SOLARES', 'ESTEFANIA'),
(141070101, 'IGE', 'CERVANTES', 'ENRIQUEZ', 'GABRIELA'),
(141070102, 'ISI', 'RODRÍGUEZ', 'RAMÍREZ', 'LUIS ARTURO'),
(141070103, 'IBQ', 'FLORES', 'BENÍTEZ', 'ALEJANDRA'),
(141070104, 'IGE', 'OLVERA', 'AQUINO', 'FERNANDA PRISCILA'),
(141070105, 'IIA', 'MENDOZA', 'ESCAMILLA', 'FERNANDO ALBERTO'),
(141070106, 'IBQ', 'SANTOS', 'ENGRACIA', 'ANA KARINA'),
(141070107, 'IIA', 'CABALLERO', 'MEDINA', 'LEIDY BERENICE'),
(141070108, 'ISI', 'CASTAÑEDA', 'VÁZQUEZ', 'LUISA MARÍA'),
(141070109, 'IIA', 'LAGARZA', 'MEZA', 'CELESTE'),
(141070110, 'IIA', 'ARGUETA', 'VÁZQUEZ', 'GUADALUPE'),
(141070111, 'ISI', 'GARCÍA', 'CARRIZOSA', 'JOSÉ JUAN'),
(141070112, 'ISI', 'CORTES', 'HERNÁNDEZ', 'EDUARDO'),
(141070113, 'IGE', 'URBINA', 'QUIROZ', 'EMMANUEL'),
(141070114, 'IGE', 'RENDON', 'SEGURA', 'RUBEN ROGELIO'),
(141070115, 'IBQ', 'FLORES', ' ALVARADO', 'MISSAEL'),
(141070116, 'IBQ', 'DIAZ', 'GÓMEZ', 'VIANEY'),
(141070117, 'IGE', 'MORENO', 'MIGUEL', 'ESTEFANY NALLELI'),
(141070118, 'IIA', 'VIGIL', 'MARTÍNEZ', 'VÍCTOR MANUEL'),
(141070119, 'IBQ', 'CEDILLO', 'RETANA', 'QUETZALLI DENNIS'),
(141070120, 'ISI', 'BOLLAS', 'AGUIRRE', 'EDUARDO'),
(141070121, 'IBQ', 'MUÑOZ', 'MIRANDA', 'LIVIA MONSERRATH'),
(141070122, 'ISI', 'VENEGAS', 'CAMACHO', 'MARIO ENRIQUE'),
(141070123, 'IIA', 'IBARRA', 'POZO', 'ANA KAREN'),
(141070124, 'ISI', 'ENCARNACIÓN', 'RAMÍREZ', 'MIRIAM'),
(141070125, 'IGE', 'MORENO', 'MIGUEL', 'CLAUDIA ESTEFANY'),
(141070126, 'IBQ', 'MEDELLÍN', 'PÉREZ', 'BRANDÓN HOBART'),
(141070127, 'ISI', 'DE LA CRUZ', 'LOPEZ', 'BRAULIO OMAR'),
(141070128, 'IBQ', 'ACUAUTLA', 'FLORES', 'ADRIANA'),
(141070129, 'IGE', 'CUELLAR', 'HERNÁNDEZ', 'HECTOR JAVIER'),
(141070130, 'IBQ', 'VALENCIA', 'CHIMAL', 'YENIFER'),
(141070131, 'IGE', 'PÉREZ', 'BECERRIL', 'JORGE'),
(141070132, 'IGE', 'LUIS', 'HERNÁNDEZ', 'SAMUEL'),
(141070133, 'ISI', 'LAVARA', 'SÁNCHEZ', 'SAMUEL'),
(141070134, 'ISI', 'SANTIAGO', 'MENDOZA', 'ARTURO IVÁN'),
(141070135, 'IIA', 'JIMÉNEZ', 'SANTIAGO', 'ISAAC EMMANUEL'),
(141070136, 'IIA', 'REYES', 'ALMAZAN', 'VICTOR HUGO'),
(141070137, 'ISI', 'GÓMEZ', 'MENDOZA', 'CHRISTIAN  MANUEL'),
(141070138, 'IIA', 'LIMA', 'PALMA', 'ANGÉLICA'),
(141070139, 'IGE', 'DE LA CRUZ', 'MARTÍNEZ', 'CANDIDA'),
(141070140, 'IGE', 'DIAZ', 'OLIVERA', 'VIRIDIANA'),
(141070141, 'IBQ', 'ORTÍZ', 'LÓPEZ', 'RODRÍGO'),
(141070142, 'IGE', 'CARRERA', 'CERQUEDA', 'ALEJANDRO'),
(141070143, 'ISI', 'CALDIÑO', 'VALLE', 'ULISES'),
(141070144, 'ISI', 'GALINDO', 'JIMÉNEZ', 'ABNER SABDIEL'),
(141070145, 'ISI', 'ALFARO', 'RAMÍREZ', 'ADIEL'),
(141070146, 'IIA', 'PÉREZ', 'GONZÁLEZ', 'CARLOS ALBERTO'),
(141070147, 'IGE', 'ALONSO', 'HERNÁNDEZ', 'DIANA LAURA'),
(141070148, 'IGE', 'INTZIN', 'GUTIÉRREZ', 'CÉSAR'),
(141070149, 'IBQ', 'TOLEDO', 'OLMOS', 'DAVID'),
(141070150, 'ISI', 'MARTÍNEZ', 'PEREDO', 'ORLANDO'),
(141070151, 'IBQ', 'ABAD', 'MEZA', 'PAULA ELIZABETH'),
(141070152, 'IBQ', 'CHÁVEZ', 'HERNÁNDEZ', 'MAURO EDUARDO'),
(141070153, 'ISI', 'OLVERA', 'IBARRA', 'JUAN LUIS'),
(141070154, 'IIA', 'ROJAS', 'JIMÉNEZ', 'MARÍA DEL PILAR'),
(141070155, 'IBQ', 'TORRES', 'ZAMORA', 'MARÍA ISABEL'),
(141070156, 'IGE', 'CRUZ', 'LIMAS', 'DANTE'),
(141070157, 'IBQ', 'LIRA', 'ZAVALA', 'DIANA MILDRED'),
(141070158, 'IIA', 'CID', 'LUNA', 'AIMEE ITZEL'),
(141070159, 'ISI', 'DOSAMANTES', 'BARAJAS', 'ADRIAN'),
(141070160, 'IGE', 'GARCÍA', 'ARZATE', 'MARÍA ISABEL'),
(141070161, 'IIA', 'OSORIO', 'OROZCO', 'LEOBARDO'),
(141070162, 'IBQ', 'RAMÍREZ', 'TORRES', 'DANIEL'),
(141070163, 'IIA', 'LÓPEZ', 'LEAL', 'MARÍA DEL ROCIO'),
(141070164, 'ISI', 'ALAMO', 'MEDINA', 'BRAULIO DAVID'),
(141070165, 'ISI', 'RAMÍREZ', 'BARANDA', 'JOSÉ DE JESÚS'),
(141070166, 'ISI', 'ALAMO', 'MEDINA', 'DIEGO SEBASTIAN'),
(141070167, 'IBQ', 'REYNOSO', 'VALDÉZ', 'DANIEL ANTONIO'),
(141070168, 'IBQ', 'RAMOS', 'FLORES', 'JOSÉ ANTONIO'),
(141070169, 'ISI', 'PEREDO', 'CRUZ', 'OSWALDO ALEXIS'),
(141070170, 'IGE', 'ACERO', 'VILLASEÑOR', 'DIANA MARLENE'),
(141070171, 'IIA', 'MARTÍNEZ', 'MOLINA', 'BELÉN'),
(141070172, 'IGE', 'LÓPEZ', 'ARCOS', 'MIGUEL ÁNGEL'),
(141070173, 'IIA', 'ESPINOZA', 'JIMÉNEZ', 'ERIKA SARAHI'),
(141070174, 'ISI', 'DOSAMANTES', 'BARAJAS', 'ANDRÉS'),
(141070175, 'IBQ', 'SALGADO', 'URIOSTIGUE', 'ROBERTO'),
(141070176, 'IGE', 'SÁNCHEZ', 'MEDINA', 'ERIKA'),
(141070177, 'IGE', 'VILCHIS', 'ORTEGA', 'ROSA MARÍA'),
(141070178, 'IGE', 'ARCOS', 'RETÍZ', 'PABLO DANIEL'),
(141070179, 'IIA', 'MORENO', 'QUINTERO', 'RENÉ'),
(141070180, 'ISI', 'CAMACHO', 'SILVA', 'DANIEL'),
(141070181, 'IBQ', 'AVILA', 'GONZÁLEZ', 'SANDRA'),
(141070182, 'IBQ', 'GUERRERO', 'GARCÍA', 'MARTHA PATRICIA'),
(141070183, 'IBQ', 'CHÁVEZ', 'GONZÁLEZ', 'ABIGAIL'),
(141070184, 'ISI', 'MONROY', 'PLATA', 'MARCO URIEL'),
(141070185, 'IBQ', 'REYES', 'CABAÑAS', 'JESÚS MANUEL'),
(141070186, 'IIA', 'PADILLA', 'GUTIÉRREZ', 'VIRIDIANA'),
(141070187, 'IGE', 'PADILLA', 'GUTIÉRREZ', 'JERÓNIMO'),
(141070188, 'IGE', 'LAMA', 'MARTÍNEZ', 'ALEXANDRA JOCELYN'),
(141070189, 'IBQ', 'RODAS', 'RESENDIZ', 'MARÍA GUADALUPE'),
(141070190, 'IBQ', 'RETANA', 'LÓPEZ', 'YARENI'),
(141070191, 'IGE', 'COLÍN', 'ROSALES', 'ARELY'),
(141070192, 'IBQ', 'OSORIO', 'VALDEZ', 'GABRIELA'),
(141070193, 'ISI', 'MARTÍNEZ', 'ROJAS', 'ORLANDO'),
(141070194, 'ISI', 'MORENO', 'ZUÑIGA', 'MARIO ALEJANDRO'),
(141070195, 'IIA', 'RANCAÑO', 'ORTEGA', 'MISAEL'),
(141070196, 'IBQ', 'PADILLA', 'GUITIÉRREZ', 'DANIELA'),
(141070197, 'IGE', 'BRAVO', 'HERNÁNDEZ', 'OSCAR'),
(141070198, 'ISI', 'LOZADA', 'ALVAREZ', 'MARTÍN'),
(141070199, 'IGE', 'VARGAS', 'GONZÁLEZ', 'JESSICA'),
(141070200, 'ISI', 'ARRIAGA', 'CADENA', 'LUIS EDGAR'),
(141070201, 'ISI', 'SALAZAR', 'GALICIA', 'JOSÉ JAIR'),
(141070202, 'IGE', 'RODRÍGUEZ', 'LINARES', 'CÉSAR SAIT'),
(141070203, 'IBQ', 'PERALTA', 'TREJO', 'ELIZABETH'),
(141070204, 'IBQ', 'CALDIÑO', 'MARTÍNEZ', 'CÉSAR MOCTEZUMA'),
(141070205, 'IGE', 'PRECIADO', 'GINES', 'CELINA'),
(141070206, 'ISI', 'ABUNDIS', 'SALINAS', 'CARLOS ALBERTO'),
(141070207, 'IGE', 'RAMÍREZ', 'MARTÍNEZ', 'PAOLA'),
(141070208, 'IBQ', 'HUERTA', 'TAPIA', 'ZAIRA SEYEL'),
(141070209, 'IBQ', 'CRUZ', 'SALINAS', 'GUILLERMO'),
(141070210, 'IBQ', 'PEINADO', 'MADRIGAL', 'ITZEL GUADALUPE'),
(141070211, 'IIA', 'FLORES', 'RODRÍGUEZ', 'LAURA'),
(141070212, 'IGE', 'JIMÉNEZ', 'SOLARES', 'ALEXIS EDUARDO'),
(141070213, 'IGE', 'RIVAS', 'LLANOS', 'VERÓNICA'),
(141070214, 'IBQ', 'LEÒN', 'ESTRADA', 'CESIA'),
(141070215, 'ISI', 'RODRÍGUEZ', 'GONZÁLEZ', 'ISAAC'),
(141070216, 'IGE', 'CHÁVEZ', 'RANGEL', 'EDUARDO'),
(141070217, 'IBQ', 'PINEDA', 'BENITEZ', 'SARAI'),
(141070218, 'IGE', 'GARCÍA', 'ISLAS', 'CARLOS'),
(141070219, 'ISI', 'FLORES', 'ROSALES', 'MARCO ANTONIO'),
(141070220, 'IGE', 'SORIA', 'JIMÉNEZ', 'ARELY ANDREA'),
(141070221, 'IBQ', 'FLORES', 'JIMÉNEZ', 'ILIANA'),
(141070222, 'IGE', 'ALDAMA', 'PIEDRA', 'JOHANA GUADALUPE'),
(141070223, 'ISI', 'LINARES', 'RODRÍGUEZ', 'EMMANUEL'),
(141070224, 'IGE', 'CERVANTES', 'DE LA CRUZ', 'ERIK'),
(141070225, 'IGE', 'JUÁREZ', 'ISLAS', 'VALERIA'),
(141070226, 'ISI', 'CRUZ', 'VELASCO', 'ROSALUZ'),
(141070227, 'IBQ', 'MARTÍNEZ', 'GÓMEZ', 'CYNTHIA IVONNE'),
(141070228, 'IBQ', 'HERNÁNDEZ', 'NIETO', 'EVELYN'),
(141070229, 'ISI', 'BERNAL', 'SAINZ', 'ALEJANDRA IVON'),
(141070230, 'IBQ', 'TELLEZ', 'BELTRAN', 'ANA LILIA'),
(141070231, 'IGE', 'SEGUNDO', ' EPIGMENIO', 'CÉSAR'),
(141070232, 'ISI', 'IBARRA', 'HERRERA', 'PRISILA BERENICE'),
(141070233, 'ISI', 'PLATA', 'MENDEZ', 'CRHISTHOPHER RUBÉN'),
(141070234, 'IGE', 'DIAZ', 'LUIS', 'BRENDA YADIRA'),
(141070235, 'IBQ', 'BAUTISTA', 'HERNÁNDEZ', 'FREDY DANIEL'),
(141070236, 'IBQ', 'VALDERRAMA', 'RUIZ', 'EVELYN ITZEL'),
(141070237, 'IGE', 'JURY', 'MORALES', 'JOCELYNE'),
(141070238, 'IBQ', 'ROJAS', 'RÍOS', 'OSCAR EFREN'),
(141070239, 'IGE', 'CASTRO', 'RAMÍREZ', 'MARCO ANTONIO'),
(141070240, 'IBQ', 'TORRES', 'LINARES', 'JORGE'),
(141070241, 'IBQ', 'MIRANDA', 'REYES', 'RICARDO'),
(141070242, 'IIA', 'SOLARES', 'SOLIS', 'LUIS TONATIUH'),
(141070243, 'IGE', 'CEVANTES', 'ENRIQUEZ', 'GABRIEL'),
(141070244, 'ISI', 'VÁZQUEZ', 'SOLORIO', 'MARIANA'),
(141070245, 'ISI', 'MÉNDEZ', 'MARTÍNEZ', 'SARAHÌ'),
(141070246, 'IGE', 'HERNÁNDEZ', 'OLVERA', 'DIANA BÁRBARA'),
(141070247, 'ISI', 'VELASCO', 'SILVA', 'FELIPE DE JESÙS'),
(141070248, 'IBQ', 'VÁZQUEZ', 'BARCENA', 'ZAIRA FERNANDA'),
(141070249, 'ISI', 'AVILA', 'PACHECO', 'SOLEDAD'),
(141070250, 'ISI', 'CONTRERAS', 'CHIMAL', 'JOSÉ CARLOS'),
(141070251, 'IGE', 'BALANZAR', 'FLORES', 'GABRIELA'),
(141070252, 'IGE', 'HERNÁNDEZ', 'OLVERA', 'ALDO JAIR'),
(141070253, 'IGE', 'LÓPEZ', 'CUEVAS', 'DIANA LAURA'),
(141070254, 'ISI', 'PICHARDO', 'VELÁZQUEZ', 'JOSÉ GILBERTO'),
(141070255, 'ISI', 'ORTÍZ', 'MARTÍNEZ', 'YESSICA BERENICE'),
(141070256, 'ISI', 'RODRÍGUEZ', 'GALLARDO', 'HEBER ISAÍ'),
(141070257, 'ISI', 'ESPÍNLDOLA', 'RODRÍGUEZ', 'MIGUEL ÁNGEL'),
(141070258, 'IBQ', 'RODRÍGUEZ', 'CHÁVEZ', 'ALDO'),
(141070259, 'ISI', 'CALDIÑO', 'BERROCAL', 'JUAN LUIS'),
(141070260, 'IGE', 'TORRES', 'BENITEZ', 'CAROLINA'),
(141070261, 'ISI', 'VELASCO', 'MERTÍNEZ', 'GUSTAVO OTHÓN'),
(141070262, 'IBQ', 'COTERO', 'GÓMEZ', 'CÉSAR GILBERTO'),
(141070263, 'ISI', 'GARCIA', 'MARTÍNEZ', 'EDUARDO'),
(141070264, 'IIA', 'FLORES', 'VERGARA', 'ÁNGEL IVÁN'),
(141070265, 'IIA', 'MELÉNDEZ', 'MARTÍNEZ', 'DIANA'),
(141070266, 'ISI', 'HERNÁNDEZ', 'OLVERA', 'DENISSE ITZAYANA'),
(141070267, 'ISI', 'BALANZARIO', 'GALINDO', 'ANA ISABEL'),
(141070268, 'IBQ', 'MORALES', 'CEBADA', 'JULIO CÉSAR'),
(141070269, 'IBQ', 'GONZÁLEZ', 'VARGAS', 'ARACELI'),
(141070270, 'IIA', 'FRANCISCO', 'MARTÍNEZ', 'MAURICIO'),
(141070271, 'IBQ', 'DURAN', 'LUIS', 'OLIVIA'),
(141070272, 'IIA', 'GARCÍA', 'RIVERA', 'CRISTIÁN'),
(141070273, 'ISI', 'VELEZ', 'CUEVAS', 'ELIZABETH NOEMI'),
(141070274, 'IGE', 'AGUILERA', 'MARTÍNEZ', 'OSCAR URIEL'),
(141070275, 'IBQ', 'PEÑA', 'IBAÑEZ', 'ANA MAETZI'),
(141070276, 'IBQ', 'FIGUEROA', 'GUERRERO', 'AARON'),
(141070277, 'IBQ', 'SUAREZ', 'TACUBA', 'LEONARDO DANIEL'),
(141070278, 'IGE', 'ROSAS', 'RAMÍREZ', 'EVELIN'),
(141070279, 'IGE', 'VELASCO', 'RODRÍGUEZ', 'VALENTE'),
(141070280, 'IGE', 'VÁZQUEZ', 'CONTRERAS', 'STEPHANI ZUREIMA'),
(141070281, 'ISI', 'LULE', 'MEDINA', 'JUAN MANUEL'),
(141070282, 'ISI', 'FLORES', 'TORRES', 'FERNANDO'),
(141070283, 'IGE', 'MARTÍNEZ', 'GOVEA', 'SERGIO'),
(141070284, 'IBQ', 'PLATA', 'VALLECILLAS', 'BRENDA MICHEL'),
(141070285, 'IGE', 'OLGUIN', 'LORENZO', 'CAROLINA'),
(141070286, 'IGE', 'OLVERA', 'CERVANTES', 'RUBÉN OMAR'),
(141070287, 'IGE', 'LABASTIDA', 'GERMÀN', 'CLAUDIA GUADALUPE'),
(141070288, 'IBQ', 'MEDINA', 'LÓPEZ', 'MARÍA GUADALUPE'),
(141070289, 'IGE', 'CRISTINO', 'SALINAS', 'INGRID'),
(141070290, 'IBQ', 'GONZÁLEZ', 'GUTIÉRREZ', 'JOSÉ ALEJANDRO'),
(141070291, 'IGE', 'CALIXTO', 'ÁVILA', 'CARLOS'),
(141070292, 'IBQ', 'FLORES', 'CRUZ', 'JOSÉ ANTONIO'),
(141070293, 'ISI', 'RODRÍGUEZ', 'GÓMEZ', 'BRAYAN RICARDO'),
(141070294, 'IGE', 'ARROYO', 'TORRES', 'KATIA NOEMÍ'),
(141070295, 'IBQ', 'VÁZQUEZ', 'LUCIANO', 'ANA VALERIA'),
(141070296, 'IIA', 'RIOS', 'PEÑALOZA', 'ROSA'),
(141070297, 'ISI', 'CASTRO', 'PACHECO', 'ANDRÉS ELIAS'),
(141070298, 'IGE', 'AGUILA', 'PALAFOX', 'ISAAC AGUSTÍN'),
(141070299, 'IIA', 'HERNÁNDEZ', 'MELENDEZ', 'ADÁN'),
(141070300, 'IIA', 'VERGARA', 'LÒPEZ', 'ARACELI'),
(141070301, 'IBQ', 'CASTRO', 'CASTILLA', 'DORIS DEL CARMEN'),
(141070302, 'IGE', 'NUÑEZ', 'QUIRINO', 'SEBASTIÁN'),
(141070303, 'ISI', 'JUÁREZ', 'AGUILAR', 'OMAR ANTONIO'),
(141070304, 'IIA', 'VILLANUEVA', 'GONZÁLEZ', 'LORENZO DANIEL'),
(141100104, 'IGE', 'ROJAS', 'JARDINES', 'CARLA INGRID'),
(141110360, 'ISI', 'HERNÁNDEZ', 'VENEGAS', 'MARÍA GUADALUPE'),
(150170101, 'ISI', 'CASTRO', 'CASTOR', 'DONALDO URIEL'),
(151070001, 'IBQ', 'VEGA', 'VIGIL', 'GUSTAVO JOSÉ'),
(151070002, 'ISI', 'LEYVA', 'MONDRAGÓN', 'ADRIÁN'),
(151070003, 'ISI', 'LUNA', 'MEDRANO', 'GABRIELA'),
(151070004, 'IIA', 'MURRIETA', 'RIOS', 'GUSTAVO'),
(151070005, 'IBQ', 'DEL MONTE', 'GARCÍA', 'RODRIGO'),
(151070006, 'IBQ', 'GUZMAN', 'MULGADO', 'JESÚS JAVIER'),
(151070007, 'IIA', 'MELÉNDEZ', 'RAMOS', 'MÓNICA CELENE'),
(151070008, 'IGE', 'SALCEDO', 'SANDOVAL', 'SAMANTHA'),
(151070009, 'IGE', 'REYES', 'ARRIAGA', 'ALFONSO'),
(151070010, 'IBQ', 'ZUÑIGA', 'MONTES', 'MIROSLAVA MARIA MAGDALENA'),
(151070011, 'IGE', 'DEL ANGEL', 'GALINDO', 'ARELY JAZMIN'),
(151070012, 'IBQ', 'ACUAUTLA', 'FLORES', 'ADRIANA'),
(151070013, 'IIA', 'CHÁVEZ', 'ROJAS', 'DIANA MARÍA'),
(151070014, 'ISI', 'GARCÍA', 'REYES', 'JOSÉ ULISES'),
(151070015, 'IBQ', 'ALANIS', 'ORENDA', 'GABRIELA'),
(151070016, 'IBQ', 'MANTEROLA', 'ROMERO', 'JOSÉ LINO'),
(151070017, 'ISI', 'PACHECO', 'ALMARAZ', 'CRISTINA'),
(151070018, 'ISI', 'JIMÉNEZ', 'PÉREZ', 'JOSÉ CARLOS'),
(151070019, 'ISI', 'CARREÓN', 'MENDOZA', 'JULIO CÉSAR'),
(151070020, 'ISI', 'MORALES', 'CASOLI', 'JESÚS ALEJANDRO'),
(151070021, 'IGE', 'GÓMEZ', 'MARTÍNEZ', 'LUIS JAVIER'),
(151070022, 'IGE', 'ANDRADE', 'SANTOS', 'ROSARIO'),
(151070023, 'IBQ', 'OCHOA', 'TAPIA', 'EDGAR ISMAEL'),
(151070024, 'IGE', 'ROSAS', 'TORRES', 'DIANA GUADALUPE'),
(151070025, 'ISI', 'REZA', 'AGUIRRE', 'RONALD'),
(151070026, 'IGE', 'RAMÍREZ', 'JIMÉNEZ', 'GABINO ROBERTO'),
(151070027, 'IGE', 'FLORES', 'CARRILLO', 'LUIS ENRIQUE'),
(151070028, 'ISI', 'HERNÁNDEZ', 'OLVERA', 'DENISSE ITZAYANA'),
(151070029, 'IGE', 'FARIAS', 'SÁNCHEZ', 'JOSÉ SAMUEL'),
(151070030, 'IGE', 'MARQUEZ', 'CORTES', 'ERICK ODIN'),
(151070031, 'IGE', 'VILLASANA', 'ORTEGA', 'JOSÉ MANUEL'),
(151070032, 'IGE', 'HERNÁNDEZ', 'ORTEGA', 'JULIO CÉSAR'),
(151070033, 'ISI', 'PALACIOS', 'CHÁVEZ', 'ALEXIS ABELARDO'),
(151070034, 'ISI', 'RAMIREZ', 'PEREZ', 'ROCIO'),
(151070035, 'IBQ', 'GONZÁLEZ', 'GALICIA', 'OMAR'),
(151070036, 'IGE', 'CALDERÓN', 'ARIAS', 'JULIO ALBERTO'),
(151070037, 'IGE', 'RAMÍREZ', 'MIRANDA', 'ANA KAREN'),
(151070038, 'ISI', 'MANCHA', 'SÁNCHEZ', 'JAVIER ALEXIS'),
(151070039, 'IGE', 'SILVA', 'RIVERA', 'DAFNE ISAMAR'),
(151070040, 'IGE', 'CRUZ', 'JARA', 'ARTURO'),
(151070041, 'ISI', 'JOYA', 'HERNÁNDEZ', 'DIEGO'),
(151070042, 'IBQ', 'MORALES', 'TORRES', 'SONIA ALEJANDRA'),
(151070043, 'IIA', 'RODRÍGUEZ', 'MARTÍNEZ', 'ABIGAIL'),
(151070044, 'IGE', 'ARROYO', 'TORRES', 'KATIA NOEMI'),
(151070045, 'IGE', 'DEL VALLE', 'OLIVARES', 'RICARDO'),
(151070046, 'IGE', 'AGUILA', 'PALAFOX', 'ISAAC AGUSTÍN'),
(151070047, 'IIA', 'MANCILLA', 'PELAÉZ', 'EVA ARELI'),
(151070048, 'ISI', 'RIOS', 'LÓPEZ', 'ADRIAN'),
(151070049, 'IIA', 'RIOS', 'JIMÉNEZ', 'JESSICA  MONSERRATH'),
(151070050, 'IBQ', 'GONZÁLEZ', 'NAPOLEÓN', 'IVAN MAXIMO'),
(151070051, 'IGE', 'RAMOS', 'LIEVANOS', 'OCTAVIO'),
(151070052, 'IGE', 'PADIERNA', 'CERVANTES', 'MIGUEL ANGEL'),
(151070053, 'IBQ', 'LÓPEZ', 'PÉREZ', 'BRENDA'),
(151070054, 'IIA', 'LEGORRETA', 'TORRES', 'JUAN JOSE'),
(151070055, 'IBQ', 'HERNÁNDEZ', 'OROZCO', 'SILVIA PATRICIA'),
(151070056, 'IGE', 'ORTEGA', 'HERMOSILLO', 'JOSÉ ARMANDO'),
(151070057, 'IIA', 'ZAVALA', 'JUAREZ', 'JANETH YESELI'),
(151070058, 'IBQ', 'JUAREZ', 'MEZA', 'GABRIELA'),
(151070059, 'ISI', 'FLORES', 'ROBLEDO', 'JOSE ARMANDO'),
(151070060, 'ISI', 'RODRIGUEZ', 'ACOSTA', 'EDUARDO ARTURO'),
(151070061, 'ISI', 'CUHTEPITZI', 'FUENTES', 'EMMANUEL'),
(151070062, 'IBQ', 'CRUZ', 'SANCHEZ', 'JAVIER'),
(151070063, 'IGE', 'MARTÍNEZ', 'CRUZ', 'ERICK ALBERTO'),
(151070064, 'IIA', 'ROSALES', 'SANCHEZ', 'MARIANA'),
(151070065, 'ISI', 'ACUAPAN', 'TORRES', 'LUIS GERARDO'),
(151070066, 'IGE', 'SÁNCHEZ', 'JIMÉNEZ', 'ALEXIS MARTIN'),
(151070067, 'IBQ', 'ALVARADO', 'XOLALPA', 'MAYRA IVONNE'),
(151070068, 'IBQ', 'GONZÁLEZ', 'MONROY', 'EDGAR'),
(151070069, 'IBQ', 'PUEBLA', 'RANCAÑO', 'GADIEL'),
(151070070, 'ISI', 'ENRIQUEZ', 'GALICIA', 'JUAN JOSÉ'),
(151070071, 'IIA', 'ALANIS', 'LLANOS', 'CARLOS ALBERTO'),
(151070072, 'ISI', 'AGUILAR', 'MOLINA', 'DAVID ENRIQUE'),
(151070073, 'IBQ', 'ACUAUTLA', 'FLORES', 'ADRIANA'),
(151070074, 'ISI', 'BLANCAS', 'FLORES', 'MAURICIO'),
(151070075, 'IBQ', 'SALAZAR', 'JIMENEZ', 'JAZMIN'),
(151070076, 'IBQ', 'ALCANTARA', 'ROJAS', 'DIEGO ARTURO'),
(151070077, 'IIA', 'MONTAÑO', 'ZARCO', 'IVAN'),
(151070078, 'IBQ', 'MARTÍNEZ', 'SABINO', 'TZINTLI ELIZABETH'),
(151070079, 'ISI', 'SOLARES', 'IBARRA', 'VIRGINIA MONTSERRAT');
INSERT INTO `alumnos` (`no_control`, `carrera`, `a_paterno`, `a_materno`, `nombre`) VALUES
(151070080, 'IBQ', 'DEL MONTE', 'GARCÍA', 'RODRIGO'),
(151070081, 'ISI', 'GONZÁLEZ', 'GARCÍA', 'URIEL'),
(151070082, 'ISI', 'SANCHEZ', 'JIMENEZ', 'MONSERRAT'),
(151070083, 'IBQ', 'VALDIVIA', 'ALBA', 'DANIELA'),
(151070084, 'IBQ', 'GONZÁLEZ', 'MEDINA', 'OSVALDO'),
(151070085, 'IBQ', 'CHAVARRIA', 'DE LOS SANTOS', 'MALINALI'),
(151070086, 'ISI', 'LIRA', 'BAUTISTA', 'PEDRO'),
(151070087, 'IGE', 'HERNÁNDEZ', 'MARTÍNEZ', 'YAZMIN ARACELI'),
(151070088, 'ISI', 'PALESTINA', 'GALINDO', 'JUAN CARLOS'),
(151070089, 'IBQ', 'GONZÁLEZ', 'CHÁVEZ', 'ALEJANDRA'),
(151070090, 'IBQ', 'FLORES', 'AGUILERA', 'LUIS EDUARDO'),
(151070091, 'IGE', 'FLORES', 'FLORES', 'ITZEL'),
(151070092, 'IBQ', 'SOLIS', 'MARCELINO', 'CLAUDIA BERENICE'),
(151070093, 'IIA', 'ALARCÓN', 'HERNÁNDEZ', 'URIEL'),
(151070094, 'IBQ', 'CONTRERAS', 'LÓPEZ', 'WENDY'),
(151070095, 'IIA', 'PÉREZ', 'GARCÍA', 'DIEGO'),
(151070096, 'IBQ', 'MARTÍNEZ', 'SANTANA', 'DIEGO'),
(151070097, 'IGE', 'TAPIA', 'ORTEGA', 'GUSTAVO'),
(151070098, 'ISI', 'RAMIREZ', 'JIMENEZ', 'MARCOS ANDRES'),
(151070099, 'IIA', 'PARRA', 'ROMO', 'EDUARDO GEOVANNI'),
(151070100, 'ISI', 'BALDOMERO', 'OCAMPO', 'LEONARDI GUADALUPE'),
(151070101, 'ISI', 'CASTRO', 'CASTOR', 'DONALDO URIEL'),
(151070102, 'ISI', 'ALARCÓN', 'HERNÁNDEZ', 'JONATHAN'),
(151070103, 'IBQ', 'PACHECO', 'REYES', 'ANA KAREN'),
(151070104, 'IBQ', 'RODRIGUEZ', 'JIMENEZ', 'ALEJANDRO'),
(151070105, 'IBQ', 'SAN JUAN', 'CAMPOS', 'SHEILA JARIT'),
(151070106, 'ISI', 'ALANIZ', 'ORENDA', 'LUIS FERNANDO'),
(151070107, 'IBQ', 'MANCILLA', 'VALDES', 'MITZI DONAJÍ'),
(151070108, 'IGE', 'GONZÁLEZ', 'CARRILLO', 'SELENE'),
(151070109, 'IBQ', 'NORIEGA', 'CORTES', 'ANTONIO'),
(151070110, 'IGE', 'OLVERA', 'VELÁZQUEZ', 'JESSICA AIDEÉ'),
(151070111, 'IBQ', 'GARDUÑO', 'ROJAS', 'ANTONIO'),
(151070112, 'ISI', 'FELICIANO', 'CRUZ', 'JESÚS'),
(151070113, 'ISI', 'GARCIA', 'CARLOS', 'ANA GABRIELA'),
(151070114, 'IBQ', 'MÉNDEZ', 'MEDINA', 'ANAHÍ YURICA'),
(151070115, 'IBQ', 'VÁZQUEZ', 'OSORIO', 'EMMANUEL'),
(151070116, 'IIA', 'GOMEZ', 'LUNA', 'EMIR'),
(151070117, 'IIA', 'YUAZA', 'REGALADO', 'ZAIRA AIDEE'),
(151070118, 'IGE', 'LUNA', 'CASTELLANOS', 'MARCOS'),
(151070119, 'ISI', 'GARCÍA', 'CORONEL', 'HUGO EDUARDO'),
(151070120, 'IBQ', 'RAMÍREZ', 'CABELLO', 'MARÍA DE LOS ANGELES'),
(151070121, 'IBQ', 'JURADO', 'HERNÁNDEZ', 'BRANDON FRANCISCO'),
(151070122, 'ISI', 'PASCUAL', 'MUNDO', 'DEYANIRA'),
(151070123, 'ISI', 'SANTANA', 'FLORES', 'LEONARDO'),
(151070124, 'IGE', 'CALDIÑO', 'VALLE', 'ULISES'),
(151070125, 'IIA', 'QUIROZ', 'ALMAZÁN', 'YUNEÍ'),
(151070126, 'IBQ', 'LÓPEZ', 'VÁZQUEZ', 'SAMANTHA LINDSAY'),
(151070127, 'IIA', 'LÓPEZ', 'VÁZQUEZ', 'ALYSON CHELSEA'),
(151070128, 'IGE', 'LOZANO', 'ROSAS', 'JAIR'),
(151070129, 'IBQ', 'GONZÁLEZ', 'MORENO', 'SAMANTHA'),
(151070130, 'IBQ', 'MEDINA', 'CHAPARRO', 'ISRAEL'),
(151070131, 'ISI', 'TÉLLEZ', 'JIMÉNEZ', 'JOSÉ LUIS'),
(151070132, 'IBQ', 'TORRES', 'ORTIZ', 'ALONDRA POLET'),
(151070133, 'ISI', 'FLORES', 'CASTILLO', 'ENRIQUE MAURICIO'),
(151070134, 'IBQ', 'GONZÁLEZ', 'GALVÁN', 'EDUARDO'),
(151070135, 'IGE', 'FARÍAS', 'SÁNCHEZ', 'JOSÉ SAMUEL'),
(151070136, 'IGE', 'REBOLLO', 'RODRÍGUEZ', 'MAURICIO'),
(151070137, 'IGE', 'RODRÍGUEZ', 'REYES', 'MARÍA FERNANDA'),
(151070138, 'IGE', 'MONDRAGÓN', 'HERNÁNDEZ', 'DULCE KAREN'),
(151070139, 'IGE', 'MARTÍNEZ', 'HERNÁNDEZ', 'LILIANA'),
(151070140, 'IBQ', 'CASTRO', 'BEDOLLA', 'JUAN ALBERTO'),
(151070141, 'IBQ', 'SÁNCHEZ', 'LÓPEZ', 'ALÁN RICARDO'),
(151070142, 'IGE', 'ROMERO', 'MEDINA', 'JOSE ANTONIO'),
(151070143, 'IBQ', 'VILLAVICENCIO', 'SUÁREZ', 'DIEGO HAREPH'),
(151070144, 'IIA', 'CRUZ', 'FUENTES', 'DIANA MAYRA'),
(151070145, 'IGE', 'SALAZAR', 'GALICIA', 'YOCELYN LIZETH'),
(151070146, 'IBQ', 'ROA', 'NAVARRO', 'MISAEL'),
(151070147, 'IBQ', 'MUÑOZ', 'SANCHEZ', 'JORGE ABRAHAM'),
(151070148, 'IBQ', 'BRIONES', 'HERNANDEZ', 'YESICA'),
(151070149, 'IIA', 'GALICIA', 'MORENO', 'LISSET CAROLINA'),
(151070150, 'IBQ', 'SANTOS', 'JACINTO', 'KATHYA'),
(151070151, 'IGE', 'MARTÍNEZ', 'FELICIANO', 'SUSANA'),
(151070152, 'IIA', 'AMAYA', 'DEL CARMEN', 'ERIKA JOCELYN'),
(151070153, 'IGE', 'AGUILAR', 'GONZAGA', 'EDUARDO YOLTEHUI'),
(151070154, 'ISI', 'ALVAREZ', 'LINARES', 'OSCAR'),
(151070155, 'ISI', 'GARCÍA', 'GONZÁLEZ', 'EDUARDO'),
(151070156, 'IBQ', 'MEDELLIN', 'PEREZ', 'DANIEL'),
(151070157, 'ISI', 'BARCENAS', 'BLANCO', 'ZAIR GILBERTO'),
(151070158, 'IBQ', 'MONDRAGÓN', 'MARTÍNEZ', 'ARMANDO'),
(151070159, 'IBQ', 'GALICIA', 'GARRIDO', 'ARTURO'),
(151070160, 'IGE', 'LOZADA', 'MOLINA', 'CINTHIA ITZAHEL'),
(151070161, 'ISI', 'SANTOS', 'LUZ', 'YULISA'),
(151070162, 'IGE', 'TOLEDO', 'OLVERA', 'IVETTE BERENICE'),
(151070163, 'IGE', 'RAMÍREZ', 'MOSQUEDA', 'SAÚL'),
(151070164, 'ISI', 'SILVA', 'ROJAS', 'LEONARDO'),
(151070165, 'IBQ', 'REYNA', 'ISIDORO', 'EFRÉN'),
(151070166, 'IIA', 'REYNA', 'ISIDORO', 'PABLO'),
(151070167, 'IBQ', 'GAYTAN', 'CORTES', 'DENNIS ROBERTO'),
(151070168, 'IBQ', 'SÁNCHEZ', 'JURADO', 'ANGEL'),
(151070169, 'IBQ', 'GARCIA', 'RIVERA', 'ZULEYMA GUADALUPE'),
(151070170, 'IGE', 'BECERRIL', 'FLORES', 'ANDRES'),
(151070171, 'IGE', 'ZARCO', 'VILLANUEVA', 'GENARO ALFONSO'),
(151070172, 'ISI', 'RAMÍREZ', 'OSORIO', 'JONATHAN MARCOS'),
(151070173, 'ISI', 'GOMEZ', 'HERRERA', 'SERGIO IVAN'),
(151070174, 'IBQ', 'AUSTRA', 'PLATA', 'CARLOS'),
(151070175, 'IGE', 'CASTRO', 'ARIAS', 'THALIA'),
(151070176, 'IGE', 'AMBROSIO', 'FLORES', 'VERÓNICA'),
(151070177, 'IBQ', 'ESLAVA', 'ALARCON', 'ARTURO'),
(151070178, 'IGE', 'LUIS', 'MARTÍNEZ', 'DIANA ISAURA'),
(151070179, 'IBQ', 'ORTIZ', 'OLIVARES', 'NANCY'),
(151070180, 'IGE', 'CHÁVEZ', 'VILLA', 'JAEL ANTONIO'),
(151070181, 'ISI', 'ORTEGA', 'RODRIGUEZ', 'ALEXIS'),
(151070182, 'ISI', 'GARCÍA', 'SANCHEZ', 'SANDRA'),
(151070183, 'ISI', 'FERNÁNDEZ', 'LÓPEZ', 'HUGO'),
(151070184, 'IIA', 'CALZADA', 'NAVA', 'MARCOS ARTURO'),
(151070185, 'IGE', 'LUIS', 'ARTEAGA', 'JORGE IGNACIO'),
(151070186, 'IGE', 'PIEDRA', 'GALICIA', 'LAURA ITZEL'),
(151070187, 'IBQ', 'MIRANDA', 'LEÓN', 'ITZEL'),
(151070188, 'IIA', 'TELLEZ', 'GARCIA', 'EDITH ALEJANDRA'),
(151070189, 'ISI', 'ALVAREZ', 'ROJAS', 'DIEGO ALBERTO'),
(151070190, 'ISI', 'MOLINA', 'HERNÁNDEZ', 'EMMANUEL'),
(151070191, 'IBQ', 'ROMERO', 'PÉREZ', 'ERIKA FERNANDA'),
(151070192, 'IBQ', 'TELLEZ', 'SANTIAGO', 'FLOR BETZABE'),
(151070193, 'IBQ', 'SORIANO', 'PÉREZ', 'ANA LAURA'),
(151070194, 'IGE', 'AGUSTIN', 'FLORES', 'VANESSA'),
(151070195, 'IIA', 'GARCÍA', 'LAGAR', 'ANA ROSA'),
(151070196, 'IBQ', 'TORRES', 'CARMONA', 'IVETE'),
(151070197, 'IGE', 'AGUIRRE', 'ABURTO', 'MIYARAY'),
(151070198, 'IGE', 'ESCOBEDO', 'RAMÍREZ', 'FIDEL EDUARDO'),
(151070199, 'IGE', 'COCINA', 'BONILLA', 'MALLEPSI'),
(151070200, 'IGE', 'PRIETO', 'GALLEGOS', 'KARLA PAOLA'),
(151070201, 'IGE', 'FUENTES', 'NIETO', 'ISAY JESÚS'),
(151070202, 'IGE', 'BRIONES', 'SÁNCHEZ', 'OMAN YERET'),
(151070203, 'IIA', 'CARRERA', 'QUIROZ', 'MARIA LUISA'),
(151070204, 'IBQ', 'CALDIÑO', 'MARTÍNEZ', 'CÉSAR TLACAÉLEL'),
(151070205, 'ISI', 'GONZALEZ', 'JUAREZ', 'AARÓN'),
(151070206, 'IBQ', 'GARCÍA', 'GALICIA', 'LUIS SALVADOR'),
(151070207, 'IIA', 'LIMA', 'GONZÁLEZ', 'MICHELLE'),
(151070208, 'IGE', 'SÁNCHEZ', 'LÓPEZ', 'BRENDA YOANA'),
(151070209, 'IBQ', 'CASTRO', 'CRUZ', 'LIZBETH'),
(151070210, 'IBQ', 'MEDINA', 'SIMANCAS', 'DIANA FABIOLA'),
(151070211, 'IBQ', 'MORENO', 'OLVERA', 'LUIS ANGEL'),
(151070212, 'IBQ', 'VICTORIA', 'ARABEDO', 'CRISTIAN'),
(151070213, 'IGE', 'FRANCO', 'NAVARRO', 'RICARDO'),
(151070214, 'IGE', 'RODRIGUEZ', 'ROJAS', 'ALFREDO'),
(151070215, 'IBQ', 'ZETINA', 'DE LA ROSA', 'ANTONIO'),
(151070216, 'IGE', 'GARCIA', 'CORTES', 'LILIA ITZEL'),
(151070217, 'ISI', 'LANDEROS', 'GONZALEZ', 'MARTHA ISABEL'),
(151070218, 'ISI', 'TOLEDO', 'RODRÍGUEZ', 'VIANEY'),
(151070219, 'IGE', 'MURILLO', 'BANDERA', 'JOSÉ LUIS'),
(151070220, 'ISI', 'DELGADO', 'MEDINA', 'JONATHAN ALEJANDRO'),
(151070221, 'IIA', 'ECHEVARRIA', 'RAMÍREZ', 'SAMANTHA'),
(151070222, 'ISI', 'GONZÁLEZ', 'ESCAMILLA', 'ULISES TIZOC'),
(151070223, 'IBQ', 'PATIÑO', 'CRUZ', 'DIANA'),
(151070224, 'IGE', 'RUÍZ', 'ZACATZI', 'MÓNICA'),
(151070225, 'IBQ', 'DE LA LUZ', 'RUIZ', 'MIGUEL ANGEL'),
(151070226, 'IBQ', 'ENCIN', 'MURCIA', 'LORENA'),
(151070227, 'IIA', 'TELESFORO', 'NEGRETE', 'ALEJANDRO'),
(151070228, 'IBQ', 'MEDINA', 'JIMENEZ', 'ARTURO'),
(151070229, 'IGE', 'POTTER', 'OLMEDO', 'JONATHAN NEZAHUALCOYOTL'),
(151070230, 'IGE', 'OROZCO', 'OLVERA', 'MÓNICA'),
(151070231, 'IGE', 'FAJARDO', 'OSEGUERA', 'MARCOS'),
(151070232, 'IGE', 'CRUZ', 'LÓPEZ', 'JUAN ALBERTO'),
(151070233, 'IGE', 'FRANCISCO', 'PERFECTO', 'CARMEN'),
(151070234, 'ISI', 'BARRERA', 'SALGADO', 'LUIS FERNANDO'),
(151070235, 'ISI', 'SIMÓN', 'GARCÍA', 'ORLANDO'),
(151070236, 'IGE', 'REYES', 'GONZÁLEZ', 'MARIA FERNANDA'),
(151070237, 'ISI', 'REYES', 'CHAVEZ', 'LORENA'),
(151070238, 'IBQ', 'AGUILAR', 'PALACIOS', 'LUIS ROBERTO'),
(151070239, 'IBQ', 'MUJICA', 'REYES', 'ARA CORAL'),
(151070240, 'ISI', 'PULIDO', 'MORALES', 'RODRIGO'),
(151070241, 'IGE', 'VILLALOBOS', 'CAMACHO', 'JAVIER ROBERTO'),
(151070242, 'IGE', 'MIRANDA', 'RODRÍGUEZ', 'OSCAR'),
(151070243, 'IGE', 'ALQUICIRA', 'CASTAÑEDA', 'KAREN NEREIDA'),
(151070244, 'IBQ', 'CASTRO', 'AGUILAR', 'NURIA XIMENA'),
(151070245, 'ISI', 'SALAZAR', 'ESPINOZA', 'FELIPE'),
(151070246, 'ISI', 'TRUJILLO', 'MARTÍNEZ', 'LUIS FERNANDO'),
(151070247, 'IIA', 'ARANZA', 'MARTÍNEZ', 'IZAMARY LIZULI'),
(151070248, 'IGE', 'SÁNCHEZ', 'LÓPEZ', 'PATRICIA LIZETH'),
(151070249, 'IBQ', 'BECERRA', 'RUIZ', 'BRENDA'),
(151070250, 'IBQ', 'VANEGAS', 'MORENO', 'KARLA VANESSA'),
(151070251, 'ISI', 'RODRIGUEZ', 'FLORES', 'FRANCISCO ALAN'),
(151070252, 'ISI', 'CUETO', 'MEZA', 'DIEGO JHOVANY'),
(151070253, 'IBQ', 'FRANCO', 'NAZARIO', 'ANDREA GUADALUPE'),
(151070254, 'IGE', 'DEL VALLE', 'OLIVARES', 'RICARDO'),
(151070255, 'ISI', 'GUEVARA', 'CASTILLO', 'JAVIER ERNESTO'),
(151070256, 'IBQ', 'SUÁREZ', 'ABAD', 'ULISES'),
(151070257, 'ISI', 'FLORES', 'AVILA', 'ALEXIS EDUARDO'),
(151070258, 'IGE', 'JIMÉNEZ', 'VILLAR', 'ANA KAREN'),
(151070259, 'ISI', 'PUEBLA', 'GARCÍA', 'OSWALDO'),
(151070260, 'IGE', 'RUIZ', 'CARRION', 'KEILYN SUGEY'),
(151070261, 'IBQ', 'CONTRERAS', 'GARCÍA', 'JORGE LUIS'),
(151070262, 'ISI', 'FLORES', 'BECERRIL', 'DARINKA CECILIA'),
(151070263, 'ISI', 'HERNÁNDEZ', 'MORENO', 'DAVID'),
(151070264, 'IGE', 'AGUILA', 'PALAFOX', 'ISAAC AGUSTIN'),
(151070265, 'ISI', 'ANGELES', 'MARTÍNEZ', 'ANAHI'),
(151070266, 'IBQ', 'RODRÍGUEZ', 'GALICIA', 'ETZAR YOSAEL'),
(151070267, 'IBQ', 'JIMENEZ', 'CONTRERAS', 'RUBEN NATAHEL'),
(151070268, 'IGE', 'NARVAEZ', 'GARDUÑO', 'PAOLA IVONNE'),
(151070269, 'IGE', 'BARBOSA', 'SEGUNDO', 'TANIA AILIN'),
(151070270, 'IBQ', 'JIMÉNEZ', 'GARCÍA', 'MARIA ALEJANDRA'),
(151070271, 'IBQ', 'BARONA', 'AVILA', 'OSCAR'),
(151070272, 'ISI', 'ARGÜELLES', 'ALVAREZ', 'JOSE ROQUE'),
(151070273, 'IGE', 'JUÁREZ', 'GARCÍA', 'MINERVA'),
(151070274, 'IBQ', 'ENRIQUEZ', 'ROJAS', 'GUSTAVO'),
(151070275, 'IBQ', 'HINOJOSA', 'CANO', 'ALMA YADIRA'),
(151070276, 'IBQ', 'CHAVEZ', 'CASTILLO', 'EDUARDO'),
(151070277, 'IBQ', 'HERNÁNDEZ', 'VILLEGAS', 'CINTHIA GISEL'),
(151070278, 'ISI', 'RAMÍREZ', 'JAIMEZ', 'DAVID'),
(151070279, 'IGE', 'AGUIRRE', 'SANTOS', 'THALIA'),
(151070280, 'IGE', 'AGUIRRE', 'AGUIRRE', 'ARIADNA'),
(151070281, 'IBQ', 'SOSA', 'LAGUNA', 'ERIKA'),
(151070282, 'IGE', 'CORTES', 'NEGRETE', 'YOLOTHZIN'),
(151070283, 'ISI', 'ESCOBAR', 'BLAS', 'VIRIDIANA'),
(151070284, 'IBQ', 'ANGELES', 'REZA', 'TANIA'),
(151070285, 'ISI', 'REYES', 'MIRANDA', 'REBECA'),
(151070286, 'IGE', 'ASCENCIO', 'PEÑA', 'MARTHA ISELA'),
(151070287, 'IGE', 'SOLARES', 'SOLIS', 'LUIS  TONATIUH'),
(151070288, 'IBQ', 'CHAVARRIA', 'MONTES', 'REYNA GABRIELA'),
(151070289, 'ISI', 'ANTONIO', 'NICOLÁS', 'ALFREDO'),
(151070290, 'IGE', 'BECERRIL', 'CORTÉS', 'ANA KAREN'),
(151070300, 'IGE', 'PAZ', 'MARTÍNEZ', 'MICHELLE PENELOPE'),
(151070301, 'ISI', 'MOTA', 'MENDOZA', 'ANDRES ARTURO'),
(151070302, 'IGE', 'ROSALES', 'GARCÍA', 'DANIELA YOSAHANDI'),
(151070303, 'IIA', 'ARMESTO', 'HERNÁNDEZ', 'JOSÉ LUIS'),
(151070304, 'IGE', 'MENDOZA', 'GUERRERO', 'EDGAR ALEXIS'),
(151070305, 'IGE', 'CALDIÑO', 'GUERRERO', 'LUIS CLAVER'),
(151070307, 'IIA', 'PARRA', 'ROMO', 'EDUARDO GEOVANNI'),
(151110151, 'IGE', 'ROJAS', 'MARTINEZ', 'OZIRIS ITZEL'),
(161070001, 'IGE', 'DE JESUS', 'DURÁN', 'ESTEBAN'),
(161070002, 'IGE', 'MERAZ', 'SANCHEZ', 'AMERICA'),
(161070003, 'ISI', 'BECERRIL', 'FLORES', 'ANTONIO DE JESÚS'),
(161070004, 'IGE', 'GONZÁLEZ', 'ZITLALAPA', 'GUADALUPE'),
(161070005, 'ISI', 'GARCÍA', 'TRUJILLO', 'JANELY'),
(161070006, 'IIA', 'JIMENEZ', 'TAFOYA', 'JORGE IVAN'),
(161070007, 'IGE', 'JUÁREZ', 'RUIZ', 'CHRISTOPHER'),
(161070008, 'IGE', 'CORTES', 'DE LA GARZA', 'JESSICA'),
(161070009, 'IBQ', 'COVARRUBIAS', 'ASTUDILLO', 'MAGDIEL'),
(161070010, 'ISI', 'FLORES', 'IBARRA', 'OMAR'),
(161070011, 'ISI', 'SOLANO', 'ACEVEDO', 'OSCAR EDUARDO'),
(161070012, 'IGE', 'LOPEZ', 'OLALDE', 'LILIANA'),
(161070013, 'IGE', 'LÓPEZ', 'OLALDE', 'LUIS ENRIQUE'),
(161070014, 'ISI', 'GARCÉS', 'GARCÉS', 'ALEJANDRA'),
(161070015, 'IGE', 'ROSAS', 'ROMERO', 'SAÚL'),
(161070016, 'IGE', 'AGUIRRE', 'AGUIRRE', 'ARIADNA'),
(161070017, 'IBQ', 'LEÓN', 'MEZA', 'JORGE ALBERTO'),
(161070018, 'ISI', 'ESCOBAR', 'BLAS', 'VIRIDIANA'),
(161070019, 'ISI', 'PORTILLA', 'HERNANDEZ', 'STEPHANIE'),
(161070020, 'ISI', 'RAYA', 'CORONEL', 'LUIS DAVID'),
(161070021, 'IBQ', 'DE JESUS', 'COCTECON', 'EFRAIN'),
(161070022, 'IGE', 'AGUILAR', 'GARCÍA', 'HAZEL ALONDRA'),
(161070023, 'ISI', 'VÁZQUEZ', 'RAMÍREZ', 'ROBERTO CARLOS'),
(161070024, 'IBQ', 'GALARZA', 'JIMÉNEZ', 'IVÓN MONSERRAT'),
(161070025, 'IBQ', 'EULOGIO', 'PÉREZ', 'DONOVAN'),
(161070026, 'IGE', 'VÁZQUEZ', 'PEÑALOZA', 'MARCO ANTONIO'),
(161070027, 'ISI', 'JIMÉNEZ', 'LUNA', 'RICARDO EDER'),
(161070028, 'ISI', 'GARCIA', 'MARTINEZ', 'ARMANDO'),
(161070029, 'ISI', 'LIMA', 'FLORES', 'DEISY'),
(161070030, 'IGE', 'ARAIZA', 'MORALES', 'GUILLERMO ALEJANDRO'),
(161070031, 'IGE', 'CALZADA', 'SANCHEZ', 'JOCELYN'),
(161070032, 'IGE', 'JURADO', 'JIMENEZ', 'HERIBERTO'),
(161070033, 'IGE', 'GOMEZ', 'DIAZ', 'VIRGINIA'),
(161070034, 'IGE', 'HERNANDEZ', 'VENEGAS', 'JOSE REYES'),
(161070035, 'IGE', 'MEZA', 'GARCIA', 'JULIO CESAR'),
(161070036, 'ISI', 'FUENTES', 'ESTEBANEZ', 'JOSUE ALAN'),
(161070037, 'ISI', 'MEZA', 'MARQUEZ', 'FRANCISCO ELIAS'),
(161070038, 'IGE', 'OSORIO', 'CALVA', 'ALEJANDRO'),
(161070039, 'IBQ', 'HERNADEZ', 'HUERTA', 'JONATHAN OMAR'),
(161070040, 'ISI', 'PÉREZ', 'SÁNCHEZ', 'LUIS FERNANDO'),
(161070041, 'IGE', 'ANDRADE', 'SANTOS', 'ROSARIO'),
(161070042, 'ISI', 'GARCIA', 'MENDOZA', 'CRISTIAN LUIS'),
(161070043, 'IGE', 'LOAEZA', 'JOACHIN', 'JUAN'),
(161070044, 'IBQ', 'ALEGRIA', 'VARELA', 'MARIA DEYANIRA'),
(161070045, 'IBQ', 'MANCILLA', 'LÓPEZ', 'ESMERALDA'),
(161070046, 'IBQ', 'LÒPEZ', 'GUTIERREZ', 'DIANA'),
(161070047, 'IBQ', 'MALDONADO', 'ALARCÒN', 'GUADALUPE ANILÚ'),
(161070048, 'IGE', 'OLAYO', 'ROSAS', 'SAUL GERONIMO'),
(161070049, 'ISI', 'RODRÌGUEZ', 'TOLEDO', 'ABELARDO'),
(161070050, 'IBQ', 'MÉNDEZ', 'JUÁREZ', 'GABRIELA'),
(161070051, 'ISI', 'GRANADOS', 'BOLAÑOS', 'JOSE IGNACIO'),
(161070052, 'IBQ', 'FLORES', 'ALVARADO', 'MISSAEL'),
(161070053, 'IBQ', 'NUÑEZ', 'PADILLA', 'IVETH'),
(161070054, 'IIA', 'RODRIGUEZ', 'BERISTAIN', 'DANIEL'),
(161070055, 'IGE', 'SORIANO', 'MENDOZA', 'PAOLA'),
(161070056, 'IGE', 'VALDERRAMA', 'ALVARADO', 'PERLA'),
(161070057, 'IGE', 'CARRERA', 'FLORES', 'MARIO ALBERTO'),
(161070058, 'IBQ', 'BOLAÑOS', 'SOLÌS', 'ALEJANDRO'),
(161070059, 'IBQ', 'LOVERA', 'CASTRO', 'OSCAR ULISES'),
(161070060, 'IBQ', 'SORIANO', 'BECERRIL', 'KARINA GUADALUPE'),
(161070061, 'IBQ', 'BUCIO', 'VALERDI', 'GUADALUPE DEL ROCIO'),
(161070062, 'IBQ', 'GARCÌA', 'MARTÌNEZ', 'JOCELYN YOLOTZIN'),
(161070063, 'IBQ', 'RAMÍREZ', 'QUERITO', 'MARÍA ESTHER'),
(161070064, 'IIA', 'ROJO', 'CÓRDOVA', 'BRANDON AARÓN'),
(161070065, 'IGE', 'ARZATE', 'GODOY', 'LAURA MARIANA'),
(161070066, 'IGE', 'CONTRERAS', 'GONZAGA', 'JESUS IRVING'),
(161070067, 'IBQ', 'RINCON', 'MORALES', 'ERIKA'),
(161070068, 'IIA', 'VALDEZ', 'REZA', 'CRUZ EVELIN'),
(161070069, 'IBQ', 'ALVAREZ', 'CANO', 'CONCEPCIÒN'),
(161070070, 'ISI', 'DALMAN', 'JIMENEZ', 'AXEL'),
(161070071, 'ISI', 'PADILLA', 'BRAVO', 'GUADALUPE'),
(161070072, 'IBQ', 'CESAREO', 'RAMIREZ', 'CHRISTIAN'),
(161070073, 'IBQ', 'RIVERA', 'MARTÌNEZ', 'NORA LEIDY'),
(161070074, 'IGE', 'PORTILLA', 'MORALES', 'KAREN ALINNE'),
(161070075, 'IBQ', 'PACHECO', 'MORALES', 'UBALDO'),
(161070076, 'IGE', 'SUÁREZ', 'GUERRERO', 'IRVING URIEL'),
(161070077, 'ISI', 'GONZALEZ', 'GONZALEZ', 'JULIO CESAR'),
(161070078, 'ISI', 'PASCUAL', 'LÒPEZ', 'HÈCTOR'),
(161070079, 'IBQ', 'ACEVES', 'FLORES', 'EDITH'),
(161070080, 'IIA', 'PÈREZ', 'HERNÀNDEZ', 'MARTHA RAQUEL'),
(161070081, 'IBQ', 'CASTILLO', 'MARTINEZ', 'EUGENIO'),
(161070082, 'IGE', 'DIRCIO', 'CRUZ', 'JESSICA'),
(161070083, 'IBQ', 'FUERTE', 'ROGEL', 'MARIA DEL CARMEN'),
(161070084, 'IGE', 'SILVA', 'TORRES', 'CARLOS ALBERTO DE JESUS'),
(161070085, 'IBQ', 'ARISTA', 'AYALA', 'DANIELA'),
(161070086, 'ISI', 'ROJO', 'CÓRDOVA', 'FRANCISCO JAVIER'),
(161070087, 'ISI', 'HERNÀNDEZ', 'HERNÀNDEZ', 'KARLA'),
(161070088, 'IBQ', 'MANCEBO', 'BECERRIL', 'MITZI'),
(161070089, 'IBQ', 'HERNADEZ', 'PEREZ', 'RUBEN'),
(161070090, 'IBQ', 'SUÁREZ', 'VALDERRAMA', 'DAVID'),
(161070091, 'IBQ', 'ISLAS', 'CHÁVEZ', 'HUMBERTO'),
(161070092, 'IIA', 'SOLANO', 'CASTRO', 'DIEGO'),
(161070093, 'ISI', 'MACEDA', 'OLVERA', 'LUIS ENRIQUE'),
(161070094, 'IIA', 'REYES', 'GARCÌA', 'MARTHA LEONOR'),
(161070095, 'IIA', 'GUTIÈRREZ', 'RESÈNDIZ', 'MÒNICA NATHALIE'),
(161070096, 'ISI', 'SANTIAGO', 'ALEJO', 'RICARDO'),
(161070097, 'IBQ', 'LOZADA', 'ALVAREZ', 'CAROLINA IVETTE'),
(161070098, 'IBQ', 'CORTES', 'MARTINEZ', 'FRANCISCO JAVIER'),
(161070099, 'ISI', 'BARRERA', 'SALGADO', 'LUIS FERNANDO'),
(161070100, 'IGE', 'MANCERA', 'ESCOBEDO', 'EDGAR'),
(161070101, 'IIA', 'CRUZ', 'HUITZIL', 'REYNA NALLELY'),
(161070102, 'IGE', 'MEDINA', 'GARCÍA', 'REY DAVID'),
(161070103, 'IBQ', 'SALINAS', 'CASTAÑEDA', 'ANDREA'),
(161070104, 'IIA', 'MEDINA', 'SERAPIO', 'DALIA'),
(161070105, 'IBQ', 'FLORES', 'SARMIENTO', 'EVA PALOMA'),
(161070106, 'ISI', 'RETANA', 'CALZADA', 'AGUSTÍN'),
(161070107, 'IIA', 'CABALLERO', 'HERNANDEZ', 'DANIEL AZEEM'),
(161070108, 'IBQ', 'GARCIA', 'GALICIA', 'URIEL'),
(161070109, 'IGE', 'SERRALDE', 'VILDOSOLA', 'ISIS SARAHI'),
(161070110, 'IIA', 'HERNANDEZ', 'SANTIAGO', 'DIANA'),
(161070111, 'IGE', 'OLVERA', 'FUENTES', 'ANGEL YAIR'),
(161070112, 'IBQ', 'SOTO', 'ROJAS', 'VALERIA'),
(161070113, 'IBQ', 'SALAZAR', 'PALMA', 'YULEIDA'),
(161070114, 'IGE', 'TORRES', 'SOTO', 'JONATHAN ISAAC'),
(161070115, 'IBQ', 'LLANOS', 'LLANOS', 'JOCELYN LUCERO'),
(161070116, 'IGE', 'RODRIGUEZ', 'RODRIGUEZ', 'BERENICE'),
(161070117, 'ISI', 'HÉRNANDEZ', 'LÓPEZ', 'YANELY'),
(161070118, 'IGE', 'JIMENEZ', 'PEREZ', 'MAYRA MAGALLY'),
(161070119, 'IIA', 'PEÑA', 'DUEÑAS', 'OMAR ENRIQUE'),
(161070120, 'ISI', 'MEJIA', 'PEÑA', 'OSCAR'),
(161070121, 'ISI', 'FLORES', 'REYES', 'LEYDA VANESSA'),
(161070122, 'IGE', 'HERNANDEZ', 'PEREZ', 'JOSHUA KENNEDY'),
(161070123, 'IBQ', 'VAZQUEZ', 'RIVERA', 'ARIANA'),
(161070124, 'ISI', 'ORTEGA', 'AYALA', 'DIANA'),
(161070125, 'IIA', 'OCHOA', 'JARQUIN', 'BRICIA TERESA'),
(161070126, 'IGE', 'SALAZAR', 'GONZALEZ', 'AYAX ALEJANDRO'),
(161070127, 'IGE', 'LUNA', 'DÍAZ', 'ROSARIO XARENI'),
(161070129, 'IBQ', 'MORALES', 'RODRIGUEZ', 'BRANDON JORGE'),
(161070130, 'IGE', 'DURAN', 'LUIS', 'SARAHI'),
(161070131, 'IGE', 'APANTIPAN', 'GARCIA', 'VIRIDIANA'),
(161070132, 'IIA', 'ORENDA', 'LLANOS', 'CARLOS'),
(161070133, 'ISI', 'HERNÁNDEZ', 'CABRERA', 'GERMÁN'),
(161070134, 'IGE', 'ALVARADO', 'MARCIAL', 'OMAR'),
(161070135, 'IGE', 'OSORIO', 'GARCÍA', 'IVONNE'),
(161070136, 'IGE', 'MENDOZA', 'DE LA GUARDIA', 'ALDO'),
(161070137, 'ISI', 'AGUILAR', 'PEREZ', 'ALDO JOSE'),
(161070138, 'IBQ', 'BASTIDA', 'ROMERO', 'SALVADOR JOSEPH'),
(161070139, 'IBQ', 'RAMÍREZ', 'MILLA', 'SAHYAN'),
(161070140, 'IGE', 'ARROYO', 'CHAVEZ', 'JHONNATAN'),
(161070141, 'IGE', 'JUÁREZ', 'MEZA', 'YESSICA PATRICIA'),
(161070142, 'ISI', 'GUILLEN', 'GONZALEZ', 'JESUS'),
(161070143, 'IBQ', 'SILVERIO', 'RUIZ', 'RUTH JACQUELINE'),
(161070144, 'IBQ', 'GONZALEZ', 'MEDINA', 'OSVALDO'),
(161070145, 'ISI', 'REYES', 'VICUÑA', 'JOSHUA'),
(161070146, 'ISI', 'HERNÁNDEZ', 'FLORES', 'ALEXIS JESÚS'),
(161070147, 'IBQ', 'MENDOZA', 'ALVARADO', 'ANDREA'),
(161070148, 'IBQ', 'ALLENDE', 'SANCHEZ', 'ANGEL DE JESUS'),
(161070149, 'IGE', 'BARRIENTOS', 'HERNÁNDEZ', 'JESSICA'),
(161070150, 'IGE', 'RAMIREZ', 'MANCILLA', 'JESSICA AURORA'),
(161070151, 'IGE', 'MIRANDA', 'GARCÍA', 'ANA LAURA'),
(161070152, 'IGE', 'ELIAS', 'SANTOS', 'LEONARDO'),
(161070153, 'IBQ', 'RAMIREZ', 'MARMOLEJO', 'DANIELA'),
(161070154, 'ISI', 'CHÁVEZ', 'LUIS', 'FRANCO'),
(161070155, 'IGE', 'BALTAZAR', 'VALLE', 'EMMANUEL'),
(161070156, 'ISI', 'JUAREZ', 'CRUZ', 'FATIMA KARINA'),
(161070157, 'IIA', 'LUNA', 'RENTERIA', 'GRECIA FERNANDA'),
(161070158, 'ISI', 'ENCIN', 'MURCIA', 'CARLOS'),
(161070159, 'ISI', 'AGUILAR', 'PÉREZ', 'EULISES'),
(161070160, 'IGE', 'VALDERRAMA', 'ROSETE', 'PAOLA'),
(161070161, 'IGE', 'JIMÉNEZ', 'HERNÁNDEZ', 'HERMILO'),
(161070162, 'IBQ', 'MARTÍNEZ', 'BÁRCENA', 'PATRICIA MARITZA'),
(161070163, 'IIA', 'GORGONIO', 'FLORES', 'PEDRO'),
(161070164, 'ISI', 'GUILLÉN', 'VILLAMAR', 'OSCAR'),
(161070165, 'ISI', 'REYES', 'ALONSO', 'YETLANEZI'),
(161070166, 'IGE', 'SOLIS', 'JUAREZ', 'BLANCA AZUCENA'),
(161070167, 'IBQ', 'SALGADO', 'MARCOS', 'ANA ALICIA'),
(161070168, 'IGE', 'AMAYA', 'FUENTES', 'FRANCISCO'),
(161070169, 'IBQ', 'BECERRIL', 'PEREZ', 'LEONARDO'),
(161070170, 'IBQ', 'AMAYA', 'FUENTES', 'MONTSERRAT'),
(161070171, 'IBQ', 'CHAVEZ', 'HERNANDEZ', 'JENNIFER'),
(161070172, 'IIA', 'ROQUE', 'CABELLO', 'ARACELI'),
(161070173, 'ISI', 'BARCENA', 'ANGELES', 'DONOVAN'),
(161070174, 'IBQ', 'FERRARI', 'GUTIERREZ', 'NINIBE'),
(161070175, 'ISI', 'SERVIN', 'CERVANTES', 'JESÚS ANTONIO'),
(161070176, 'ISI', 'ORGANILLO', 'CALDERON', 'ROBERTO CARLOS'),
(161070177, 'IGE', 'JIMÉNEZ', 'HERNÁNDEZ', 'JOSÉ ARTURO'),
(161070178, 'IBQ', 'GASGA', 'TAPIA', 'DANIEL'),
(161070179, 'IBQ', 'ALFARO', 'GONZÁLEZ', 'GUILLERMO'),
(161070180, 'IBQ', 'VERGARA', 'MIRAMÓN', 'PAOLA LIZETTE'),
(161070181, 'IBQ', 'GONZALEZ', 'LOPEZ', 'IAN ZURIEL'),
(161070182, 'IGE', 'ROSILES', 'CASTELLANOS', 'JULIO CESAR'),
(161070183, 'IBQ', 'GARCIA', 'SERRATOS', 'MARÍA JOSÉ'),
(161070184, 'IGE', 'MARTINEZ', 'CUELLAR', 'GUILLERMO'),
(161070185, 'IGE', 'SOLORZANO', 'LOPEZ', 'ANA PAULA'),
(161070186, 'ISI', 'MARTÍNEZ', 'LÓPEZ', 'ERWIN ALEJANDRO'),
(161070187, 'IBQ', 'MONROY', 'LÓPEZ', 'MANUEL ISAAC'),
(161070188, 'IBQ', 'FLORES', 'HERNÁNDEZ', 'CLAUDIA GABRIELA'),
(161070189, 'IBQ', 'ARAUJO', 'ESPINOSA', 'ANTONIO'),
(161070190, 'IGE', 'DOMÍNGUEZ', 'LIMÓN', 'MARLEN'),
(161070191, 'ISI', 'CANSECO', 'SEVERO', 'FRANCISCO JAVIER'),
(161070192, 'ISI', 'RIVERA', 'VAZQUEZ', 'BILLY DE GOHAN'),
(161070193, 'IGE', 'GRANADOS', 'IBARRA', 'JUAN ADRIAN'),
(161070194, 'IIA', 'ROSETE', 'VELA', 'ARTURO'),
(161070195, 'ISI', 'SAUCEDO', 'ALEGRIA', 'HECTOR CESAR'),
(161070196, 'ISI', 'ORDOÑEZ', 'GARCÍA', 'JORGE LUIS'),
(161070197, 'ISI', 'FERNÁNDEZ', 'MENDEZ', 'RICARDO MARTIN'),
(161070198, 'IGE', 'HERNANDEZ', 'ORTIZ', 'IVAN GONZALO'),
(161070199, 'ISI', 'FLORES', 'ROMERO', 'JOSÉ ANTONIO'),
(161070200, 'IIA', 'BECERRIL', 'VALENZUELA', 'JESSICA JACQUELINE'),
(161070201, 'IGE', 'SALAZAR', 'MIÑON', 'SARAI'),
(161070202, 'IBQ', 'CALNACASCO', 'HERNANDEZ', 'CARLOS'),
(161070203, 'IGE', 'POZOS', 'DÍAZ', 'ANA KAREN'),
(161070204, 'ISI', 'HERRERA', 'CONTRERAS', 'ANA PATRICIA'),
(161070205, 'IGE', 'NAZARIO', 'MELENDEZ', 'MITZI NAYELI'),
(161070206, 'ISI', 'JIMÉNEZ', 'JIMÉNEZ', 'JORGE ALBERTO'),
(161070207, 'IIA', 'RUIZ', 'BARCENAS', 'ARIANA IVETTE'),
(161070208, 'IBQ', 'NAVA', 'LARA', 'JOHANA AMAIRANY'),
(161070209, 'IGE', 'CRUZ', 'LOPEZ', 'ANGELICA'),
(161070210, 'ISI', 'GARCÍA', 'GARCÍA', 'ANEL ABIGAIL'),
(161070211, 'ISI', 'CRISTOBAL', 'SANCHEZ', 'OSCAR'),
(161070212, 'IGE', 'VILLAGRÁN', 'DÍAZ', 'ANGEL DE JESÚS'),
(161070213, 'ISI', 'SÁNCHEZ', 'MORONES', 'CARLOS ALEXIS'),
(161070214, 'IBQ', 'BARRERA', 'VELAZQUEZ', 'JESUS ABEL'),
(161070215, 'ISI', 'JIMÉMEZ', 'JIMÉNEZ', 'CARLOS'),
(161070216, 'IIA', 'NERI', 'MÉNDEZ', 'LUIS ALBERTO'),
(161070217, 'ISI', 'HERNÁNDEZ', 'GALLEGOS', 'RICARDO'),
(161070218, 'ISI', 'CULEBRO', 'SANDOVAL', 'GUILLERMO'),
(161070219, 'ISI', 'VELAZQUEZ', 'AVILA', 'LUIS JAVIER'),
(161070220, 'IGE', 'MARTÍNEZ', 'GARCIA', 'MARIA LUISA'),
(161070221, 'IGE', 'ZEMPOALTECA', 'CASTRO', 'ALISON'),
(161070222, 'IBQ', 'PEREZ', 'MERINO', 'ESMERALDA YATZARETH'),
(161070223, 'IBQ', 'SALAZAR', 'PÉREZ', 'ABIGAIL'),
(161070224, 'IGE', 'MEDINA', 'BÁRCENAS', 'CARLOS'),
(161070225, 'IGE', 'CÓRDOBA', 'JÁUREGUI', 'ISRAEL YAEL'),
(161070226, 'IBQ', 'NAVA', 'DOMINGUEZ', 'LESLY DEL CARMÉN'),
(161070227, 'IGE', 'GALINDO', 'JIMENEZ', 'DANIEL'),
(161070228, 'IIA', 'MARQUEZ', 'MORALES', 'MARTHA PATRICIA'),
(161070229, 'IBQ', 'MORA', 'DIAZ', 'MAYTE ELENA'),
(161070230, 'IGE', 'MANCILLA', 'REYES', 'IVAN ABRAHAM'),
(161070231, 'ISI', 'BECERRIL', 'LÓPEZ', 'VANESSA'),
(161070232, 'IIA', 'LEYVA', 'ROMERO', 'CRISTIAN GIOVANNI'),
(161070233, 'IBQ', 'VARELA', 'GRANADOS', 'HUGO ALAN'),
(161070234, 'ISI', 'BERNABE', 'DE JESUS', 'SUSANA'),
(161070235, 'ISI', 'LÓPEZ', 'PARRAS', 'JESÚS'),
(161070236, 'IGE', 'MEDINA', 'VAZQUEZ', 'ANDREA'),
(161070237, 'IBQ', 'ZUÑIGA', 'MONTEZ', 'NAHOMY DONAHY'),
(161070238, 'ISI', 'OLIVARES', 'GARIBAY', 'FANNY'),
(161070239, 'ISI', 'MEZA', 'MARTINEZ', 'SAÚL'),
(161070240, 'IBQ', 'HERNANDEZ', 'AGUILAR', 'ULISES'),
(161070241, 'ISI', 'ELIGIO', 'FLORES', 'JESÚS'),
(161070242, 'IBQ', 'BRAVO', 'VILLANUEVA', 'CONCEPCIÓN KAREN'),
(161070243, 'IBQ', 'SÁNCHEZ', 'CRÚZ', 'LIZBETH CRISTINA'),
(161070244, 'ISI', 'CONTRERAS', 'TRUJILLO', 'JESUS'),
(161070245, 'IIA', 'GALINDO', 'MIRANDA', 'DIANA LAURA'),
(161070246, 'IGE', 'CHAVEZ', 'ZARCO', 'ALONDRA JOCELYN'),
(161070247, 'IGE', 'GÓMEZ', 'LÓPEZ', 'JESÚS DANIEL'),
(161070248, 'IGE', 'OLGUIN', 'PALOMINO', 'IVÁN ALFREDO'),
(161070249, 'ISI', 'DOSAMANTES', 'BARAJAS', 'ANDRES'),
(161070250, 'IBQ', 'GALICIA', 'PACHECO', 'ALFREDO'),
(161070251, 'IIA', 'GERVACIO', 'LARA', 'ARTURO LIBRADO'),
(161070252, 'IBQ', 'DE LA CRUZ', 'GARZÓN', 'SONIA KETZALI'),
(161070253, 'IBQ', 'NERI', 'GALINDO', 'ENRIQUE'),
(161070254, 'IGE', 'FLORES', 'RIVERA', 'JORGE'),
(161070255, 'IGE', 'FLORES', 'RIVERA', 'MIGUEL ISRAEL'),
(161070256, 'IBQ', 'PEÑA', 'GRANADOS', 'ESTEICY'),
(161070257, 'ISI', 'SABINO', 'BARCENA', 'ALEJANDRO'),
(161070258, 'IGE', 'MENDEZ', 'CONCEPCION', 'CATALINA NATALI'),
(161070259, 'IGE', 'CANALES', 'RAZO', 'NICOLE'),
(161070260, 'ISI', 'PEREZ', 'CHAVEZ', 'SARAHI FABIOLA'),
(161070261, 'IGE', 'HERNANDEZ', 'RODRÍGUEZ', 'CÉSAR ULISES'),
(161070262, 'ISI', 'HERNANDEZ', 'HERNANDEZ', 'FERNANDO'),
(161070263, 'ISI', 'TORRES', 'CHACON', 'MICHEL'),
(161070264, 'IBQ', 'CUENCA', 'CASTILLO', 'STEPHANIE ELIZABETH'),
(161070265, 'IBQ', 'ROJAS', 'HERNÁNDEZ', 'RAMÓN'),
(161070266, 'IBQ', 'MARTIN DEL CAMPO', 'HERRERA', 'JORGE SAMUEL'),
(161070267, 'IIA', 'AVILA', 'LOPEZ', 'INGRID MICHELLE'),
(161070268, 'IIA', 'RIVERA', 'BECERRIL', 'LIZBETH'),
(161070269, 'IGE', 'GARCIA', 'ROSAS', 'EDGAR ADRIÁN'),
(161070270, 'IGE', 'SALAZAR', 'SANDOVAL', 'JOAN OTONIEL'),
(161070271, 'IIA', 'CADENA', 'MORALES', 'ANGEL GUSTAVO'),
(161070272, 'IBQ', 'ROSAS', 'MARTÍNEZ', 'ANGÉLICA YOSELIN'),
(161070273, 'IIA', 'CASAS', 'LÓPEZ', 'GABRIELA'),
(161070274, 'IBQ', 'HERNÁNDEZ', 'BELTRÁN', 'ROSA ISELA'),
(161070275, 'ISI', 'MENDOZA', 'DEL VALLE', 'SILVIA CAROLINA'),
(161070276, 'IGE', 'OLVERA', 'SÁNCHEZ', 'BRENDA'),
(161070277, 'IGE', 'NOPALTITLA', 'REYES', 'HECTOR'),
(161070278, 'ISI', 'RODRIGUEZ', 'CRUZ', 'LEONARDO'),
(161070279, 'IBQ', 'CHAVEZ', 'TREJO', 'CARLOS DANIEL'),
(161070280, 'ISI', 'CORRALES', 'PÉREZ', 'LUIS ÁNGEL'),
(161070281, 'ISI', 'GARIBAY', 'PUÓN', 'ALEJANDRA GABRIELA'),
(161070282, 'IBQ', 'HERNÁNDEZ', 'GÓMEZ', 'HECTOR SALVADOR'),
(161070283, 'IBQ', 'PRECIADO', 'LOPEZ', 'CHRISTIAN JOVANNI'),
(161070284, 'ISI', 'LINARES', 'REYNOSO', 'JOSUE PEDRO'),
(161070285, 'ISI', 'FLORES', 'SÀNCHEZ', 'FERNANDO IVAN'),
(161070286, 'IBQ', 'ROSALES', 'MANCILLA', 'ANGEL ESAU'),
(161070287, 'IBQ', 'GONZÁLEZ', 'MARTINEZ', 'ERIK IYAIR'),
(161070288, 'IGE', 'SANDOVAL', 'TORRES', 'MICHELLE ALEJANDRA'),
(161070289, 'IBQ', 'GONZÀLEZ', 'ANTONIO', 'LUIS ANGEL'),
(161070290, 'IGE', 'MENDOZA', 'BRAULIO', 'LUIS ENRIQUE'),
(161070291, 'IBQ', 'LAGUNES', 'JAIMES', 'DIANA YOSELIN'),
(161070292, 'IGE', 'BECERRIL', 'GALICIA', 'JAIR ALEJANDRO'),
(161070293, 'ISI', 'ORTEGA', 'CALZADA', 'YAEL'),
(161070294, 'IBQ', 'MORALES', 'ZEPEDA', 'GUADALUPE MONSERRAT'),
(161070295, 'IIA', 'CAMPOS', 'ESPINDOLA', 'JOCELIN'),
(161070296, 'IIA', 'ALDAMA', 'ALBERTO', 'ANA GABRIELA'),
(161070297, 'IGE', 'SOTO', 'QUINTIN', 'NANCY'),
(161070298, 'ISI', 'GOMEZ', 'DELGADO', 'DAVID'),
(161070299, 'ISI', 'PÉREZ', 'CARRIÓN', 'ALFREDO'),
(161070300, 'IBQ', 'RAMIREZ', 'HERNANDEZ', 'GRACIELA'),
(161070301, 'IGE', 'HERNÀNDEZ', 'MORENO', 'ISAAC DIONEL'),
(161070302, 'ISI', 'PRIMERO', 'MARTINEZ', 'JOSE IGNACIO'),
(161070303, 'ISI', 'HERNANDEZ', 'LOPEZ', 'JOSE ANDRES'),
(161070304, 'ISI', 'MARTINEZ', 'TRUJILLO', 'DANIEL'),
(161070305, 'IBQ', 'BARONA', 'VIDAL', 'MARIA GUADALUPE'),
(161070307, 'IIA', 'SÁNCHEZ', 'AGUIRRE', 'MARICRUZ'),
(161070308, 'IGE', 'MARTINEZ', 'SANCHEZ', 'CELIA ITZEL'),
(161070309, 'IBQ', 'FLORES', 'GUZMAN', 'ROSARIO'),
(161070310, 'IIA', 'FLORES', 'ROSAS', 'JULISA CELESTE'),
(161070311, 'IBQ', 'MENDOZA', 'ROSAS', 'MARITZA'),
(161070312, 'IGE', 'LÒPEZ', 'JIMENEZ', 'DIEGO'),
(161070313, 'IIA', 'CORONA', 'NARANJO', 'LILIANA'),
(161070314, 'ISI', 'GUEVARA', 'MORENO', 'JAVIER'),
(161070315, 'IBQ', 'CRUZ', 'JURADO', 'ISRAEL'),
(161070316, 'ISI', 'MEDINA', 'GALINDO', 'DANIEL TONALY'),
(161070317, 'IBQ', 'GALICIA', 'BASTIDA', 'MARIA FERNANDA'),
(161070318, 'IBQ', 'AYALA', 'BENITEZ', 'MARIELENA'),
(161070319, 'IBQ', 'FLORES', 'OLIVAS', 'OSCAR ALEJANDRO'),
(161070320, 'IBQ', 'YAÑEZ', 'HERNANDEZ', 'ANA LAURA'),
(161070321, 'IBQ', 'HERNANDEZ', 'ENRIQUEZ', 'DANIEL'),
(161070322, 'IBQ', 'GOMEZ', 'CRUZ', 'JAIR'),
(161070323, 'IIA', 'RIVERA', 'JIMENEZ', 'JOVANA'),
(161070324, 'IBQ', 'DELGADO', 'TORRES', 'EFREN'),
(161070325, 'ISI', 'PAEZ', 'SERRALDE', 'LUIS ALBERTO'),
(161070326, 'IBQ', 'RAMÍREZ', 'SÁNCHEZ', 'ANGÉLICA MARBELLA'),
(161070327, 'IBQ', 'TAPIA', 'FLORES', 'KARINA'),
(161070328, 'IBQ', 'NAVARRO', 'ADAYA', 'HECTOR'),
(161070329, 'IBQ', 'ESPINAL', 'HERNÁNDEZ', 'GUADALUPE'),
(161070331, 'IBQ', 'MARTINEZ', 'RAMIREZ', 'MAXIMINO'),
(161070332, 'IBQ', 'ACEVES', 'MOLINA', 'ERIK'),
(161070333, 'IBQ', 'YAÑEZ', 'VICTORIANO', 'WENDY'),
(161070334, 'IBQ', 'TELOXA', 'RODRIGUEZ', 'SARAHI ELVIRA'),
(161070335, 'IBQ', 'RESENDIZ', 'MAQUEDA', 'URIEL'),
(161070336, 'IIA', 'GABINO', 'VÁZQUEZ', ' CLAUDIA ERIKA'),
(161070337, 'IBQ', 'ESQUIVEL', 'ANGULO', 'LUIS FRANCISCO'),
(161070338, 'IIA', 'RIOS', 'LOPEZ', 'ADRIAN'),
(161070339, 'IGE', 'VELASCO', 'HERNANDEZ', 'DULCE GETCEMANI'),
(161070340, 'IBQ', 'FRAGOSO', 'CORTES', 'MONSERRAT PAMELA'),
(161070341, 'ISI', 'HUITRON', 'RAMIREZ', 'PAVEL'),
(161070342, 'IIA', 'ROJAS', 'ROMERO', 'MARIA FERNANDA'),
(161070343, 'IBQ', 'DE LA PAZ', 'AYALA', 'VALERIA'),
(161070344, 'IBQ', 'REYNA', 'ARELIO', 'BRENDA VANESSA'),
(161070345, 'IIA', 'ROSAS', 'LINARES', 'DANIELA'),
(161070346, 'IBQ', 'AMADOR', 'DELGADO', 'ALEXIS ARTURO'),
(161070347, 'IIA', 'TAPIA', 'ROMERO', 'MARICRUZ'),
(161070348, 'IBQ', 'HERNANDEZ', 'CRUZ', 'ABRIL'),
(161070349, 'IBQ', 'ALVARADO', 'GARCIA', 'ITZEL'),
(161070350, 'IBQ', 'RAMIREZ', 'VILLANUEVA', 'ZAYRA JOSELINE'),
(161070351, 'IBQ', 'REYES', 'RODRIGUEZ', 'VERENICE CITLALI'),
(161070352, 'IBQ', 'GONZALEZ', 'GOMEZ', 'ABDEEL ISAI'),
(161070353, 'ISI', 'BARANDA', 'VALENCIA', 'CRISTIAN'),
(161070354, 'IGE', 'HERNANDEZ', 'GONZALEZ', 'DIANA REYNA'),
(161070355, 'IGE', 'ARCIGA', 'ALCALÁ', 'MAYRA ADILENE'),
(161070356, 'IIA', 'SALAS', 'CORONA', 'ISRAEL'),
(161070357, 'ISI', 'RAMIREZ', 'HERNANDEZ', 'MARIA FERNANDA'),
(161070358, 'IBQ', 'GARCIA', 'TRUJILLO', 'JANELY'),
(161070359, 'IGE', 'PAEZ', 'GARCÍA', 'MIGUEL ANGEL'),
(161070360, 'IBQ', 'AGUILAR', 'RAMÍREZ', 'DIANA PAOLA'),
(161070361, 'IGE', 'GONZALEZ', 'JIMENEZ', 'PAMELA LIZBETH'),
(161070363, 'IBQ', 'MARTINEZ', 'VILLANUEVA', 'CARLOS FERNANDO'),
(171070001, 'IBQ', 'PEREZ', 'ELENA', 'MARIA CONCEPCION'),
(171070002, 'IBQ', 'FRAGOSO', 'BUCIO', 'ROBERTO'),
(171070003, 'ISI', 'LAGUNA', 'GONZALEZ', 'SALVADOR'),
(171070004, 'IBQ', 'MARTINEZ', 'HURTADO', 'DIANA'),
(171070005, 'IGE', 'LOPEZ', 'TAPIA', 'GEOVANI'),
(171070006, 'ISI', 'ALVIRDE', 'RAMIREZ', 'NAYELI'),
(171070007, 'ISI', 'AVILA', 'MORALES', 'CARLOS'),
(171070008, 'IGE', 'HERRERA', 'SAENZ DE SICILIA', 'ADRIAN'),
(171070009, 'IBQ', 'LUNA', 'GARCES', 'MICHEL'),
(171070010, 'IBQ', 'VAZQUEZ', 'CHAVARRIA', 'XANAT'),
(171070011, 'ISI', 'MENDOZA', 'AVILA', 'ALEJANDRA IVONNE'),
(171070012, 'IBQ', 'LOPEZ', 'DORADO', 'JESSICA'),
(171070013, 'IGE', 'PEREZ', 'RODRIGUEZ', 'ANDHER JARET'),
(171070014, 'IGE', 'GARCÍA', 'MUÑOZ', 'CHARLOTT ANDREA'),
(171070015, 'IGE', 'OCHOA', 'FLORES', 'JAZMIN'),
(171070016, 'ISI', 'CALIXTO', 'SEGOVIA', 'LUIS DANIEL'),
(171070017, 'ISI', 'MORALES', 'SALAZAR', 'CARLOS DANIEL'),
(171070018, 'IBQ', 'CÒLIN', 'PÒLITO', 'VALERIA'),
(171070019, 'IBQ', 'GONZÀLEZ', 'ROJAS', 'ISRAEL'),
(171070020, 'IBQ', 'VELASCO', 'JUÁREZ', 'ITZEL NEFTALÌ'),
(171070021, 'ISI', 'MARTINEZ', 'PÈREZ', 'JOALI FERNANDA'),
(171070022, 'IGE', 'GOMEZ', 'MEDELLIN', 'JOSE LUIS'),
(171070023, 'IGE', 'PEREZ', 'VERA', 'DIEGO ALBERTO'),
(171070024, 'IBQ', 'RODRIGUEZ', 'HERNANDEZ', 'SOFIA ALEJANDRA'),
(171070025, 'IBQ', 'BENITEZ', 'RIVERA', 'CINTHIA MAGALY'),
(171070026, 'IBQ', 'SALAS', 'CORONA', 'ISRAEL'),
(171070027, 'IBQ', 'BLANCAS', 'ALVARADO', 'ROBERTO'),
(171070028, 'IBQ', 'GARCIA', 'REYES', 'ALEJANDRO'),
(171070029, 'IGE', 'SANCHEZ', 'URIBE', 'ANA LAURA'),
(171070030, 'IBQ', 'MORALES', 'ROSAS', 'XOCHITL LILIANA'),
(171070031, 'IBQ', 'LOPEZ', 'FLOREZ', 'LAURA MERARI'),
(171070032, 'ISI', 'CAMARENA', 'MACARIO', 'RAUL'),
(171070033, 'IBQ', 'MEJIA', 'TORRES', 'ERIKA'),
(171070034, 'IBQ', 'MEZA', 'ISLAS', 'ANDREA'),
(171070035, 'IBQ', 'NARCISO', 'FLORES', 'MARICRUZ'),
(171070037, 'IBQ', 'SANCHEZ', 'AGUILAR', 'KAREN'),
(171070038, 'IBQ', 'ROMERO', 'CHAVEZ', 'HASEL ENRIQUE'),
(171070039, 'IBQ', 'SAN JUAN', 'CAMPOS', 'SHEILA JARIT'),
(171070040, 'IBQ', 'RIVERA', 'GARCIA', 'ADELA'),
(171070041, 'IBQ', 'VASQUEZ', 'COBOS', 'CARLOS ALBERTO'),
(171070042, 'ISI', 'JURADO', 'MOLINA', 'CESAR GUSTAVO'),
(171070043, 'IBQ', 'MATIAS', 'MARQUEZ', 'MARIA MAYELI'),
(171070044, 'ISI', 'AREVALO', 'LOPEZ', 'JUAN PABLO'),
(171070045, 'IBQ', 'BUENROSTRO', 'ALVAREZ', 'MARIA ELENA'),
(171070046, 'IBQ', 'SORIANO', 'GARCÍA', 'JHOAN ALEJANDRO'),
(171070047, 'IGE', 'CAÑEDO', 'GARCÍA', 'MIRIAM'),
(171070048, 'ISI', 'GONZALEZ', 'MALDONADO', 'CESAR'),
(171070049, 'IBQ', 'PEREZ', 'VALDEZ', 'AMANDA'),
(171070050, 'IGE', 'SÀNCHEZ', 'HERNÁNDEZ', 'GUSTAVO'),
(171070051, 'ISI', 'RAMIREZ', 'MONDRAGON', 'ISMAEL'),
(171070052, 'IGE', 'ORTIZ', 'ARAGON', 'DANIEL SEBASTIAN'),
(171070053, 'IGE', 'MEZA', 'ROSAS', 'NATANAEL'),
(171070054, 'IGE', 'FLORES', 'ROMERO', 'FABIOLA'),
(1010070297, 'ISI', 'VANEGAS', 'CASTILLO', 'ULISES'),
(1010700132, 'ISI', 'FARIAS', 'SÁNCHEZ', 'FEDERICO'),
(1110700188, 'IGE', 'FUENTES', 'OLVERA', 'HECTOR RODRIGO'),
(1111070166, 'IIA', 'DOMINGUEZ', 'HERNÁNDEZ', 'LIZET'),
(1201070021, 'ISI', 'MARTÍNEZ', 'GALVÁN', 'CARLOS'),
(1251070151, 'IGE', 'MARTÍNEZ', 'FELICIANO', 'SUSANA'),
(1510720206, 'IBQ', 'GARCÍA', 'GALICIA', 'LUIS SALVADOR');

-- --------------------------------------------------------

--
-- Estructura de tabla para la tabla `asistencias`
--

CREATE TABLE IF NOT EXISTS `asistencias` (
  `id_asistencias` int(11) NOT NULL AUTO_INCREMENT,
  `fecha` date NOT NULL,
  `grupo` varchar(4) NOT NULL,
  `no_control` int(11) NOT NULL,
  PRIMARY KEY (`id_asistencias`),
  KEY `grupo` (`grupo`),
  KEY `no_control` (`no_control`)
) ENGINE=InnoDB DEFAULT CHARSET=latin1 AUTO_INCREMENT=1 ;

-- --------------------------------------------------------

--
-- Estructura de tabla para la tabla `aulas`
--

CREATE TABLE IF NOT EXISTS `aulas` (
  `aula` varchar(4) NOT NULL,
  PRIMARY KEY (`aula`)
) ENGINE=InnoDB DEFAULT CHARSET=latin1;

--
-- Volcado de datos para la tabla `aulas`
--

INSERT INTO `aulas` (`aula`) VALUES
(''),
('A000'),
('A001'),
('A002'),
('A003'),
('A104'),
('A105'),
('A106'),
('A107'),
('A108'),
('A109'),
('A210'),
('A211'),
('A212'),
('A213'),
('A214'),
('A215'),
('A216'),
('A317'),
('A318'),
('A319'),
('A320'),
('A321'),
('A322'),
('A323'),
('AUD'),
('AV01'),
('LS02'),
('LS23'),
('LS24');

-- --------------------------------------------------------

--
-- Estructura de tabla para la tabla `carreras`
--

CREATE TABLE IF NOT EXISTS `carreras` (
  `carrera` varchar(3) NOT NULL,
  PRIMARY KEY (`carrera`)
) ENGINE=InnoDB DEFAULT CHARSET=latin1;

--
-- Volcado de datos para la tabla `carreras`
--

INSERT INTO `carreras` (`carrera`) VALUES
('IAA'),
('IBQ'),
('IGE'),
('ISI');

-- --------------------------------------------------------

--
-- Estructura de tabla para la tabla `grupos`
--

CREATE TABLE IF NOT EXISTS `grupos` (
  `grupo` varchar(4) NOT NULL,
  PRIMARY KEY (`grupo`)
) ENGINE=InnoDB DEFAULT CHARSET=latin1;

--
-- Volcado de datos para la tabla `grupos`
--

INSERT INTO `grupos` (`grupo`) VALUES
(''),
('A21'),
('A41'),
('A61'),
('A81'),
('B11'),
('B21'),
('B22'),
('B31'),
('B41'),
('B51'),
('B61'),
('B71'),
('B81'),
('G01'),
('G11'),
('G12'),
('G21'),
('G22'),
('G31'),
('G41'),
('G61'),
('G71'),
('G81'),
('S11'),
('S21'),
('S22'),
('S31'),
('S41'),
('S51'),
('S61'),
('S81');

-- --------------------------------------------------------

--
-- Estructura de tabla para la tabla `horarios`
--

CREATE TABLE IF NOT EXISTS `horarios` (
  `periodo` int(11) NOT NULL,
  `rfc` varchar(13) NOT NULL,
  `dia` varchar(1) NOT NULL,
  `numero_dia` int(11) NOT NULL,
  `h_inicio` time NOT NULL,
  `h_final` time NOT NULL,
  `clave_materia` varchar(7) NOT NULL,
  `grupo` varchar(3) NOT NULL,
  `aula` varchar(4) NOT NULL,
  KEY `aula` (`aula`),
  KEY `periodo` (`periodo`),
  KEY `rfc` (`rfc`),
  KEY `clave_materia` (`clave_materia`),
  KEY `grupo` (`grupo`)
) ENGINE=InnoDB DEFAULT CHARSET=latin1;

--
-- Volcado de datos para la tabla `horarios`
--

INSERT INTO `horarios` (`periodo`, `rfc`, `dia`, `numero_dia`, `h_inicio`, `h_final`, `clave_materia`, `grupo`, `aula`) VALUES
(20171, 'DOVN710905PW2', 'D', 2, '00:00:00', '00:00:00', 'ACC0906', 'G11', 'A106'),
(20171, 'DOVN710905PW2', 'D', 3, '00:00:00', '00:00:00', 'ACC0906', 'G11', 'A106'),
(20171, 'DOVN710905PW2', 'D', 5, '00:00:00', '00:00:00', 'ACC0906', 'G11', 'A106'),
(20171, 'DOVN710905PW2', 'D', 6, '00:00:00', '00:00:00', 'ACC0906', 'G11', 'A106'),
(20171, 'FOHR810921MK5', 'D', 4, '00:00:00', '00:00:00', 'ACF0901', 'G11', 'A106'),
(20171, 'FOHR810921MK5', 'D', 5, '00:00:00', '00:00:00', 'ACF0901', 'G11', 'A106'),
(20171, 'FOHR810921MK5', 'D', 6, '00:00:00', '00:00:00', 'ACF0901', 'G11', 'A106'),
(20171, 'MOTO820224PZA', 'D', 2, '00:00:00', '00:00:00', 'AEF1074', 'G11', 'A106'),
(20171, 'MOTO820224PZA', 'D', 3, '00:00:00', '00:00:00', 'AEF1074', 'G11', 'A106'),
(20171, 'MOTO820224PZA', 'D', 4, '00:00:00', '00:00:00', 'AEF1074', 'G11', 'A106'),
(20171, '', 'D', 3, '00:00:00', '00:00:00', 'GEC0905', 'G11', 'A106'),
(20171, '', 'D', 4, '00:00:00', '00:00:00', 'GEC0905', 'G11', 'A106'),
(20171, '', 'D', 5, '00:00:00', '00:00:00', 'GEC0909', 'G11', 'A106'),
(20171, '', 'D', 6, '00:00:00', '00:00:00', 'GEC0909', 'G11', 'A106'),
(20171, '', 'D', 2, '00:00:00', '00:00:00', 'GEF0910', 'G11', 'A106'),
(20171, '', 'D', 4, '00:00:00', '00:00:00', 'GEF0910', 'G11', 'A106'),
(20171, '', 'D', 5, '00:00:00', '00:00:00', 'GEF0910', 'G11', 'A106'),
(20171, '', 'D', 6, '00:00:00', '00:00:00', 'GEF0910', 'G11', 'A106'),
(20171, 'RILA8011061X9', 'D', 4, '00:00:00', '00:00:00', 'ACA0907', 'G22', 'A214'),
(20171, 'RILA8011061X9', 'D', 5, '00:00:00', '00:00:00', 'ACA0907', 'G22', 'A214'),
(20171, 'RILA8011061X9', 'D', 6, '00:00:00', '00:00:00', 'ACA0907', 'G22', 'A214'),
(20171, 'MALU571005C6A', 'D', 4, '00:00:00', '00:00:00', 'ACF0902', 'G22', 'A214'),
(20171, 'MALU571005C6A', 'D', 5, '00:00:00', '00:00:00', 'ACF0902', 'G22', 'A214'),
(20171, 'MALU571005C6A', 'D', 6, '00:00:00', '00:00:00', 'ACF0902', 'G22', 'A214'),
(20171, '', 'D', 2, '00:00:00', '00:00:00', 'AEB1082', 'G22', 'A214'),
(20171, '', 'D', 3, '00:00:00', '00:00:00', 'AEB1082', 'G22', 'A214'),
(20171, '', 'D', 6, '00:00:00', '00:00:00', 'AEB1082', 'G22', 'A214'),
(20171, 'RAMA620630QZ0', 'D', 2, '00:00:00', '00:00:00', 'AEC1014', 'G22', 'A214'),
(20171, 'RAMA620630QZ0', 'D', 3, '00:00:00', '00:00:00', 'AEC1014', 'G22', 'A214'),
(20171, 'RAMA620630QZ0', 'D', 5, '00:00:00', '00:00:00', 'AEC1014', 'G22', 'A214'),
(20171, '', 'D', 2, '00:00:00', '00:00:00', 'GED0903', 'G22', 'A214'),
(20171, '', 'D', 3, '00:00:00', '00:00:00', 'GED0903', 'G22', 'A214'),
(20171, '', 'D', 4, '00:00:00', '00:00:00', 'GED0903', 'G22', 'A214'),
(20171, 'RAMA620630QZ0', 'D', 4, '00:00:00', '00:00:00', 'GEE0918', 'G22', 'A214'),
(20171, 'RAMA620630QZ0', 'D', 5, '00:00:00', '00:00:00', 'GEE0918', 'G22', 'A214'),
(20171, 'GOPY820203IP2', 'D', 2, '00:00:00', '00:00:00', 'ACF0903', 'G31', 'A001'),
(20171, 'GOPY820203IP2', 'D', 3, '00:00:00', '00:00:00', 'ACF0903', 'G31', 'A001'),
(20171, 'GOPY820203IP2', 'D', 4, '00:00:00', '00:00:00', 'ACF0903', 'G31', 'A001'),
(20171, 'RAMA620630QZ0', 'D', 3, '00:00:00', '00:00:00', 'AEC1078', 'G31', 'A001'),
(20171, 'DOVN710905PW2', 'D', 4, '00:00:00', '00:00:00', 'AEF1071', 'G31', 'A001'),
(20171, 'DOVN710905PW2', 'D', 5, '00:00:00', '00:00:00', 'AEF1071', 'G31', 'A001'),
(20171, 'DOVN710905PW2', 'D', 6, '00:00:00', '00:00:00', 'AEF1071', 'G31', 'A001'),
(20171, 'RAMA620630QZ0', 'D', 2, '00:00:00', '00:00:00', 'GEC0913', 'G31', 'A001'),
(20171, 'RAMA620630QZ0', 'D', 6, '00:00:00', '00:00:00', 'GEC0913', 'G31', 'A001'),
(20171, 'AACE7701317D2', 'D', 4, '00:00:00', '00:00:00', 'GED0904', 'G31', 'A001'),
(20171, 'AACE7701317D2', 'D', 5, '00:00:00', '00:00:00', 'GED0904', 'G31', 'A001'),
(20171, 'AACE7701317D2', 'D', 6, '00:00:00', '00:00:00', 'GED0904', 'G31', 'A001'),
(20171, 'MOMN7508019J9', 'D', 2, '00:00:00', '00:00:00', 'GED0921', 'G31', 'A001'),
(20171, 'MOMN7508019J9', 'D', 3, '00:00:00', '00:00:00', 'GED0921', 'G31', 'A001'),
(20171, 'MOMN7508019J9', 'D', 5, '00:00:00', '00:00:00', 'GED0921', 'G31', 'A001'),
(20171, 'GOPY820203IP2', 'D', 2, '00:00:00', '00:00:00', 'GEG0907', 'G41', 'A320'),
(20171, 'GOPY820203IP2', 'D', 4, '00:00:00', '00:00:00', 'GEG0907', 'G41', 'A320'),
(20171, 'GOPY820203IP2', 'D', 5, '00:00:00', '00:00:00', 'GEG0907', 'G41', 'A320'),
(20171, 'GOPY820203IP2', 'D', 6, '00:00:00', '00:00:00', 'GEG0907', 'G41', 'A320'),
(20171, 'SADC860127QL9', 'D', 3, '00:00:00', '00:00:00', 'ACA0910', 'G61', 'A322'),
(20171, 'SADC860127QL9', 'D', 4, '00:00:00', '00:00:00', 'ACA0910', 'G61', 'A322'),
(20171, 'SADC860127QL9', 'D', 5, '00:00:00', '00:00:00', 'ACA0910', 'G61', 'A322'),
(20171, 'RAMA620630QZ0', 'D', 2, '00:00:00', '00:00:00', 'AED1015', 'G61', 'A322'),
(20171, 'RAMA620630QZ0', 'D', 3, '00:00:00', '00:00:00', 'AED1015', 'G61', 'A322'),
(20171, 'RAMA620630QZ0', 'D', 6, '00:00:00', '00:00:00', 'AED1015', 'G61', 'A322'),
(20171, 'DOVN710905PW2', 'D', 2, '00:00:00', '00:00:00', 'AED1072', 'G61', 'A322'),
(20171, 'DOVN710905PW2', 'D', 3, '00:00:00', '00:00:00', 'AED1072', 'G61', 'A322'),
(20171, 'DOVN710905PW2', 'D', 4, '00:00:00', '00:00:00', 'AED1072', 'G61', 'A322'),
(20171, 'DOVN710905PW2', 'D', 5, '00:00:00', '00:00:00', 'AED1072', 'G61', 'A322'),
(20171, 'DOVN710905PW2', 'D', 6, '00:00:00', '00:00:00', 'AED1072', 'G61', 'A322'),
(20171, 'NUNJ610430DF3', 'D', 2, '00:00:00', '00:00:00', 'GEC0911', 'G61', 'A322'),
(20171, 'NUNJ610430DF3', 'D', 3, '00:00:00', '00:00:00', 'GEC0911', 'G61', 'A322'),
(20171, 'NUNJ610430DF3', 'D', 4, '00:00:00', '00:00:00', 'GEC0911', 'G61', 'A322'),
(20171, 'NUNJ610430DF3', 'D', 6, '00:00:00', '00:00:00', 'GEC0911', 'G61', 'A322'),
(20171, '', 'D', 2, '00:00:00', '00:00:00', 'GED0922', 'G61', 'A322'),
(20171, '', 'D', 3, '00:00:00', '00:00:00', 'GED0922', 'G61', 'A322'),
(20171, '', 'D', 4, '00:00:00', '00:00:00', 'GED0922', 'G61', 'A322'),
(20171, '', 'D', 5, '00:00:00', '00:00:00', 'GED0922', 'G61', 'A322'),
(20171, 'NUCA8309181S4', 'D', 4, '00:00:00', '00:00:00', 'GEF0901', 'G61', 'A322'),
(20171, 'NUCA8309181S4', 'D', 5, '00:00:00', '00:00:00', 'GEF0901', 'G61', 'A322'),
(20171, 'NUCA8309181S4', 'D', 6, '00:00:00', '00:00:00', 'GEF0901', 'G61', 'A322'),
(20171, 'AAST620110UD9', 'D', 2, '00:00:00', '00:00:00', 'ACA0907', 'S11', 'A105'),
(20171, 'AAST620110UD9', 'D', 3, '00:00:00', '00:00:00', 'ACA0907', 'S11', 'A105'),
(20171, '', 'D', 2, '00:00:00', '00:00:00', 'ACC0906', 'S11', 'A105'),
(20171, '', 'D', 4, '00:00:00', '00:00:00', 'ACC0906', 'S11', 'A105'),
(20171, 'GOPY820203IP2', 'D', 2, '00:00:00', '00:00:00', 'ACF0901', 'S11', 'A105'),
(20171, 'GOPY820203IP2', 'D', 3, '00:00:00', '00:00:00', 'ACF0901', 'S11', 'A105'),
(20171, 'GOPY820203IP2', 'D', 4, '00:00:00', '00:00:00', 'ACF0901', 'S11', 'A105'),
(20171, 'LEJT891001RR9', 'D', 3, '00:00:00', '00:00:00', 'AEF1041', 'S11', 'A105'),
(20171, 'LEJT891001RR9', 'D', 4, '00:00:00', '00:00:00', 'AEF1041', 'S11', 'A105'),
(20171, 'LEJT891001RR9', 'D', 5, '00:00:00', '00:00:00', 'AEF1041', 'S11', 'A105'),
(20171, 'JAPJ830309QU8', 'D', 2, '00:00:00', '00:00:00', 'SCD1008', 'S11', 'A105'),
(20171, 'JAPJ830309QU8', 'D', 3, '00:00:00', '00:00:00', 'SCD1008', 'S11', 'A105'),
(20171, 'JAPJ830309QU8', 'D', 5, '00:00:00', '00:00:00', 'SCD1008', 'S11', 'A105'),
(20171, 'JAPJ830309QU8', 'D', 6, '00:00:00', '00:00:00', 'SCD1008', 'S11', 'A105'),
(20171, 'RAMA620630QZ0', 'D', 3, '00:00:00', '00:00:00', 'SCH1024', 'S11', 'A105'),
(20171, 'RAMA620630QZ0', 'D', 5, '00:00:00', '00:00:00', 'SCH1024', 'S11', 'A105'),
(20171, 'RAMA620630QZ0', 'D', 6, '00:00:00', '00:00:00', 'SCH1024', 'S11', 'A105'),
(20171, 'ROCR751216JG4', 'D', 2, '00:00:00', '00:00:00', 'AEC1008', 'S21', 'A211'),
(20171, 'ROCR751216JG4', 'D', 4, '00:00:00', '00:00:00', 'AEC1008', 'S21', 'A211'),
(20171, 'NUNJ610430DF3', 'D', 4, '00:00:00', '00:00:00', 'ACF0902', 'S22', 'A212'),
(20171, 'NUNJ610430DF3', 'D', 5, '00:00:00', '00:00:00', 'ACF0902', 'S22', 'A212'),
(20171, 'NUNJ610430DF3', 'D', 6, '00:00:00', '00:00:00', 'ACF0902', 'S22', 'A212'),
(20171, 'FOHR810921MK5', 'D', 2, '00:00:00', '00:00:00', 'ACF0903', 'S22', 'A212'),
(20171, 'FOHR810921MK5', 'D', 3, '00:00:00', '00:00:00', 'ACF0903', 'S22', 'A212'),
(20171, 'FOHR810921MK5', 'D', 5, '00:00:00', '00:00:00', 'ACF0903', 'S22', 'A212'),
(20171, 'AACE7701317D2', 'D', 5, '00:00:00', '00:00:00', 'AEC1008', 'S22', 'A212'),
(20171, 'AACE7701317D2', 'D', 6, '00:00:00', '00:00:00', 'AEC1008', 'S22', 'A212'),
(20171, '', 'D', 4, '00:00:00', '00:00:00', 'AEC1058', 'S22', 'A212'),
(20171, '', 'D', 5, '00:00:00', '00:00:00', 'AEC1058', 'S22', 'A212'),
(20171, '', 'D', 6, '00:00:00', '00:00:00', 'AEC1058', 'S22', 'A212'),
(20171, 'MALU571005C6A', 'D', 2, '00:00:00', '00:00:00', 'AEF1052', 'S22', 'A212'),
(20171, 'MALU571005C6A', 'D', 3, '00:00:00', '00:00:00', 'AEF1052', 'S22', 'A212'),
(20171, 'MALU571005C6A', 'D', 4, '00:00:00', '00:00:00', 'AEF1052', 'S22', 'A212'),
(20171, 'GORD910218AG9', 'D', 2, '00:00:00', '00:00:00', 'SCD1020', 'S22', 'A212'),
(20171, 'GORD910218AG9', 'D', 3, '00:00:00', '00:00:00', 'SCD1020', 'S22', 'A212'),
(20171, 'GORD910218AG9', 'D', 4, '00:00:00', '00:00:00', 'SCD1020', 'S22', 'A212'),
(20171, 'FOHR810921MK5', 'D', 2, '00:00:00', '00:00:00', 'ACF0904', 'S31', 'LS02'),
(20171, 'FOHR810921MK5', 'D', 3, '00:00:00', '00:00:00', 'ACF0904', 'S31', 'LS02'),
(20171, 'FOHR810921MK5', 'D', 6, '00:00:00', '00:00:00', 'ACF0904', 'S31', 'LS02'),
(20171, 'AAGA770606U64', 'D', 2, '00:00:00', '00:00:00', 'AEC1061', 'S31', 'LS02'),
(20171, 'AAGA770606U64', 'D', 4, '00:00:00', '00:00:00', 'AEC1061', 'S31', 'LS02'),
(20171, 'AAGA770606U64', 'D', 5, '00:00:00', '00:00:00', 'AEC1061', 'S31', 'LS02'),
(20171, 'ROSM791221SV7', 'D', 5, '00:00:00', '00:00:00', 'AED1026', 'S31', 'LS02'),
(20171, 'ROSM791221SV7', 'D', 6, '00:00:00', '00:00:00', 'AED1026', 'S31', 'LS02'),
(20171, 'MEVJ840810TW0', 'D', 2, '00:00:00', '00:00:00', 'SCC1005', 'S31', 'LS02'),
(20171, 'MEVJ840810TW0', 'D', 4, '00:00:00', '00:00:00', 'SCC1005', 'S31', 'LS02'),
(20171, 'FOHR810921MK5', 'D', 4, '00:00:00', '00:00:00', 'SCC1013', 'S31', 'LS02'),
(20171, 'BAMA810731AZA', 'D', 2, '00:00:00', '00:00:00', 'SCF1006', 'S31', 'LS02'),
(20171, 'BAMA810731AZA', 'D', 6, '00:00:00', '00:00:00', 'SCF1006', 'S31', 'LS02'),
(20171, 'AELP831107RB2', 'D', 4, '00:00:00', '00:00:00', 'ACF0905', 'S41', 'A319'),
(20171, 'AELP831107RB2', 'D', 5, '00:00:00', '00:00:00', 'ACF0905', 'S41', 'A319'),
(20171, 'AELP831107RB2', 'D', 6, '00:00:00', '00:00:00', 'ACF0905', 'S41', 'A319'),
(20171, 'LEJT891001RR9', 'D', 2, '00:00:00', '00:00:00', 'AEF1031', 'S41', 'A319'),
(20171, 'LEJT891001RR9', 'D', 3, '00:00:00', '00:00:00', 'AEF1031', 'S41', 'A319'),
(20171, 'LEJT891001RR9', 'D', 4, '00:00:00', '00:00:00', 'AEF1031', 'S41', 'A319'),
(20171, 'AIPA810124SN2', 'D', 4, '00:00:00', '00:00:00', 'SCA1026', 'S41', 'A319'),
(20171, 'AIPA810124SN2', 'D', 5, '00:00:00', '00:00:00', 'SCA1026', 'S41', 'A319'),
(20171, '', 'D', 2, '00:00:00', '00:00:00', 'SCC1017', 'S41', 'A319'),
(20171, '', 'D', 3, '00:00:00', '00:00:00', 'SCC1017', 'S41', 'A319'),
(20171, '', 'D', 5, '00:00:00', '00:00:00', 'SCC1017', 'S41', 'A319'),
(20171, 'OIBI78080521A', 'D', 2, '00:00:00', '00:00:00', 'SCD1018', 'S41', 'A319'),
(20171, 'OIBI78080521A', 'D', 3, '00:00:00', '00:00:00', 'SCD1018', 'S41', 'A319'),
(20171, 'OIBI78080521A', 'D', 4, '00:00:00', '00:00:00', 'SCD1018', 'S41', 'A319'),
(20171, 'MERA840707BC7', 'D', 2, '00:00:00', '00:00:00', 'SCD1027', 'S41', 'A319'),
(20171, 'MERA840707BC7', 'D', 4, '00:00:00', '00:00:00', 'SCD1027', 'S41', 'A319'),
(20171, 'RILA8011061X9', 'D', 3, '00:00:00', '00:00:00', 'ACA0907', 'B11', 'A107'),
(20171, 'RILA8011061X9', 'D', 4, '00:00:00', '00:00:00', 'ACA0907', 'B11', 'A107'),
(20171, '', 'D', 5, '00:00:00', '00:00:00', 'ACC0906', 'B11', 'A107'),
(20171, '', 'D', 6, '00:00:00', '00:00:00', 'ACC0906', 'B11', 'A107'),
(20171, 'ZAAJ630904IMA', 'D', 2, '00:00:00', '00:00:00', 'ACF0901', 'B11', 'A107'),
(20171, 'ZAAJ630904IMA', 'D', 3, '00:00:00', '00:00:00', 'ACF0901', 'B11', 'A107'),
(20171, 'ZAAJ630904IMA', 'D', 5, '00:00:00', '00:00:00', 'ACF0901', 'B11', 'A107'),
(20171, 'ZAAJ630904IMA', 'D', 6, '00:00:00', '00:00:00', 'ACF0901', 'B11', 'A107'),
(20171, 'MOSJ8504202L9', 'D', 3, '00:00:00', '00:00:00', 'AEF1057', 'B11', 'A107'),
(20171, 'MOSJ8504202L9', 'D', 5, '00:00:00', '00:00:00', 'AEF1057', 'B11', 'A107'),
(20171, 'MOSJ8504202L9', 'D', 6, '00:00:00', '00:00:00', 'AEF1057', 'B11', 'A107'),
(20171, 'MERO680720C70', 'D', 2, '00:00:00', '00:00:00', 'AEO1012', 'B11', 'A107'),
(20171, 'MERO680720C70', 'D', 3, '00:00:00', '00:00:00', 'AEO1012', 'B11', 'A107'),
(20171, 'MEVJ840810TW0', 'D', 4, '00:00:00', '00:00:00', 'BQW1005', 'B11', 'A107'),
(20171, 'MEVJ840810TW0', 'D', 6, '00:00:00', '00:00:00', 'BQW1005', 'B11', 'A107'),
(20171, 'ZAAJ630904IMA', 'D', 2, '00:00:00', '00:00:00', 'ACF0904', 'B31', 'A003'),
(20171, 'ZAAJ630904IMA', 'D', 3, '00:00:00', '00:00:00', 'ACF0904', 'B31', 'A003'),
(20171, 'ZAAJ630904IMA', 'D', 4, '00:00:00', '00:00:00', 'ACF0904', 'B31', 'A003'),
(20171, 'BAMA810731AZA', 'D', 4, '00:00:00', '00:00:00', 'ACF0905', 'B31', 'A003'),
(20171, 'BAMA810731AZA', 'D', 5, '00:00:00', '00:00:00', 'ACF0905', 'B31', 'A003'),
(20171, 'BAMA810731AZA', 'D', 6, '00:00:00', '00:00:00', 'ACF0905', 'B31', 'A003'),
(20171, 'MOSJ8504202L9', 'D', 2, '00:00:00', '00:00:00', 'AEF1065', 'B31', 'A003'),
(20171, 'MOSJ8504202L9', 'D', 3, '00:00:00', '00:00:00', 'AEF1065', 'B31', 'A003'),
(20171, 'MOSJ8504202L9', 'D', 4, '00:00:00', '00:00:00', 'AEF1065', 'B31', 'A003'),
(20171, 'ZAAJ630904IMA', 'D', 2, '00:00:00', '00:00:00', 'BQF1007', 'B31', 'A003'),
(20171, 'ZAAJ630904IMA', 'D', 5, '00:00:00', '00:00:00', 'BQF1007', 'B31', 'A003'),
(20171, 'ZAAJ630904IMA', 'D', 6, '00:00:00', '00:00:00', 'BQF1007', 'B31', 'A003'),
(20171, 'NUNJ610430DF3', 'D', 3, '00:00:00', '00:00:00', 'BQF1010', 'B31', 'A003'),
(20171, 'NUNJ610430DF3', 'D', 4, '00:00:00', '00:00:00', 'BQF1010', 'B31', 'A003'),
(20171, 'NUNJ610430DF3', 'D', 5, '00:00:00', '00:00:00', 'BQF1010', 'B31', 'A003'),
(20171, 'NUNJ610430DF3', 'D', 6, '00:00:00', '00:00:00', 'BQF1010', 'B31', 'A003'),
(20171, 'PABS7111151W9', 'D', 2, '00:00:00', '00:00:00', 'BQF1023', 'B31', 'A003'),
(20171, 'PABS7111151W9', 'D', 3, '00:00:00', '00:00:00', 'BQF1023', 'B31', 'A003'),
(20171, 'PABS7111151W9', 'D', 4, '00:00:00', '00:00:00', 'BQF1023', 'B31', 'A003'),
(20171, 'JISO771107PUA', 'D', 4, '00:00:00', '00:00:00', 'ACA0909', 'B61', 'A317'),
(20171, 'JISO771107PUA', 'D', 5, '00:00:00', '00:00:00', 'ACA0909', 'B61', 'A317'),
(20171, 'FOJB680127517', 'D', 4, '00:00:00', '00:00:00', 'BQF1005', 'B61', 'A317'),
(20171, 'FOJB680127517', 'D', 5, '00:00:00', '00:00:00', 'BQF1005', 'B61', 'A317'),
(20171, '', 'D', 2, '00:00:00', '00:00:00', 'BQC1014', 'B81', 'A002'),
(20171, '', 'D', 3, '00:00:00', '00:00:00', 'BQC1014', 'B81', 'A002'),
(20171, 'JAPJ830309QU8', 'D', 3, '00:00:00', '00:00:00', 'SCD1020', 'S21', 'A211'),
(20171, 'JAPJ830309QU8', 'D', 4, '00:00:00', '00:00:00', 'SCD1020', 'S21', 'A211'),
(20171, 'JAPJ830309QU8', 'D', 5, '00:00:00', '00:00:00', 'SCD1020', 'S21', 'A211'),
(20171, 'AELP831107RB2', 'D', 2, '00:00:00', '00:00:00', 'ACF0903', 'A21', 'A210'),
(20171, 'AELP831107RB2', 'D', 3, '00:00:00', '00:00:00', 'ACF0903', 'A21', 'A210'),
(20171, 'AELP831107RB2', 'D', 5, '00:00:00', '00:00:00', 'ACF0903', 'A21', 'A210'),
(20171, 'FOJB680127517', 'D', 4, '00:00:00', '00:00:00', 'ALB1015', 'A21', 'A210'),
(20171, 'FOJB680127517', 'D', 5, '00:00:00', '00:00:00', 'ALB1015', 'A21', 'A210'),
(20171, '', 'D', 3, '00:00:00', '00:00:00', 'ALC1020', 'A21', 'A210'),
(20171, '', 'D', 6, '00:00:00', '00:00:00', 'ALC1020', 'A21', 'A210'),
(20171, 'AELP831107RB2', 'D', 2, '00:00:00', '00:00:00', 'ALF1010', 'A21', 'A210'),
(20171, 'AELP831107RB2', 'D', 5, '00:00:00', '00:00:00', 'ALF1010', 'A21', 'A210'),
(20171, 'AELP831107RB2', 'D', 6, '00:00:00', '00:00:00', 'ALF1010', 'A21', 'A210'),
(20171, 'AECM801030BN2', 'D', 2, '00:00:00', '00:00:00', 'ALF1023', 'A21', 'A210'),
(20171, 'AECM801030BN2', 'D', 5, '00:00:00', '00:00:00', 'ALF1023', 'A21', 'A210'),
(20171, 'MALU571005C6A', 'D', 3, '00:00:00', '00:00:00', 'ALA1024', 'A41', 'A318'),
(20171, 'MALU571005C6A', 'D', 6, '00:00:00', '00:00:00', 'ALA1024', 'A41', 'A318'),
(20171, 'AECM801030BN2', 'D', 3, '00:00:00', '00:00:00', 'ALF1003', 'A41', 'A318'),
(20171, 'AECM801030BN2', 'D', 6, '00:00:00', '00:00:00', 'ALF1003', 'A41', 'A318'),
(20171, 'SINM660426HF2', 'D', 2, '00:00:00', '00:00:00', 'ALM1001', 'A41', 'A318'),
(20171, 'SINM660426HF2', 'D', 2, '00:00:00', '00:00:00', 'ALM1009', 'A41', 'A318'),
(20171, 'SINM660426HF2', 'D', 4, '00:00:00', '00:00:00', 'ALM1009', 'A41', 'A318'),
(20171, 'CABR840507EE4', 'D', 5, '00:00:00', '00:00:00', 'ALM1027', 'A41', 'A318'),
(20171, 'CABR840507EE4', 'D', 6, '00:00:00', '00:00:00', 'ALM1027', 'A41', 'A318'),
(20171, 'AECM801030BN2', 'D', 3, '00:00:00', '00:00:00', 'ACA0910', 'A61', 'A108'),
(20171, 'AECM801030BN2', 'D', 6, '00:00:00', '00:00:00', 'ACA0910', 'A61', 'A108'),
(20171, 'MEMY830618BW6', 'D', 3, '00:00:00', '00:00:00', 'ALA1013', 'A61', 'A108'),
(20171, 'MEMY830618BW6', 'D', 4, '00:00:00', '00:00:00', 'ALA1013', 'A61', 'A108'),
(20171, 'CABR840507EE4', 'D', 4, '00:00:00', '00:00:00', 'ALC1011', 'A61', 'A108'),
(20171, 'PABS7111151W9', 'D', 2, '00:00:00', '00:00:00', 'ALG1004', 'A61', 'A108'),
(20171, 'PABS7111151W9', 'D', 4, '00:00:00', '00:00:00', 'ALG1004', 'A61', 'A108'),
(20171, 'SINM660426HF2', 'D', 3, '00:00:00', '00:00:00', 'ALM1018', 'A61', 'A108'),
(20171, 'SINM660426HF2', 'D', 5, '00:00:00', '00:00:00', 'ALM1018', 'A61', 'A108'),
(20171, 'CABR840507EE4', 'D', 2, '00:00:00', '00:00:00', 'ALM1025', 'A61', 'A108'),
(20171, 'CABR840507EE4', 'D', 4, '00:00:00', '00:00:00', 'ALM1025', 'A61', 'A108'),
(20171, 'IARE720407M88', 'D', 3, '00:00:00', '00:00:00', 'ALH1006', 'A81', 'A109'),
(20171, 'IARE720407M88', 'D', 5, '00:00:00', '00:00:00', 'ALH1006', 'A81', 'A109'),
(20171, 'MEMY830618BW6', 'D', 3, '00:00:00', '00:00:00', 'PTM1301', 'A81', 'A109'),
(20171, 'MEMY830618BW6', 'D', 4, '00:00:00', '00:00:00', 'PTM1301', 'A81', 'A109'),
(20171, 'MAVR820308DN4', 'D', 2, '00:00:00', '00:00:00', 'PTM1302', 'A81', 'A109'),
(20171, 'MAVR820308DN4', 'D', 5, '00:00:00', '00:00:00', 'PTM1302', 'A81', 'A109'),
(20171, 'NUNJ610430DF3', 'D', 2, '00:00:00', '00:00:00', 'ACF0903', 'S21', 'A211'),
(20171, 'NUNJ610430DF3', 'D', 3, '00:00:00', '00:00:00', 'ACF0903', 'S21', 'A211'),
(20171, 'NUNJ610430DF3', 'D', 4, '00:00:00', '00:00:00', 'ACF0903', 'S21', 'A211'),
(20171, 'BAMA810731AZA', 'D', 2, '00:00:00', '00:00:00', 'BQF1020', 'B41', 'A321'),
(20171, 'BAMA810731AZA', 'D', 3, '00:00:00', '00:00:00', 'BQF1020', 'B41', 'A321'),
(20171, 'BAMA810731AZA', 'D', 6, '00:00:00', '00:00:00', 'BQF1020', 'B41', 'A321'),
(20171, 'VICJ720317SP9', 'D', 2, '00:00:00', '00:00:00', 'BQQ1003', 'B41', 'A321'),
(20171, 'VICJ720317SP9', 'D', 3, '00:00:00', '00:00:00', 'BQQ1003', 'B41', 'A321'),
(20171, 'ZAAJ630904IMA', 'D', 4, '00:00:00', '00:00:00', 'ACF0902', 'B22', 'A216'),
(20171, 'ZAAJ630904IMA', 'D', 5, '00:00:00', '00:00:00', 'ACF0902', 'B22', 'A216'),
(20171, 'ZAAJ630904IMA', 'D', 6, '00:00:00', '00:00:00', 'ACF0902', 'B22', 'A216'),
(20171, '', 'D', 2, '00:00:00', '00:00:00', 'AEF1005', 'B22', 'A216'),
(20171, '', 'D', 3, '00:00:00', '00:00:00', 'AEF1005', 'B22', 'A216'),
(20171, '', 'D', 4, '00:00:00', '00:00:00', 'AEF1005', 'B22', 'A216'),
(20171, 'GORD910218AG9', 'D', 4, '00:00:00', '00:00:00', 'SCD1015', 'S61', 'LS23'),
(20171, 'GORD910218AG9', 'D', 5, '00:00:00', '00:00:00', 'SCD1015', 'S61', 'LS23'),
(20171, 'GORD910218AG9', 'D', 6, '00:00:00', '00:00:00', 'SCD1015', 'S61', 'LS23'),
(20171, 'MERA840707BC7', 'D', 4, '00:00:00', '00:00:00', 'TAB1301', 'S61', 'LS23'),
(20171, 'MERA840707BC7', 'D', 5, '00:00:00', '00:00:00', 'TAB1301', 'S61', 'LS23'),
(20171, 'CAAA761230RP3', 'D', 3, '00:00:00', '00:00:00', 'AEB1055', 'S81', 'LS24'),
(20171, 'CAAA761230RP3', 'D', 5, '00:00:00', '00:00:00', 'AEB1055', 'S81', 'LS24'),
(20171, 'CAAA761230RP3', 'D', 6, '00:00:00', '00:00:00', 'AEB1055', 'S81', 'LS24'),
(20171, 'ROSM791221SV7', 'D', 4, '00:00:00', '00:00:00', 'SCA1002', 'S81', 'LS24'),
(20171, 'ROSM791221SV7', 'D', 5, '00:00:00', '00:00:00', 'SCA1002', 'S81', 'LS24'),
(20171, 'ROSM791221SV7', 'D', 6, '00:00:00', '00:00:00', 'SCA1002', 'S81', 'LS24'),
(20171, 'LEJT891001RR9', 'D', 2, '00:00:00', '00:00:00', 'SCC1019', 'S81', 'LS24'),
(20171, 'LEJT891001RR9', 'D', 4, '00:00:00', '00:00:00', 'SCC1019', 'S81', 'LS24'),
(20171, 'MOJA820426G43', 'D', 3, '00:00:00', '00:00:00', 'TAC1304', 'S81', 'LS24'),
(20171, 'MOJA820426G43', 'D', 5, '00:00:00', '00:00:00', 'TAC1304', 'S81', 'LS24'),
(20171, 'CAAA761230RP3', 'D', 3, '00:00:00', '00:00:00', 'TAH1303', 'S81', 'LS24'),
(20171, 'CAAA761230RP3', 'D', 5, '00:00:00', '00:00:00', 'TAH1303', 'S81', 'LS24'),
(20171, 'CAAA761230RP3', 'D', 6, '00:00:00', '00:00:00', 'TAH1303', 'S81', 'LS24'),
(20171, 'AECM801030BN2', 'D', 4, '00:00:00', '00:00:00', 'BQF1022', 'B22', 'A216'),
(20171, 'AECM801030BN2', 'D', 5, '00:00:00', '00:00:00', 'BQF1022', 'B22', 'A216'),
(20171, 'MACE841201S26', 'D', 2, '00:00:00', '00:00:00', 'SCB1001', 'S61', 'LS23'),
(20171, 'MACE841201S26', 'D', 3, '00:00:00', '00:00:00', 'SCB1001', 'S61', 'LS23'),
(20171, 'MACE841201S26', 'D', 5, '00:00:00', '00:00:00', 'SCB1001', 'S61', 'LS23'),
(20171, 'FOHR810921MK5', 'D', 5, '00:00:00', '00:00:00', 'SCC1013', 'S31', 'LS02'),
(20171, 'BAMA810731AZA', 'D', 3, '00:00:00', '00:00:00', 'SCF1006', 'S31', 'LS02'),
(20171, 'MALU571005C6A', 'D', 5, '00:00:00', '00:00:00', 'ALA1024', 'A41', 'A318'),
(20171, 'RAMA620630QZ0', 'D', 4, '00:00:00', '00:00:00', 'AEC1078', 'G31', 'A001'),
(20171, 'MEVJ840810TW0', 'D', 3, '00:00:00', '00:00:00', 'SCC1005', 'S31', 'LS02'),
(20171, '', 'D', 2, '00:00:00', '00:00:00', 'AEC1058', 'S21', 'A211'),
(20171, '', 'D', 3, '00:00:00', '00:00:00', 'AEC1058', 'S21', 'A211'),
(20171, '', 'D', 5, '00:00:00', '00:00:00', 'AEC1058', 'S21', 'A211'),
(20171, '', 'D', 6, '00:00:00', '00:00:00', 'AEC1058', 'S21', 'A211'),
(20171, 'CAAA761230RP3', 'D', 3, '00:00:00', '00:00:00', 'SCC1014', 'S61', 'LS23'),
(20171, 'CAAA761230RP3', 'D', 5, '00:00:00', '00:00:00', 'SCC1014', 'S61', 'LS23'),
(20171, 'CAAA761230RP3', 'D', 6, '00:00:00', '00:00:00', 'SCC1014', 'S61', 'LS23'),
(20171, 'BAMA810731AZA', 'D', 2, '00:00:00', '00:00:00', 'ACF0903', 'B22', 'A216'),
(20171, 'BAMA810731AZA', 'D', 3, '00:00:00', '00:00:00', 'ACF0903', 'B22', 'A216'),
(20171, 'BAMA810731AZA', 'D', 4, '00:00:00', '00:00:00', 'ACF0903', 'B22', 'A216'),
(20171, 'BAMA810731AZA', 'D', 5, '00:00:00', '00:00:00', 'ACF0903', 'B22', 'A216'),
(20171, '', 'D', 2, '00:00:00', '00:00:00', 'AEF1004', 'B41', 'A321'),
(20171, '', 'D', 3, '00:00:00', '00:00:00', 'AEF1004', 'B41', 'A321'),
(20171, '', 'D', 4, '00:00:00', '00:00:00', 'AEF1004', 'B41', 'A321'),
(20171, 'ROSM791221SV7', 'D', 4, '00:00:00', '00:00:00', 'AED1026', 'S31', 'LS02'),
(20171, 'AIPA810124SN2', 'D', 6, '00:00:00', '00:00:00', 'SCA1026', 'S41', 'A319'),
(20171, 'MERA840707BC7', 'D', 3, '00:00:00', '00:00:00', 'SCD1027', 'S41', 'A319'),
(20171, 'SINM660426HF2', 'D', 4, '00:00:00', '00:00:00', 'ALM1001', 'A41', 'A318'),
(20171, 'CABR840507EE4', 'D', 5, '00:00:00', '00:00:00', 'ALC1011', 'A61', 'A108'),
(20171, 'PABS7111151W9', 'D', 6, '00:00:00', '00:00:00', 'ALG1004', 'A61', 'A108'),
(20171, 'DEST930208U60', 'D', 2, '00:00:00', '00:00:00', 'GEE0918', 'G21', 'A213'),
(20171, 'DEST930208U60', 'D', 3, '00:00:00', '00:00:00', 'GEE0918', 'G21', 'A213'),
(20171, 'MERO680720C70', 'D', 4, '00:00:00', '00:00:00', 'AEF1052', 'S21', 'A211'),
(20171, 'MERO680720C70', 'D', 5, '00:00:00', '00:00:00', 'AEF1052', 'S21', 'A211'),
(20171, 'MERO680720C70', 'D', 6, '00:00:00', '00:00:00', 'AEF1052', 'S21', 'A211'),
(20171, 'VICJ720317SP9', 'D', 5, '00:00:00', '00:00:00', 'BQF1016', 'B81', 'A002'),
(20171, 'VICJ720317SP9', 'D', 6, '00:00:00', '00:00:00', 'BQF1016', 'B81', 'A002'),
(20171, 'GAFO761019GU0', 'D', 4, '00:00:00', '00:00:00', 'GEF0916', 'G41', 'A320'),
(20171, 'GAFO761019GU0', 'D', 5, '00:00:00', '00:00:00', 'GEF0916', 'G41', 'A320'),
(20171, 'GAFO761019GU0', 'D', 6, '00:00:00', '00:00:00', 'GEF0916', 'G41', 'A320'),
(20171, 'MOTO820224PZA', 'D', 2, '00:00:00', '00:00:00', 'CDF1301', 'G81', 'A000'),
(20171, 'MOTO820224PZA', 'D', 3, '00:00:00', '00:00:00', 'CDF1301', 'G81', 'A000'),
(20171, 'MOTO820224PZA', 'D', 4, '00:00:00', '00:00:00', 'CDF1301', 'G81', 'A000'),
(20171, 'MOTO820224PZA', 'D', 5, '00:00:00', '00:00:00', 'CDF1301', 'G81', 'A000'),
(20171, '', 'D', 2, '00:00:00', '00:00:00', 'GED0920', 'G71', 'A323'),
(20171, '', 'D', 5, '00:00:00', '00:00:00', 'GED0920', 'G71', 'A323'),
(20171, '', 'D', 6, '00:00:00', '00:00:00', 'GED0920', 'G71', 'A323'),
(20171, '', 'D', 3, '00:00:00', '00:00:00', 'AEF1029', 'A81', 'A318'),
(20171, '', 'D', 4, '00:00:00', '00:00:00', 'AEF1029', 'A81', 'A318'),
(20171, '', 'D', 2, '00:00:00', '00:00:00', 'TAC1305', 'S81', 'AUD '),
(20171, '', 'D', 3, '00:00:00', '00:00:00', 'TAC1305', 'S81', 'AUD '),
(20171, '', 'D', 6, '00:00:00', '00:00:00', 'TAC1305', 'S81', 'AUD '),
(20171, '', 'D', 4, '00:00:00', '00:00:00', 'ACF0902', 'S21', 'A211'),
(20171, '', 'D', 5, '00:00:00', '00:00:00', 'ACF0902', 'S21', 'A211'),
(20171, '', 'D', 6, '00:00:00', '00:00:00', 'ACF0902', 'S21', 'A211'),
(20171, 'ROSM791221SV7', 'D', 2, '00:00:00', '00:00:00', 'SCD1011', 'S61', 'LS23'),
(20171, 'ROSM791221SV7', 'D', 3, '00:00:00', '00:00:00', 'SCD1011', 'S61', 'LS23'),
(20171, 'ROSM791221SV7', 'D', 4, '00:00:00', '00:00:00', 'SCD1011', 'S61', 'LS23'),
(20171, 'AAGA770606U64', 'D', 2, '00:00:00', '00:00:00', 'SCC1010', 'S61', 'LS23'),
(20171, 'AAGA770606U64', 'D', 3, '00:00:00', '00:00:00', 'SCC1010', 'S61', 'LS23'),
(20171, '', 'D', 2, '00:00:00', '00:00:00', 'BQJ1018', 'B71', 'A215'),
(20171, '', 'D', 4, '00:00:00', '00:00:00', 'BQJ1018', 'B71', 'A215'),
(20171, '', 'D', 4, '00:00:00', '00:00:00', 'BQF1011', 'B51', 'A215'),
(20171, '', 'D', 6, '00:00:00', '00:00:00', 'BQF1011', 'B51', 'A215'),
(20171, 'JISO771107PUA', 'D', 2, '00:00:00', '00:00:00', 'AEM1050', 'B61', 'A317'),
(20171, 'JISO771107PUA', 'D', 3, '00:00:00', '00:00:00', 'AEM1050', 'B61', 'A317'),
(20171, 'JISO771107PUA', 'D', 6, '00:00:00', '00:00:00', 'AEM1050', 'B61', 'A317'),
(20171, 'GOMX8707233U0', 'D', 2, '00:00:00', '00:00:00', 'AEB1082', 'G21', 'A213'),
(20171, 'GOMX8707233U0', 'D', 3, '00:00:00', '00:00:00', 'AEB1082', 'G21', 'A213'),
(20171, 'GOMX8707233U0', 'D', 4, '00:00:00', '00:00:00', 'AEB1082', 'G21', 'A213'),
(20171, 'GOMX8707233U0', 'D', 5, '00:00:00', '00:00:00', 'AEB1082', 'G21', 'A213'),
(20171, 'RILA8011061X9', 'D', 5, '00:00:00', '00:00:00', 'AEC1014', 'G21', 'A213'),
(20171, 'RILA8011061X9', 'D', 6, '00:00:00', '00:00:00', 'AEC1014', 'G21', 'A213'),
(20171, 'AACE7701317D2', 'D', 2, '00:00:00', '00:00:00', 'GED0903', 'G21', 'A213'),
(20171, 'AACE7701317D2', 'D', 3, '00:00:00', '00:00:00', 'GED0903', 'G21', 'A213'),
(20171, 'AACE7701317D2', 'D', 4, '00:00:00', '00:00:00', 'GED0903', 'G21', 'A213'),
(20171, '', 'D', 4, '00:00:00', '00:00:00', 'BQF1013', 'B81', 'A002'),
(20171, '', 'D', 5, '00:00:00', '00:00:00', 'BQF1013', 'B81', 'A002'),
(20171, '', 'D', 6, '00:00:00', '00:00:00', 'BQF1013', 'B81', 'A002'),
(20171, 'JIGD821114Q23', 'D', 2, '00:00:00', '00:00:00', 'BFF1303', 'B81', 'A002'),
(20171, 'JIGD821114Q23', 'D', 3, '00:00:00', '00:00:00', 'BFF1303', 'B81', 'A002'),
(20171, 'JIGD821114Q23', 'D', 4, '00:00:00', '00:00:00', 'BFF1303', 'B81', 'A002'),
(20171, 'MOJA820426G43', 'D', 3, '00:00:00', '00:00:00', 'SCD1021', 'S61', 'LS23'),
(20171, 'MOJA820426G43', 'D', 4, '00:00:00', '00:00:00', 'SCD1021', 'S61', 'LS23'),
(20171, 'MOJA820426G43', 'D', 6, '00:00:00', '00:00:00', 'SCD1021', 'S61', 'LS23'),
(20171, '', 'D', 2, '00:00:00', '00:00:00', 'ACM0403', 'B11', 'A000'),
(20171, '', 'D', 3, '00:00:00', '00:00:00', 'ACM0403', 'B11', 'A000'),
(20171, '', 'D', 4, '00:00:00', '00:00:00', 'ACM0403', 'B11', 'A000'),
(20171, 'MERO680720C70', 'D', 5, '02:18:00', '00:00:00', 'ACF0902', 'G21', 'A213'),
(20171, 'MEVJ840810TW0', 'D', 2, '00:00:00', '00:00:00', 'BQP1001', 'B22', 'A216'),
(20171, 'MEVJ840810TW0', 'D', 6, '00:00:00', '00:00:00', 'BQP1001', 'B22', 'A216'),
(20171, 'MOSJ8504202L9', 'D', 2, '00:00:00', '00:00:00', 'BQJ1009', 'B61', 'A317'),
(20171, 'MOSJ8504202L9', 'D', 3, '00:00:00', '00:00:00', 'BQJ1009', 'B61', 'A317'),
(20171, 'MOSJ8504202L9', 'D', 4, '00:00:00', '00:00:00', 'BQJ1009', 'B61', 'A317'),
(20171, 'FOJB680127517', 'D', 2, '00:00:00', '00:00:00', 'BQJ1017', 'B61', 'A317'),
(20171, 'FOJB680127517', 'D', 3, '00:00:00', '00:00:00', 'BQJ1017', 'B61', 'A317'),
(20171, 'FOJB680127517', 'D', 6, '00:00:00', '00:00:00', 'BQJ1017', 'B61', 'A317'),
(20171, 'VICJ720317SP9', 'D', 5, '00:00:00', '00:00:00', 'BQW1024', 'B61', 'A317'),
(20171, 'MOSJ8504202L9', 'D', 4, '00:00:00', '00:00:00', 'AEJ1007', 'B41', 'A321'),
(20171, 'MOSJ8504202L9', 'D', 5, '00:00:00', '00:00:00', 'AEJ1007', 'B41', 'A321'),
(20171, 'MOSJ8504202L9', 'D', 6, '00:00:00', '00:00:00', 'AEJ1007', 'B41', 'A321'),
(20171, '', 'D', 4, '00:00:00', '00:00:00', 'BQF1002', 'B41', 'A321'),
(20171, '', 'D', 5, '00:00:00', '00:00:00', 'BQF1002', 'B41', 'A321'),
(20171, '', 'D', 6, '00:00:00', '00:00:00', 'BQF1002', 'B41', 'A321'),
(20171, 'LEJT891001RR9', 'D', 2, '00:00:00', '00:00:00', 'ACA0910', 'S81', 'LS24'),
(20171, 'LEJT891001RR9', 'D', 4, '00:00:00', '00:00:00', 'ACA0910', 'S81', 'LS24'),
(20171, 'JISO771107PUA', 'D', 2, '00:00:00', '00:00:00', 'AEF1005', 'B21', 'A104'),
(20171, 'JISO771107PUA', 'D', 3, '00:00:00', '00:00:00', 'AEF1005', 'B21', 'A104'),
(20171, 'JISO771107PUA', 'D', 6, '00:00:00', '00:00:00', 'AEF1005', 'B21', 'A104'),
(20171, 'PABS7111151W9', 'D', 4, '00:00:00', '00:00:00', 'BQF1022', 'B21', 'A104'),
(20171, 'PABS7111151W9', 'D', 5, '00:00:00', '00:00:00', 'BQF1022', 'B21', 'A104'),
(20171, 'PABS7111151W9', 'D', 6, '00:00:00', '00:00:00', 'BQF1022', 'B21', 'A104'),
(20171, 'FOJB680127517', 'D', 2, '00:00:00', '00:00:00', 'BQG1021', 'B21', 'A104'),
(20171, 'FOJB680127517', 'D', 3, '00:00:00', '00:00:00', 'BQG1021', 'B21', 'A104'),
(20171, 'FOJB680127517', 'D', 6, '00:00:00', '00:00:00', 'BQG1021', 'B21', 'A104'),
(20171, 'MEVJ840810TW0', 'D', 4, '00:00:00', '00:00:00', 'BQP1001', 'B21', 'A104'),
(20171, 'MEVJ840810TW0', 'D', 5, '00:00:00', '00:00:00', 'BQP1001', 'B21', 'A104'),
(20171, 'AACE7701317D2', 'D', 2, '00:00:00', '00:00:00', 'GED0917', 'G41', 'A320'),
(20171, 'AACE7701317D2', 'D', 3, '00:00:00', '00:00:00', 'GED0917', 'G41', 'A320'),
(20171, 'AACE7701317D2', 'D', 4, '00:00:00', '00:00:00', 'GED0917', 'G41', 'A320'),
(20171, 'DEST930208U60', 'D', 4, '00:00:00', '00:00:00', 'GEF0906', 'G41', 'A320'),
(20171, 'DEST930208U60', 'D', 5, '00:00:00', '00:00:00', 'GEF0906', 'G41', 'A320'),
(20171, 'DEST930208U60', 'D', 6, '00:00:00', '00:00:00', 'GEF0906', 'G41', 'A320'),
(20171, 'GAFO761019GU0', 'D', 2, '00:00:00', '00:00:00', 'AEF1076', 'G41', 'A320'),
(20171, 'GAFO761019GU0', 'D', 3, '00:00:00', '00:00:00', 'AEF1076', 'G41', 'A320'),
(20171, 'GAFO761019GU0', 'D', 6, '00:00:00', '00:00:00', 'AEF1076', 'G41', 'A320'),
(20171, 'OIBI78080521A', 'D', 4, '00:00:00', '00:00:00', 'ACF0903', 'B21', 'A104'),
(20171, 'OIBI78080521A', 'D', 5, '00:00:00', '00:00:00', 'ACF0903', 'B21', 'A104'),
(20171, 'OIBI78080521A', 'D', 6, '00:00:00', '00:00:00', 'ACF0903', 'B21', 'A104'),
(20171, 'MERO680720C70', 'D', 4, '00:00:00', '00:00:00', 'AEF1020', 'B41', 'A321'),
(20171, 'MERO680720C70', 'D', 5, '00:00:00', '00:00:00', 'AEF1020', 'B41', 'A321'),
(20171, 'MERO680720C70', 'D', 6, '00:00:00', '00:00:00', 'AEF1020', 'B41', 'A321'),
(20171, 'MOTO820224PZA', 'D', 2, '00:00:00', '00:00:00', 'CDF1302', 'G81', 'A000'),
(20171, 'MOTO820224PZA', 'D', 3, '00:00:00', '00:00:00', 'CDF1302', 'G81', 'A000'),
(20171, 'MOTO820224PZA', 'D', 4, '00:00:00', '00:00:00', 'CDF1302', 'G81', 'A000'),
(20171, 'NUCA8309181S4', 'D', 5, '00:00:00', '00:00:00', 'GEF0902', 'G81', 'A000'),
(20171, 'NUCA8309181S4', 'D', 6, '00:00:00', '00:00:00', 'GEF0902', 'G81', 'A000'),
(20171, 'ROCR751216JG4', 'D', 2, '00:00:00', '00:00:00', 'CDF1303', 'G81', 'A000'),
(20171, 'ROCR751216JG4', 'D', 3, '00:00:00', '00:00:00', 'CDF1303', 'G81', 'A000'),
(20171, 'ROCR751216JG4', 'D', 4, '00:00:00', '00:00:00', 'CDF1303', 'G81', 'A000'),
(20171, 'AELP831107RB2', 'D', 2, '00:00:00', '00:00:00', 'ACF0902', 'B21', 'A104'),
(20171, 'AELP831107RB2', 'D', 3, '00:00:00', '00:00:00', 'ACF0902', 'B21', 'A104'),
(20171, 'AELP831107RB2', 'D', 4, '00:00:00', '00:00:00', 'ACF0902', 'B21', 'A104'),
(20171, 'RILA8011061X9', 'D', 5, '00:00:00', '00:00:00', 'ACA0907', 'G21', 'A213'),
(20171, 'RILA8011061X9', 'D', 6, '00:00:00', '00:00:00', 'ACA0907', 'G21', 'A213'),
(20171, '', 'D', 2, '00:00:00', '00:00:00', 'RESGES ', 'G01', 'AV01'),
(20171, '', 'D', 3, '00:00:00', '00:00:00', 'RESGES ', 'G01', 'AV01'),
(20171, '', 'D', 4, '00:00:00', '00:00:00', 'RESGES ', 'G01', 'AV01'),
(20171, '', 'D', 5, '00:00:00', '00:00:00', 'RESGES ', 'G01', 'AV01'),
(20171, '', 'D', 6, '00:00:00', '00:00:00', 'RESGES ', 'G01', 'AV01'),
(20171, 'PABS7111151W9', 'D', 2, '00:00:00', '00:00:00', 'BQG1021', 'B22', 'A216'),
(20171, 'PABS7111151W9', 'D', 3, '00:00:00', '00:00:00', 'BQG1021', 'B22', 'A216'),
(20171, 'PABS7111151W9', 'D', 6, '00:00:00', '00:00:00', 'BQG1021', 'B22', 'A216'),
(20171, 'RAMA620630QZ0', 'D', 4, '00:00:00', '00:00:00', 'GEC0914', 'G41', 'A320'),
(20171, 'RAMA620630QZ0', 'D', 5, '00:00:00', '00:00:00', 'GEC0914', 'G41', 'A320'),
(20171, 'RAMA620630QZ0', 'D', 6, '00:00:00', '00:00:00', 'GEC0914', 'G41', 'A320');

-- --------------------------------------------------------

--
-- Estructura de tabla para la tabla `identificador`
--

CREATE TABLE IF NOT EXISTS `identificador` (
  `id_identificador` int(11) NOT NULL AUTO_INCREMENT,
  `identificador` varchar(45) NOT NULL,
  PRIMARY KEY (`id_identificador`)
) ENGINE=InnoDB  DEFAULT CHARSET=latin1 AUTO_INCREMENT=3 ;

--
-- Volcado de datos para la tabla `identificador`
--

INSERT INTO `identificador` (`id_identificador`, `identificador`) VALUES
(1, 'ADMINITRADOR'),
(2, 'USUARIO');

-- --------------------------------------------------------

--
-- Estructura de tabla para la tabla `logeo`
--

CREATE TABLE IF NOT EXISTS `logeo` (
  `id_logeo` int(11) NOT NULL AUTO_INCREMENT,
  `rfc` varchar(13) NOT NULL,
  `contraseña` varchar(15) NOT NULL,
  `id_identificador` int(11) NOT NULL,
  PRIMARY KEY (`id_logeo`),
  KEY `id_identificador` (`id_identificador`),
  KEY `rfc` (`rfc`)
) ENGINE=InnoDB DEFAULT CHARSET=latin1 AUTO_INCREMENT=1 ;

-- --------------------------------------------------------

--
-- Estructura de tabla para la tabla `materias`
--

CREATE TABLE IF NOT EXISTS `materias` (
  `clave_materia` varchar(7) NOT NULL,
  `materias` varchar(60) NOT NULL,
  PRIMARY KEY (`clave_materia`)
) ENGINE=InnoDB DEFAULT CHARSET=latin1;

--
-- Volcado de datos para la tabla `materias`
--

INSERT INTO `materias` (`clave_materia`, `materias`) VALUES
('ACA0907', 'Taller de Ética'),
('ACA0909', 'Taller de Investigación I'),
('ACA0910', 'Taller de Investigación II'),
('ACC0906', 'Fundamentos de Investigación'),
('ACD0908', 'Desarrollo Sustentable'),
('ACF0901', 'Cálculo Diferencial'),
('ACF0902', 'Cálculo Integral'),
('ACF0903', 'Álgebra Lineal'),
('ACF0904', 'Cálculo Vectorial'),
('ACF0905', 'Ecuaciones Diferenciales'),
('AEB1045', 'Mercadotecnia Electrónica'),
('AEB1055', 'Programación Web'),
('AEB1082', 'Software de Aplicación Ejecutivo'),
('AEC1008', 'Contabilidad Financiera'),
('AEC1014', 'Dinámica Socia'),
('AEC1034', 'Fundamentos de Telecomunicaciones'),
('AEC1058', 'Química'),
('AEC1061', 'Sistemas Operativos'),
('AEC1078', 'Marco Legal de las Organizaciones'),
('AEC1081', 'Probabilidad y Estadística'),
('AED1015', 'Diseño Organizacional'),
('AED1026', 'Estructura de Datos'),
('AED1035', 'Gestión Estratégica'),
('AED1069', 'Calidad Aplicada a la Gestión Empresarial'),
('AED1072', 'El Emprendedor y la Innovación'),
('AEF1004', 'Balance de Materia y Energía'),
('AEF1005', 'Biología'),
('AEF1020', 'Electromagnetismo'),
('AEF1029', 'Formulación y Evaluación de Proyectos'),
('AEF1031', 'Fundamentos de Base de Datos'),
('AEF1039', 'Instrumentación y Control'),
('AEF1041', 'Matemáticas Discreta'),
('AEF1052', 'Probabilidad y Estadística'),
('AEF1065', 'Termodinámica'),
('AEF1071', 'Economía Empresarial'),
('AEF1073', 'Finanzas en las Organizaciones'),
('AEF1074', 'Fundamentos de Gestión Empresarial'),
('AEF1076', 'Investigación de Operaciones'),
('AEG1075', 'Gestión del Capital Humano'),
('AEJ1007', 'Bioquímica '),
('AEM1050', 'Microbiología'),
('AEM1083', 'Tecnología de Frutas, Hortalizas y Confitería'),
('AEO1012', 'Dibujo asistido por computadora'),
('ALA1013', 'Innovación y Desarrollo de Nuevos Productos'),
('ALA1020', 'Programación'),
('ALA1023', 'Taller de Control Estadístico de Procesos'),
('ALB1015', 'Laboratorio de Química Analítica'),
('ALC1010', 'Fundamentos de Física'),
('ALC1011', 'Gestión de la Calidad e Inocuidad Alimentaria'),
('ALC1012', 'Inducción a la Administración y Economía'),
('ALD1005', 'Diseño de Plantas Alimentarias'),
('ALD1007', 'Diseños Experimentales'),
('ALF1002', 'Bioquímica de Alimentos I'),
('ALF1003', 'Bioquímica de Alimentos II'),
('ALF1008', 'Evaluación Sensorial'),
('ALF1021', 'Química Inorgánica'),
('ALF1022', 'Química Orgánica'),
('ALG1004', 'Biotecnología'),
('ALH1006', 'Diseño e Impartición de Cursos Presenciales'),
('ALJ1028', 'Termodinámica'),
('ALM1001', 'Análisis de Alimentos '),
('ALM1009', 'Flujo de Fluidos'),
('ALM1016', 'Microbiología de Alimentos'),
('ALM1017', 'Operaciones de Transferencia de Calor'),
('ALM1018', 'Operaciones de Transferencia de Masa'),
('ALM1019', 'Operaciones Mecánicas'),
('ALM1024', 'Tecnología de Cárnicos'),
('ALM1025', 'Tecnología de Cereales y Oleaginosas'),
('ALM1026', 'Tecnología de Conservación'),
('ALM1027', 'Tecnología de Lácteos'),
('ALR1014', 'Introducción a la Industria Alimentaria'),
('BQC1014', 'Ingeniería de Proyectos'),
('BQF1002', 'Análisis Instrumental'),
('BQF1005', 'Cinética Química y Biológica'),
('BQF1007', 'Estadística'),
('BQF1010', 'Física'),
('BQF1011', 'Fisicoquímica'),
('BQF1012', 'Ingeniería de Biorreactores'),
('BQF1013', 'Ingeniería de Procesos'),
('BQF1016', 'Ingeniería y Gestión Ambiental'),
('BQF1020', 'Programación y Métodos Numéricos'),
('BQF1023', 'Química Orgánica II'),
('BQJ1004', 'Bioquímica del Nitrógeno y Regulación Genética'),
('BQJ1008', 'Fenómenos de Transporte I'),
('BQJ1009', 'Fenómenos de Transporte II'),
('BQJ1017', 'Operaciones Unitarias I'),
('BQJ1018', 'Operaciones Unitarias II'),
('BQJ1019', 'Operaciones Unitarias III'),
('BQP1001', 'Administración y Legislación de Empresas'),
('BQP1015', 'Ingeniería Económica'),
('BQQ1003', 'Aseguramiento de la Calidad'),
('BQW1006', 'Comportamiento Organizacional'),
('BQW1024', 'Seguridad e Higiene'),
('GEC0905', 'Desarrollo Humano'),
('GEC0909', 'Fundamentos de Física'),
('GEC0911', 'Gestión de la Producción I'),
('GEC0912', 'Gestión de la Producción II'),
('GEC0913', 'Habilidades Directivas I'),
('GEC0914', 'Habilidades Directivas II'),
('GED0903', 'Contabilidad Orientada a los Negocios'),
('GED0904', 'Costos Empresariales'),
('GED0917', 'Instrumentos de Presupuestación Empresaria'),
('GED0920', 'Plan de Negocios'),
('GED0921', 'Probabilidad y Estadística Descriptiva'),
('GED0922', 'Sistemas de Información de Mercadotecnia'),
('GEE0918', 'Legislación Laboral'),
('GEF0901', 'Administración de la Salud y Seguridad Ocupacional'),
('GEF0902', 'Cadena de Suministros'),
('GEF0906', 'Entorno Macroeconómico'),
('GEF0910', 'Fundamentos de Química'),
('GEF0915', 'Ingeniería de Procesos'),
('GEF0916', 'Ingeniería Económica'),
('GEF0919', 'Mercadotecnia'),
('GEG0907', 'Estadística Inferencial I'),
('GEG0908', 'Estadística Inferencial II'),
('SCA1002', 'Administración de Redes'),
('SCA1025', 'Taller de Base de Datos'),
('SCA1026', 'Taller de Sistemas Operativos'),
('SCB1001', 'Administración de Base de Datos'),
('SCC1005', 'Cultura Empresarial'),
('SCC1007', 'Fundamentos de Ingeniería de Software'),
('SCC1010', 'Graficación'),
('SCC1012', 'Inteligencia Artificial'),
('SCC1013', 'Investigación de Operaciones'),
('SCC1014', 'Lenguajes de Interfaz'),
('SCC1017', 'Métodos Numéricos'),
('SCC1019', 'Programación Lógica y Funcional'),
('SCC1023', 'Sistemas Programables'),
('SCD1003', 'Arquitectura de Computadoras'),
('SCD1004', 'Conmutación y Enrutamiento en Redes de Datos'),
('SCD1008', 'Fundamentos de Programación'),
('SCD1011', 'Ingeniería de Software'),
('SCD1015', 'Lenguajes y Autómatas I'),
('SCD1016', 'Lenguajes y Autómatas II'),
('SCD1018', 'Principios Eléctricos y Aplicaciones Digitales'),
('SCD1020', 'Programación Orientada a Objetos'),
('SCD1021', 'Redes de Computadoras'),
('SCD1022', 'Simulación'),
('SCD1027', 'Tópicos Avanzados de Programación'),
('SCF1006', 'Física General'),
('SCG1009', 'Gestión de Proyectos de Software'),
('SCH1024', 'Taller de Administración');

-- --------------------------------------------------------

--
-- Estructura de tabla para la tabla `periodo`
--

CREATE TABLE IF NOT EXISTS `periodo` (
  `periodo` int(11) NOT NULL,
  PRIMARY KEY (`periodo`)
) ENGINE=InnoDB DEFAULT CHARSET=latin1;

--
-- Volcado de datos para la tabla `periodo`
--

INSERT INTO `periodo` (`periodo`) VALUES
(20171),
(20172),
(20181),
(20182),
(20191),
(20192),
(20201),
(20202);

-- --------------------------------------------------------

--
-- Estructura de tabla para la tabla `profesores`
--

CREATE TABLE IF NOT EXISTS `profesores` (
  `rfc` varchar(13) NOT NULL,
  `apellidos` varchar(100) NOT NULL,
  `nombre` varchar(30) NOT NULL,
  PRIMARY KEY (`rfc`)
) ENGINE=InnoDB DEFAULT CHARSET=latin1;

--
-- Volcado de datos para la tabla `profesores`
--

INSERT INTO `profesores` (`rfc`, `apellidos`, `nombre`) VALUES
('AACE7701317D2', 'ALMAZAN DE LA CRUZ', 'EDGAR'),
('AACJ870910NP0', 'ALARCON CORNEJO', 'MARIA JOSE'),
('AAGA770606U64', 'ALBARRAN GALVÁN', 'JOSÉ ANTONIO'),
('AALK740125TI8', 'AYALA LÓPEZ', 'KARLOS'),
('AAST620110UD9', 'ABAD SALAZAR', 'MARIA TERESA'),
('AECM801030BN2', 'ARENAS CASTAÑEDA', 'MELIBEA'),
('AECM801030CZ6', 'ARENAS CASTAÑEDA', 'MELIBEA'),
('AELP831107RB2', 'AVENDAÑO LOPEZ', 'PAVEL DAVID ULISES'),
('AEVG781204TQ6', 'ACEVEDO-VEGA', 'GERARDO'),
('AEVG881204TQ5', 'ACEVEDO', 'GERARDO'),
('AIMX801022RSA', 'AVIÑA MENDOZA', 'XOCHITL'),
('AIPA810124SN2', 'AVILA PEREZ TAGLE', 'ALFONSO'),
('AUGJ840822KY9', 'ANZUREZ GONZALEZ', 'JULIO CESAR'),
('BALA670922TC1', 'BARRERA LUNA', 'ARACELI'),
('BAMA810731AZA', 'BARCENA MALDONADO', 'ADAN'),
('BAMY7410119J3', 'BARCENA MALDONADO', 'YADIRA'),
('BERA6707236X0', 'BECERRIL ROSSEL', 'ALEJANDRO'),
('CAAA761230RP3', 'CABALLERO ALFARO', 'ARISTIDES'),
('CABR840507EE4', 'CAMARGO BIBIANO', 'RICARDO'),
('CACX800325LD0', 'CABRERA CALDERON', 'ANA MARTHA'),
('CALF510923HR9', 'CHAPA LARA', 'FERNANDO'),
('CARM820823EAA', 'CAMPOS REYES', 'MARICELA'),
('CASC741231HDA', 'CHARNICHART SÁNCHEZ', 'CLEMENTE'),
('CATG7510118B4', 'CAÑEDO TORRES', 'GABRIELA'),
('CECA740223F82', 'CERON CARDENAS', 'AURORA'),
('CESR7610255B3', 'CERDA SORIA', 'RUBRIA'),
('CUHP911215J28', 'CRUZ HERNANDEZ', 'PATRICIA'),
('CUNE800221373', 'DE LA CRUZ NICOLAS', 'ERNESTO'),
('DEST930208U60', 'DESION SANTOS', 'THELMA FABIOLA'),
('DOVN710905PW2', 'DOMINGUEZ VERGARA', 'NORMA ESTHER'),
('DUAS680914UF8', 'DUQUE ALVAREZ', 'SAUL'),
('EECG890215000', 'ESTEBAN CHAPARRO', 'GERARDO'),
('FOHR810921MK5', 'FLORES HERNANDEZ', 'ROSENDO'),
('FOJB680127517', 'FLORES JIMENEZ', 'MARIA BELEM'),
('GAAA720206DT1', 'GAMBOA ABAD', 'ARMANDO'),
('GAAC8703213K3', 'GAMA ABUNDEZ', 'CYNTHIA'),
('GABG850525L38', 'GARCIA BAHENA', 'GIOVANY'),
('GABK870614KLA', 'GARCIA BARRERA', 'KEMBERLI'),
('GAFO761019GU0', 'GARCIA FABILA', 'OMAR'),
('GAGJ750331T89', 'GALINDO GARCÍA', 'JUAN ANTONIO'),
('GOMX8707233U0', 'GONZÁLEZ MEDEL', 'XOCHITL MARCELA'),
('GOPY820203IP2', 'GONZALEZ PEREZ', 'YADIRA'),
('GORD910218AG9', 'GOMEZ REYES', 'DALIA JOCELYN'),
('GOVO8412128YH', 'GUEVARA MORENO', 'ROMAN'),
('GUFE760415E61', 'GUTIERREZ FUENTES', 'ELIUD AZARREL'),
('GUMF8603141Y6', 'GUZMAN MEJIA', 'FABIOLA'),
('GUMR800518NY6', 'GUEVARA MORENO', 'ROMAN'),
('HELA740320F54', 'HERNANDEZ LOPEZ', 'ALEJANDRO'),
('HETY6401283D5', 'HERNANDEZ TAMAYO', 'YOLANDA'),
('HEVA870220KC3', 'HERNANDEZ VILLAMAR', 'ARGENIS'),
('IARE720407M88', 'IBAÑEZ RODRIGUEZ', 'ELIA MARLA'),
('JAPJ830309QU8', 'JAIMES PEREZ', 'JOSUE IVAN'),
('JIGD821114Q23', 'JIMENEZ GONZALEZ', 'DIEGO EMILIANO'),
('JISO771107PUA', 'JIMENEZ SANDOVAL', 'OHTTO AUBERT'),
('JURM8510111U2', 'JULIO REYES', 'MAGALY'),
('LECE660216F1A', 'LEON CASTILLO', 'MARIA ELISA'),
('LEJT891001RR9', 'DE LEON JUAREZ', 'MARIA TERESA'),
('LICJ8704048N7', 'LICON CERÓN', 'JUAN MANUEL'),
('LONI840324PY7', 'LOPEZ NAVA', 'IRVIN HUSSEIN'),
('MACE841201S26', 'MARTINEZ CARRILLO', 'ELIGIO'),
('MALU571005C6A', 'MARTINEZ', 'JOSE LUIS'),
('MARE740304A50', 'MARTINEZ ROSEY', 'ERIK'),
('MARJ781031948', 'MANCILLA RUIZ', 'JESUS'),
('MARO690121F93', 'MARRON RAMOS', 'NOE DOMINGO'),
('MARR680531MEA', 'MARTINEZ RODRIGUEZ', 'REYNA'),
('MAVR820308DN4', 'MATA VILLANUEVA', 'ROCIO ALEJANDRA'),
('MECJ560423HA4', 'MEDINA CABRERA', 'JORGE ROGELIO'),
('MEGM740426H53', 'MEDINA GERARDO', 'MARCO ANTONIO'),
('MEMF7702266D6', 'MENDOZA MONTERO', 'FATIMA YARASET'),
('MEMY830618BW6', 'MEDINA MOLINA', 'YEARIM'),
('MERA840707BC7', 'MEZA RODRIGUEZ', 'ANN MARGARETH'),
('MERO680720C70', 'MENDOZA RIVAS', 'OSCAR'),
('MEVJ840810TW0', 'MEDINA DEL VALLE', 'JORGE EDUARDO'),
('MIGA900314CW1', 'MIRANDA GARCIA', 'ABEL'),
('MOJA820426G43', 'MORALES JIMENEZ', 'ABISAI'),
('MOMN7508019J9', 'MORALES MUÑIZ', 'NOEL'),
('MOSJ8504202L9', 'MONDRAGON SANTANA', 'JIBRAHAN HOMIR'),
('MOTO820224PZA', 'MOLINA TENORIO', 'OSCAR ALBERTO'),
('NOMN7508019J9', 'MORALES MUÑIZ', 'NOEL'),
('NUCA8309181S4', 'NUÑEZ CUADRA', 'ADRIANA'),
('NUNJ610430DF3', 'NUÑEZ NUÑEZ', 'JAIME RAUL'),
('OIBI78080521A', 'OLIVOS BARRANCO', 'ISRAEL'),
('PABS7111151W9', 'PALACIOS BAHENA', 'SILVIA'),
('PADA8611043F2', 'PALOMINO DELGADO', 'AYDE'),
('PEMO780821HB5', 'PEREZ MUÑOZ', 'OSCAR'),
('PIMO8203307J6', 'PLIEGO MARTINEZ', 'ODETTE ALEJANDRA'),
('PIMO8203397J6', 'PLIEGO MARTINEZ', 'ODETTE ALEJANDRA'),
('PIPM721006TR4', 'PINEDA PINEDA', 'MANUEL'),
('RAJM810116PY1', 'RAMIREZ JURADO', 'MARCOS'),
('RAMA620630QZ0', 'RAMIREZ MIRANDA', 'MARÍA ALEJANDRA'),
('RAPA860825QQ7', 'RAMOS PALMA', 'ARQUIMEDES'),
('REBR8103056E3', 'REYES BAUTISTA', 'RAUL'),
('REMC850721F8A', 'REYES MERIDA', 'CESAR PONCIANO ADRIAN'),
('RILA8011061X9', 'RICO LAVANA', 'ANAID'),
('RIPA6411116H7', 'RIVERA PUGA', 'ANGEL EDUARDO'),
('ROCR751216JG4', 'RODRIGUEZ CUELLAR', 'RUTH'),
('ROMJ7803256L0', 'RODRIGUEZ MONTES', 'JUAN CARLOS'),
('ROMJ7803256LO', 'RODRIGUEZ MONTES', 'JUAN CARLOS'),
('ROMO9506056J8', 'ROJAS MARTINEZ', 'OZIRIS ITZEL'),
('RORC890222TY4', 'ROSAS DE LA ROSA', 'CARLOS CESAR'),
('RORM770113JW6', 'DE LA ROSA RONQUILLO', 'MIRIAM'),
('ROSE820511V58', 'DE LA ROSA SOSA', 'ESMERALDA'),
('ROSM791221SV7', 'ROMAN SALGADO', 'MAXIMILIANO'),
('RUG711206BW7 ', 'RUIZ GARNICA', 'VERONICA'),
('RUGV711206BW7', 'RUIZ GARNICA', 'VERONICA'),
('SADC860127QL9', 'SALAZAR DELGADO', 'CARLOS ENRIQUE'),
('SALD820106KS6', 'SANTIS LOPEZ', 'MARIA DORY'),
('SAQL610101BSA', 'SANTANA QUINTANA', 'LUIS CARLOS'),
('SAUH831025TD8', 'SANTILLAN URIBE', 'HUGO CESAR'),
('SINM660426HF2', 'SILVA NAVA', 'MARCO ANTONIO'),
('TAHG770709RT1', 'TAPIA HERNANDEZ', 'GERMAN OSVALDO'),
('TEGB791220UD6', 'TREJO GONZALEZ', 'BERNARDINO'),
('TERO7601258U4', 'TEMBO', 'ROLL HILARION'),
('TOTL860203F78', 'TORRES TELLEZ', 'LAURA JUDITH'),
('VAVR900606PT5', 'VALDÉS VALENCIA', 'RAMON'),
('VIAJ890518V55', 'VILLAR ANASTACIO', 'JUAN ALEJANDRO'),
('VICJ720317SP9', 'VILLEGAS  CASTILLO', 'JOAQUINA'),
('VIMM810702L19', 'VILLAGRAN MANCILLA', 'MARIO'),
('ZAAJ6309041MA', 'ZAMBRANO AYALA', 'JOSE'),
('ZAAJ630904IMA', 'ZAMBRANO AYALA', 'JOSE'),
('ZACB830305AV9', 'ZARATE COLLAZO', 'BRENDA');

-- --------------------------------------------------------

--
-- Estructura de tabla para la tabla `seleccion_materia`
--

CREATE TABLE IF NOT EXISTS `seleccion_materia` (
  `periodo` int(11) NOT NULL,
  `no_control` int(11) NOT NULL,
  `clave_materia` varchar(7) NOT NULL,
  `grupo` varchar(4) NOT NULL,
  KEY `periodo` (`periodo`),
  KEY `no_control` (`no_control`),
  KEY `clave_materia` (`clave_materia`),
  KEY `grupo` (`grupo`)
) ENGINE=InnoDB DEFAULT CHARSET=latin1;

--
-- Volcado de datos para la tabla `seleccion_materia`
--

INSERT INTO `seleccion_materia` (`periodo`, `no_control`, `clave_materia`, `grupo`) VALUES
(20171, 81070137, 'ACM0403', 'B11'),
(20171, 101070082, 'ACA0910', 'A61'),
(20171, 101070082, 'ALM1025', 'A61'),
(20171, 101070082, 'PTM1301', 'A81'),
(20171, 101070094, 'SCC1019', 'S81'),
(20171, 101070094, 'TAH1303', 'S81'),
(20171, 101070244, 'SCD1011', 'S61'),
(20171, 101070282, 'TAC1304', 'S81'),
(20171, 101070368, 'SCC1014', 'S61'),
(20171, 11106810, 'ACA0910', 'S81'),
(20171, 11106810, 'AEB1055', 'S81'),
(20171, 11106810, 'SCA1002', 'S81'),
(20171, 11106810, 'SCC1019', 'S81'),
(20171, 11106810, 'TAC1304', 'S81'),
(20171, 11106810, 'TAH1303', 'S81'),
(20171, 111070024, 'ACA0910', 'S81'),
(20171, 111070024, 'SCC1014', 'S61'),
(20171, 111070024, 'TAH1303', 'S81'),
(20171, 111070073, 'AEF1004', 'B41'),
(20171, 111070073, 'AEF1020', 'B41'),
(20171, 111070073, 'AEO1012', 'B11'),
(20171, 111070110, 'BFF1303', 'B81'),
(20171, 111070110, 'BQC1014', 'B81'),
(20171, 111070110, 'BQF1013', 'B81'),
(20171, 111070110, 'BQF1016', 'B81'),
(20171, 111070110, 'BQJ1018', 'B71'),
(20171, 111070120, 'ACF0903', 'A21'),
(20171, 111070132, 'ACF0904', 'S31'),
(20171, 111070132, 'SCA1002', 'S81'),
(20171, 111070132, 'SCC1010', 'S61'),
(20171, 111070132, 'SCD1021', 'S61'),
(20171, 111070132, 'TAC1304', 'S81'),
(20171, 111070140, 'AED1015', 'G61'),
(20171, 111070140, 'AEF1076', 'G41'),
(20171, 111070140, 'CDF1301', 'G81'),
(20171, 111070140, 'CDF1302', 'G81'),
(20171, 111070140, 'CDF1303', 'G81'),
(20171, 111070140, 'GEC0911', 'G61'),
(20171, 111070140, 'GEF0902', 'G81'),
(20171, 111070140, 'GEG0907', 'G41'),
(20171, 111070146, 'ACF0902', 'A21'),
(20171, 111070146, 'ALA1013', 'A61'),
(20171, 111070146, 'ALH1006', 'A81'),
(20171, 111070146, 'PTM1301', 'A81'),
(20171, 111070155, 'ACA0910', 'S81'),
(20171, 111070155, 'SCA1002', 'S81'),
(20171, 111070155, 'SCD1011', 'S61'),
(20171, 111070157, 'GEE0918', 'G22'),
(20171, 111070175, 'ACA0910', 'S81'),
(20171, 111070175, 'SCA1002', 'S81'),
(20171, 111070175, 'SCC1014', 'S61'),
(20171, 111070175, 'TAC1305', 'S81'),
(20171, 111070177, 'TAC1304', 'S81'),
(20171, 111070180, 'ACA0910', 'S81'),
(20171, 111070180, 'SCB1001', 'S61'),
(20171, 111070180, 'SCC1010', 'S61'),
(20171, 111070180, 'SCC1014', 'S61'),
(20171, 111070180, 'SCD1011', 'S61'),
(20171, 111070180, 'SCD1015', 'S61'),
(20171, 111070180, 'SCD1021', 'S61'),
(20171, 111070180, 'SCD1027', 'S41'),
(20171, 111070180, 'TAB1301', 'S61'),
(20171, 111070184, 'AEB1055', 'S81'),
(20171, 111070184, 'SCA1002', 'S81'),
(20171, 111070187, 'ACA0910', 'S81'),
(20171, 111070187, 'SCC1014', 'S61'),
(20171, 111070208, 'SCD1011', 'S61'),
(20171, 111070237, 'ACA0910', 'G61'),
(20171, 111070237, 'AED1015', 'G61'),
(20171, 111070237, 'CDF1301', 'G81'),
(20171, 111070237, 'GEF0902', 'G81'),
(20171, 111070243, 'ACF0904', 'S31'),
(20171, 111070243, 'SCA1002', 'S81'),
(20171, 111070243, 'SCC1010', 'S61'),
(20171, 111070243, 'SCD1021', 'S61'),
(20171, 111070243, 'TAC1304', 'S81'),
(20171, 111070263, 'TAC1304', 'S81'),
(20171, 111070278, 'GEF0902', 'G81'),
(20171, 111070281, 'ACA0910', 'S81'),
(20171, 111070281, 'AEB1055', 'S81'),
(20171, 111070281, 'SCA1002', 'S81'),
(20171, 111070281, 'SCB1001', 'S61'),
(20171, 111070281, 'SCC1010', 'S61'),
(20171, 111070281, 'SCC1014', 'S61'),
(20171, 111070281, 'SCC1019', 'S81'),
(20171, 111070281, 'SCD1011', 'S61'),
(20171, 111070281, 'SCD1015', 'S61'),
(20171, 111070281, 'SCD1021', 'S61'),
(20171, 111070281, 'TAC1304', 'S81'),
(20171, 111070281, 'TAC1305', 'S81'),
(20171, 111070281, 'TAH1303', 'S81'),
(20171, 111070283, 'SCD1011', 'S61'),
(20171, 111070295, 'GEF0902', 'G81'),
(20171, 111070302, 'ACA0910', 'S81'),
(20171, 111070302, 'AEB1055', 'S81'),
(20171, 111070302, 'SCB1001', 'S61'),
(20171, 111070302, 'SCC1019', 'S81'),
(20171, 111070302, 'SCD1011', 'S61'),
(20171, 111070302, 'SCD1015', 'S61'),
(20171, 111070302, 'SCD1021', 'S61'),
(20171, 111070302, 'TAB1301', 'S61'),
(20171, 111070303, 'BFF1303', 'B81'),
(20171, 111070303, 'BQC1014', 'B81'),
(20171, 111070303, 'BQF1013', 'B81'),
(20171, 111070303, 'BQJ1018', 'B71'),
(20171, 111070303, 'BQW1024', 'B61'),
(20171, 111070307, 'SCC1014', 'S61'),
(20171, 111070307, 'SCD1011', 'S61'),
(20171, 111070307, 'SCD1015', 'S61'),
(20171, 111070307, 'SCD1021', 'S61'),
(20171, 111070307, 'TAB1301', 'S61'),
(20171, 111070317, 'TAC1304', 'S81'),
(20171, 111070318, 'CDF1301', 'G81'),
(20171, 111070318, 'CDF1302', 'G81'),
(20171, 111070318, 'CDF1303', 'G81'),
(20171, 111070318, 'GEC0911', 'G61'),
(20171, 111070318, 'GEF0902', 'G81'),
(20171, 111070325, 'TAC1304', 'S81'),
(20171, 111070334, 'ACA0910', 'S81'),
(20171, 111070334, 'SCA1002', 'S81'),
(20171, 111070334, 'SCC1019', 'S81'),
(20171, 111070334, 'SCD1011', 'S61'),
(20171, 111070334, 'TAC1304', 'S81'),
(20171, 111070334, 'TAH1303', 'S81'),
(20171, 111070351, 'AEF1076', 'G41'),
(20171, 111070351, 'CDF1302', 'G81'),
(20171, 111070367, 'AEJ1007', 'B41'),
(20171, 111070367, 'BQF1002', 'B41'),
(20171, 111070367, 'BQF1020', 'B41'),
(20171, 111070367, 'BQQ1003', 'B41'),
(20171, 121070004, 'CDF1301', 'G81'),
(20171, 121070004, 'CDF1302', 'G81'),
(20171, 121070004, 'CDF1303', 'G81'),
(20171, 121070004, 'GEF0902', 'G81'),
(20171, 121070004, 'GEG0907', 'G41'),
(20171, 121070009, 'ACA0910', 'S81'),
(20171, 121070028, 'AEF1029', 'A81'),
(20171, 121070028, 'ALG1004', 'A61'),
(20171, 121070028, 'PTM1301', 'A81'),
(20171, 121070028, 'PTM1302', 'A81'),
(20171, 121070031, 'AEF1029', 'A81'),
(20171, 121070031, 'ALG1004', 'A61'),
(20171, 121070031, 'ALH1006', 'A81'),
(20171, 121070031, 'ALM1018', 'A61'),
(20171, 121070031, 'PTM1301', 'A81'),
(20171, 121070032, 'SCC1013', 'S31'),
(20171, 121070036, 'GEF0902', 'G81'),
(20171, 121070040, 'BQF1020', 'B41'),
(20171, 121070040, 'BQW1005', 'B11'),
(20171, 121070044, 'ACF0905', 'S41'),
(20171, 121070044, 'SCC1010', 'S61'),
(20171, 121070048, 'AEF1029', 'A81'),
(20171, 121070048, 'ALG1004', 'A61'),
(20171, 121070048, 'ALH1006', 'A81'),
(20171, 121070048, 'ALM1018', 'A61'),
(20171, 121070048, 'PTM1301', 'A81'),
(20171, 121070055, 'AEF1029', 'A81'),
(20171, 121070055, 'PTM1301', 'A81'),
(20171, 121070060, 'AEF1029', 'A81'),
(20171, 121070060, 'ALH1006', 'A81'),
(20171, 121070060, 'PTM1301', 'A81'),
(20171, 121070060, 'PTM1302', 'A81'),
(20171, 121070061, 'SCA1002', 'S81'),
(20171, 121070061, 'SCC1010', 'S61'),
(20171, 121070061, 'SCC1014', 'S61'),
(20171, 121070061, 'SCD1011', 'S61'),
(20171, 121070070, 'AED1015', 'G61'),
(20171, 121070070, 'CDF1301', 'G81'),
(20171, 121070070, 'CDF1302', 'G81'),
(20171, 121070070, 'CDF1303', 'G81'),
(20171, 121070070, 'GEC0905', 'G11'),
(20171, 121070070, 'GEC0911', 'G61'),
(20171, 121070075, 'BFF1303', 'B81'),
(20171, 121070075, 'BQC1014', 'B81'),
(20171, 121070075, 'BQF1013', 'B81'),
(20171, 121070075, 'BQF1016', 'B81'),
(20171, 121070075, 'BQJ1009', 'B61'),
(20171, 121070077, 'AEF1029', 'A81'),
(20171, 121070077, 'BFF1303', 'B81'),
(20171, 121070077, 'BQC1014', 'B81'),
(20171, 121070077, 'BQF1013', 'B81'),
(20171, 121070077, 'BQF1016', 'B81'),
(20171, 121070080, 'CDF1302', 'G81'),
(20171, 121070080, 'CDF1303', 'G81'),
(20171, 121070080, 'GED0922', 'G61'),
(20171, 121070080, 'GEF0902', 'G81'),
(20171, 121070086, 'SCB1001', 'S61'),
(20171, 121070086, 'SCC1010', 'S61'),
(20171, 121070086, 'SCD1011', 'S61'),
(20171, 121070086, 'TAB1301', 'S61'),
(20171, 121070094, 'SCB1001', 'S61'),
(20171, 121070094, 'SCC1010', 'S61'),
(20171, 121070094, 'SCC1014', 'S61'),
(20171, 121070094, 'SCD1011', 'S61'),
(20171, 121070094, 'SCD1015', 'S61'),
(20171, 121070094, 'SCD1021', 'S61'),
(20171, 121070098, 'CDF1303', 'G81'),
(20171, 121070102, 'AEB1082', 'G21'),
(20171, 121070102, 'CDF1301', 'G81'),
(20171, 121070102, 'CDF1302', 'G81'),
(20171, 121070102, 'CDF1303', 'G81'),
(20171, 121070102, 'GEE0918', 'G21'),
(20171, 121070102, 'GEF0902', 'G81'),
(20171, 121070103, 'GEF0902', 'G81'),
(20171, 121070116, 'AED1015', 'G61'),
(20171, 121070116, 'CDF1301', 'G81'),
(20171, 121070116, 'CDF1302', 'G81'),
(20171, 121070116, 'CDF1303', 'G81'),
(20171, 121070116, 'GEC0911', 'G61'),
(20171, 121070116, 'GEC0914', 'G41'),
(20171, 121070116, 'GEF0902', 'G81'),
(20171, 121070116, 'GEG0907', 'G41'),
(20171, 121070119, 'ACA0910', 'A61'),
(20171, 121070119, 'AEF1029', 'A81'),
(20171, 121070119, 'AEM1050', 'A41'),
(20171, 121070119, 'ALH1006', 'A81'),
(20171, 121070119, 'PTM1301', 'A81'),
(20171, 121070119, 'PTM1302', 'A81'),
(20171, 121070123, 'ACA0909', 'B61'),
(20171, 121070123, 'AEM1050', 'B61'),
(20171, 121070123, 'BQF1005', 'B61'),
(20171, 121070123, 'BQF1016', 'B81'),
(20171, 121070123, 'BQJ1009', 'B61'),
(20171, 121070123, 'BQJ1017', 'B61'),
(20171, 121070123, 'BQW1024', 'B61'),
(20171, 121070133, 'CDF1301', 'G81'),
(20171, 121070133, 'CDF1302', 'G81'),
(20171, 121070133, 'CDF1303', 'G81'),
(20171, 121070133, 'GEF0902', 'G81'),
(20171, 121070138, 'ACF0905', 'S41'),
(20171, 121070138, 'AEB1055', 'S81'),
(20171, 121070138, 'SCA1002', 'S81'),
(20171, 121070138, 'SCD1011', 'S61'),
(20171, 121070138, 'TAC1304', 'S81'),
(20171, 121070141, 'AEM1050', 'B61'),
(20171, 121070141, 'BFF1303', 'B81'),
(20171, 121070141, 'BQF1002', 'B41'),
(20171, 121070141, 'BQF1005', 'B61'),
(20171, 121070141, 'BQF1016', 'B81'),
(20171, 121070141, 'BQJ1009', 'B61'),
(20171, 121070141, 'BQJ1017', 'B61'),
(20171, 121070148, 'AED1015', 'G61'),
(20171, 121070148, 'AEF1076', 'G41'),
(20171, 121070148, 'CDF1302', 'G81'),
(20171, 121070148, 'CDF1303', 'G81'),
(20171, 121070148, 'GEF0902', 'G81'),
(20171, 121070148, 'GEF0916', 'G41'),
(20171, 121070153, 'AED1015', 'G61'),
(20171, 121070153, 'CDF1301', 'G81'),
(20171, 121070153, 'CDF1302', 'G81'),
(20171, 121070153, 'CDF1303', 'G81'),
(20171, 121070153, 'GEC0911', 'G61'),
(20171, 121070153, 'GEF0901', 'G61'),
(20171, 121070157, 'ALA1013', 'A61'),
(20171, 121070157, 'ALC1011', 'A61'),
(20171, 121070157, 'ALF1010', 'A21'),
(20171, 121070157, 'ALG1004', 'A61'),
(20171, 121070157, 'ALH1006', 'A81'),
(20171, 121070157, 'ALM1025', 'A61'),
(20171, 121070157, 'PTM1301', 'A81'),
(20171, 121070157, 'PTM1302', 'A81'),
(20171, 121070161, 'AEF1029', 'A81'),
(20171, 121070161, 'ALH1006', 'A81'),
(20171, 121070161, 'PTM1301', 'A81'),
(20171, 121070182, 'GED0922', 'G61'),
(20171, 121070182, 'GEF0902', 'G81'),
(20171, 121070192, 'ACA0910', 'G61'),
(20171, 121070192, 'AED1015', 'G61'),
(20171, 121070192, 'AED1072', 'G61'),
(20171, 121070192, 'GEC0911', 'G61'),
(20171, 121070192, 'GEC0914', 'G41'),
(20171, 121070192, 'GED0922', 'G61'),
(20171, 121070192, 'GEF0901', 'G61'),
(20171, 121070195, 'AEF1029', 'A81'),
(20171, 121070195, 'ALG1004', 'A61'),
(20171, 121070195, 'ALH1006', 'A81'),
(20171, 121070195, 'ALM1025', 'A61'),
(20171, 121070195, 'PTM1301', 'A81'),
(20171, 121070199, 'ACA0910', 'S81'),
(20171, 121070199, 'ACC0906', 'S11'),
(20171, 121070199, 'AEC1058', 'S21'),
(20171, 121070199, 'SCA1026', 'S41'),
(20171, 121070199, 'SCC1019', 'S81'),
(20171, 121070199, 'SCD1021', 'S61'),
(20171, 121070199, 'TAH1303', 'S81'),
(20171, 121070208, 'BQJ1009', 'B61'),
(20171, 121070209, 'BFF1303', 'B81'),
(20171, 121070209, 'BQC1014', 'B81'),
(20171, 121070209, 'BQF1011', 'B51'),
(20171, 121070209, 'BQF1013', 'B81'),
(20171, 121070209, 'BQF1016', 'B81'),
(20171, 121070209, 'BQJ1009', 'B61'),
(20171, 121070209, 'BQJ1017', 'B61'),
(20171, 121070209, 'BQJ1018', 'B71'),
(20171, 121070216, 'AEF1004', 'B41'),
(20171, 121070216, 'AEF1020', 'B41'),
(20171, 121070216, 'AEF1029', 'A81'),
(20171, 121070216, 'BQC1014', 'B81'),
(20171, 121070216, 'BQF1013', 'B81'),
(20171, 121070216, 'BQF1016', 'B81'),
(20171, 121070216, 'BQF1020', 'B41'),
(20171, 121070223, 'ACF0904', 'B31'),
(20171, 121070223, 'AEM1050', 'B61'),
(20171, 121070223, 'BFF1303', 'B81'),
(20171, 121070223, 'BQC1014', 'B81'),
(20171, 121070223, 'BQF1013', 'B81'),
(20171, 121070223, 'BQF1016', 'B81'),
(20171, 121070223, 'BQJ1018', 'B71'),
(20171, 121070226, 'AEM1050', 'B61'),
(20171, 121070226, 'BQF1005', 'B61'),
(20171, 121070226, 'BQJ1017', 'B61'),
(20171, 121070226, 'BQJ1018', 'B71'),
(20171, 121070229, 'ACA0909', 'B61'),
(20171, 121070229, 'AEM1050', 'B61'),
(20171, 121070229, 'BFF1303', 'B81'),
(20171, 121070229, 'BQC1014', 'B81'),
(20171, 121070229, 'BQF1013', 'B81'),
(20171, 121070229, 'BQF1016', 'B81'),
(20171, 121070229, 'BQJ1009', 'B61'),
(20171, 121070229, 'BQJ1017', 'B61'),
(20171, 121070237, 'BQJ1018', 'B71'),
(20171, 121070244, 'AEM1050', 'B61'),
(20171, 121070244, 'BFF1303', 'B81'),
(20171, 121070244, 'BQC1014', 'B81'),
(20171, 121070244, 'BQF1005', 'B61'),
(20171, 121070244, 'BQF1013', 'B81'),
(20171, 121070244, 'BQF1016', 'B81'),
(20171, 121070244, 'BQJ1009', 'B61'),
(20171, 121070244, 'BQJ1017', 'B61'),
(20171, 121070244, 'BQW1024', 'B61'),
(20171, 121070248, 'AEF1020', 'B41'),
(20171, 121070248, 'BFF1303', 'B81'),
(20171, 121070260, 'BFF1303', 'B81'),
(20171, 121070260, 'BQC1014', 'B81'),
(20171, 121070260, 'BQF1013', 'B81'),
(20171, 121070260, 'BQF1016', 'B81'),
(20171, 121070260, 'BQJ1009', 'B61'),
(20171, 121070260, 'BQJ1018', 'B71'),
(20171, 121070261, 'AEM1050', 'B61'),
(20171, 121070261, 'BFF1303', 'B81'),
(20171, 121070261, 'BQC1014', 'B81'),
(20171, 121070261, 'BQF1005', 'B61'),
(20171, 121070261, 'BQF1013', 'B81'),
(20171, 121070261, 'BQF1016', 'B81'),
(20171, 121070261, 'BQJ1009', 'B61'),
(20171, 121070261, 'BQJ1017', 'B61'),
(20171, 121070269, 'CDF1301', 'G81'),
(20171, 121070269, 'CDF1302', 'G81'),
(20171, 121070269, 'CDF1303', 'G81'),
(20171, 121070269, 'GEF0902', 'G81'),
(20171, 121070275, 'GEF0902', 'G81'),
(20171, 121070276, 'CDF1303', 'G81'),
(20171, 121070276, 'GEF0902', 'G81'),
(20171, 121070280, 'GEF0902', 'G81'),
(20171, 121070283, 'ACF0901', 'G11'),
(20171, 121070283, 'AEF1071', 'G31'),
(20171, 121070283, 'AEF1076', 'G41'),
(20171, 121070287, 'GEF0902', 'G81'),
(20171, 121070292, 'GEF0902', 'G81'),
(20171, 121070302, 'AED1015', 'G61'),
(20171, 121070302, 'CDF1302', 'G81'),
(20171, 121070303, 'CDF1301', 'G81'),
(20171, 121070303, 'CDF1302', 'G81'),
(20171, 121070303, 'CDF1303', 'G81'),
(20171, 121070303, 'GEF0902', 'G81'),
(20171, 121070311, 'AEF1029', 'A81'),
(20171, 121070311, 'AEM1050', 'A41'),
(20171, 121070311, 'ALF1003', 'A41'),
(20171, 121070311, 'ALH1006', 'A81'),
(20171, 121070311, 'ALM1025', 'A61'),
(20171, 121070311, 'PTM1301', 'A81'),
(20171, 121070311, 'PTM1302', 'A81'),
(20171, 121070312, 'AEF1029', 'A81'),
(20171, 121070312, 'AEM1050', 'A41'),
(20171, 121070312, 'ALA1024', 'A41'),
(20171, 121070312, 'ALF1003', 'A41'),
(20171, 121070312, 'ALH1006', 'A81'),
(20171, 121070312, 'ALM1001', 'A41'),
(20171, 121070312, 'ALM1027', 'A41'),
(20171, 121070312, 'PTM1301', 'A81'),
(20171, 121070319, 'AEF1029', 'A81'),
(20171, 121070319, 'ALA1013', 'A61'),
(20171, 121070319, 'ALG1004', 'A61'),
(20171, 121070319, 'ALH1006', 'A81'),
(20171, 121070319, 'ALM1025', 'A61'),
(20171, 121070319, 'PTM1301', 'A81'),
(20171, 121070319, 'PTM1302', 'A81'),
(20171, 121070332, 'ACA0909', 'B61'),
(20171, 121070332, 'AEM1050', 'B61'),
(20171, 121070332, 'BQF1002', 'B41'),
(20171, 121070332, 'BQF1005', 'B61'),
(20171, 121070332, 'BQJ1009', 'B61'),
(20171, 121070332, 'BQJ1017', 'B61'),
(20171, 121070332, 'BQW1024', 'B61'),
(20171, 121070334, 'ACA0910', 'S81'),
(20171, 121070334, 'SCA1002', 'S81'),
(20171, 121070334, 'SCC1019', 'S81'),
(20171, 121070334, 'TAC1304', 'S81'),
(20171, 121070334, 'TAH1303', 'S81'),
(20171, 121070340, 'ACA0910', 'S81'),
(20171, 121070340, 'AEB1055', 'S81'),
(20171, 121070340, 'SCA1002', 'S81'),
(20171, 121070340, 'SCB1001', 'S61'),
(20171, 121070340, 'SCD1011', 'S61'),
(20171, 121070340, 'TAC1304', 'S81'),
(20171, 121070340, 'TAH1303', 'S81'),
(20171, 121070355, 'ACA0909', 'B61'),
(20171, 121070355, 'AEM1050', 'B61'),
(20171, 121070355, 'BQF1005', 'B61'),
(20171, 121070355, 'BQJ1009', 'B61'),
(20171, 121070355, 'BQJ1017', 'B61'),
(20171, 121070355, 'BQJ1018', 'B71'),
(20171, 121070364, 'CDF1301', 'G81'),
(20171, 121070364, 'GEF0902', 'G81'),
(20171, 121070364, 'GEF0910', 'G11'),
(20171, 121070371, 'SCB1001', 'S61'),
(20171, 121070371, 'SCC1010', 'S61'),
(20171, 121070371, 'SCC1014', 'S61'),
(20171, 121070371, 'SCD1011', 'S61'),
(20171, 121070381, 'ACF0904', 'B31'),
(20171, 121070381, 'BFF1303', 'B81'),
(20171, 121070381, 'BQC1014', 'B81'),
(20171, 121070381, 'BQF1013', 'B81'),
(20171, 121070381, 'BQF1016', 'B81'),
(20171, 121070381, 'BQJ1018', 'B71'),
(20171, 121070381, 'BQW1024', 'B61'),
(20171, 121070394, 'CDF1301', 'G81'),
(20171, 121070394, 'CDF1302', 'G81'),
(20171, 121070394, 'CDF1303', 'G81'),
(20171, 121070394, 'GEC0911', 'G61'),
(20171, 121070399, 'SCB1001', 'S61'),
(20171, 121070399, 'SCC1010', 'S61'),
(20171, 121070399, 'SCC1014', 'S61'),
(20171, 121070399, 'SCD1011', 'S61'),
(20171, 121070399, 'SCD1015', 'S61'),
(20171, 121070399, 'SCD1021', 'S61'),
(20171, 121070408, 'ACA0910', 'S81'),
(20171, 121070408, 'SCA1002', 'S81'),
(20171, 121070408, 'SCB1001', 'S61'),
(20171, 121070408, 'SCC1014', 'S61'),
(20171, 121070408, 'TAB1301', 'S61'),
(20171, 121070408, 'TAC1304', 'S81'),
(20171, 121070414, 'ACA0910', 'S81'),
(20171, 121070414, 'AEB1055', 'S81'),
(20171, 121070414, 'SCA1002', 'S81'),
(20171, 121070414, 'SCB1001', 'S61'),
(20171, 121070414, 'SCC1019', 'S81'),
(20171, 121070414, 'TAC1304', 'S81'),
(20171, 121070414, 'TAH1303', 'S81'),
(20171, 121070419, 'ACA0910', 'S81'),
(20171, 121070419, 'AEB1055', 'S81'),
(20171, 121070419, 'SCA1002', 'S81'),
(20171, 121070419, 'SCB1001', 'S61'),
(20171, 121070419, 'SCC1019', 'S81'),
(20171, 121070419, 'TAC1304', 'S81'),
(20171, 121070419, 'TAC1305', 'S81'),
(20171, 121070419, 'TAH1303', 'S81'),
(20171, 130412018, 'ACA0910', 'A61'),
(20171, 130412018, 'AEF1029', 'A81'),
(20171, 130412018, 'ALH1006', 'A81'),
(20171, 130412018, 'ALM1025', 'A61'),
(20171, 130412018, 'PTM1301', 'A81'),
(20171, 13106162, 'SCB1001', 'S61'),
(20171, 13106162, 'SCC1010', 'S61'),
(20171, 13106162, 'SCD1011', 'S61'),
(20171, 13106162, 'SCD1015', 'S61'),
(20171, 13106162, 'SCD1021', 'S61'),
(20171, 13106162, 'TAB1301', 'S61'),
(20171, 131070001, 'ACF0904', 'B31'),
(20171, 131070001, 'ACF0905', 'B31'),
(20171, 131070001, 'BFF1303', 'B81'),
(20171, 131070001, 'BQC1014', 'B81'),
(20171, 131070001, 'BQF1013', 'B81'),
(20171, 131070001, 'BQF1016', 'B81'),
(20171, 131070001, 'BQJ1018', 'B71'),
(20171, 131070003, 'ACA0909', 'B61'),
(20171, 131070003, 'AEM1050', 'B61'),
(20171, 131070003, 'BQF1002', 'B41'),
(20171, 131070003, 'BQF1005', 'B61'),
(20171, 131070003, 'BQJ1009', 'B61'),
(20171, 131070003, 'BQJ1017', 'B61'),
(20171, 131070003, 'BQW1024', 'B61'),
(20171, 131070011, 'ACA0910', 'A61'),
(20171, 131070011, 'ALF1003', 'A41'),
(20171, 131070011, 'ALH1006', 'A81'),
(20171, 131070011, 'PTM1301', 'A81'),
(20171, 131070011, 'PTM1302', 'A81'),
(20171, 131070012, 'AEF1029', 'A81'),
(20171, 131070012, 'ALF1003', 'A41'),
(20171, 131070012, 'ALG1004', 'A61'),
(20171, 131070012, 'ALH1006', 'A81'),
(20171, 131070012, 'PTM1301', 'A81'),
(20171, 131070012, 'PTM1302', 'A81'),
(20171, 131070014, 'ACA0910', 'S81'),
(20171, 131070014, 'AEB1055', 'S81'),
(20171, 131070014, 'SCB1001', 'S61'),
(20171, 131070014, 'SCC1010', 'S61'),
(20171, 131070014, 'SCC1014', 'S61'),
(20171, 131070014, 'SCC1019', 'S81'),
(20171, 131070014, 'TAC1304', 'S81'),
(20171, 131070014, 'TAH1303', 'S81'),
(20171, 131070015, 'AEB1055', 'S81'),
(20171, 131070015, 'SCB1001', 'S61'),
(20171, 131070015, 'SCC1019', 'S81'),
(20171, 131070015, 'SCD1021', 'S61'),
(20171, 131070015, 'SCD1027', 'S41'),
(20171, 131070015, 'TAB1301', 'S61'),
(20171, 131070019, 'ACF0904', 'B31'),
(20171, 131070019, 'BFF1303', 'B81'),
(20171, 131070019, 'BQC1014', 'B81'),
(20171, 131070019, 'BQF1013', 'B81'),
(20171, 131070019, 'BQF1016', 'B81'),
(20171, 131070020, 'AEF1029', 'A81'),
(20171, 131070020, 'ALH1006', 'A81'),
(20171, 131070020, 'PTM1301', 'A81'),
(20171, 131070021, 'ACA0909', 'B61'),
(20171, 131070021, 'AEM1050', 'B61'),
(20171, 131070021, 'BFF1303', 'B81'),
(20171, 131070021, 'BQF1002', 'B41'),
(20171, 131070021, 'BQJ1009', 'B61'),
(20171, 131070021, 'BQJ1017', 'B61'),
(20171, 131070025, 'ACA0909', 'B61'),
(20171, 131070025, 'AEM1050', 'B61'),
(20171, 131070025, 'BQF1005', 'B61'),
(20171, 131070025, 'BQF1011', 'B51'),
(20171, 131070025, 'BQF1016', 'B81'),
(20171, 131070025, 'BQJ1009', 'B61'),
(20171, 131070025, 'BQJ1017', 'B61'),
(20171, 131070025, 'BQW1024', 'B61'),
(20171, 131070029, 'BFF1303', 'B81'),
(20171, 131070029, 'BQC1014', 'B81'),
(20171, 131070029, 'BQF1013', 'B81'),
(20171, 131070029, 'BQF1016', 'B81'),
(20171, 131070031, 'ACA0910', 'S81'),
(20171, 131070031, 'AEB1055', 'S81'),
(20171, 131070031, 'SCA1002', 'S81'),
(20171, 131070031, 'SCB1001', 'S61'),
(20171, 131070031, 'SCC1019', 'S81'),
(20171, 131070031, 'TAC1304', 'S81'),
(20171, 131070031, 'TAH1303', 'S81'),
(20171, 131070032, 'ACA0910', 'S81'),
(20171, 131070032, 'SCB1001', 'S61'),
(20171, 131070032, 'SCC1010', 'S61'),
(20171, 131070032, 'SCC1014', 'S61'),
(20171, 131070032, 'SCD1011', 'S61'),
(20171, 131070032, 'SCD1021', 'S61'),
(20171, 131070033, 'ACA0910', 'S81'),
(20171, 131070033, 'AEB1055', 'S81'),
(20171, 131070033, 'SCB1001', 'S61'),
(20171, 131070033, 'SCC1010', 'S61'),
(20171, 131070033, 'SCC1014', 'S61'),
(20171, 131070033, 'SCC1019', 'S81'),
(20171, 131070033, 'SCD1015', 'S61'),
(20171, 131070033, 'TAH1303', 'S81'),
(20171, 131070034, 'ACA0910', 'S81'),
(20171, 131070034, 'AEB1055', 'S81'),
(20171, 131070034, 'SCA1002', 'S81'),
(20171, 131070034, 'SCB1001', 'S61'),
(20171, 131070034, 'SCC1019', 'S81'),
(20171, 131070034, 'SCD1021', 'S61'),
(20171, 131070034, 'TAH1303', 'S81'),
(20171, 131070035, 'ACA0910', 'S81'),
(20171, 131070035, 'AEB1055', 'S81'),
(20171, 131070035, 'SCA1002', 'S81'),
(20171, 131070035, 'SCB1001', 'S61'),
(20171, 131070035, 'SCC1019', 'S81'),
(20171, 131070035, 'TAC1304', 'S81'),
(20171, 131070035, 'TAH1303', 'S81'),
(20171, 131070036, 'ACA0910', 'S81'),
(20171, 131070036, 'SCB1001', 'S61'),
(20171, 131070036, 'SCC1014', 'S61'),
(20171, 131070036, 'SCC1019', 'S81'),
(20171, 131070036, 'SCD1011', 'S61'),
(20171, 131070036, 'SCD1015', 'S61'),
(20171, 131070036, 'SCD1021', 'S61'),
(20171, 131070036, 'TAB1301', 'S61'),
(20171, 131070037, 'ACA0910', 'S81'),
(20171, 131070037, 'AEB1055', 'S81'),
(20171, 131070037, 'SCB1001', 'S61'),
(20171, 131070037, 'SCC1014', 'S61'),
(20171, 131070037, 'SCC1019', 'S81'),
(20171, 131070037, 'SCD1015', 'S61'),
(20171, 131070037, 'SCD1021', 'S61'),
(20171, 131070037, 'TAB1301', 'S61'),
(20171, 131070038, 'ACA0910', 'S81'),
(20171, 131070038, 'AEB1055', 'S81'),
(20171, 131070038, 'SCB1001', 'S61'),
(20171, 131070038, 'SCC1010', 'S61'),
(20171, 131070038, 'SCC1014', 'S61'),
(20171, 131070038, 'SCC1019', 'S81'),
(20171, 131070038, 'TAC1304', 'S81'),
(20171, 131070038, 'TAH1303', 'S81'),
(20171, 131070040, 'ACA0910', 'S81'),
(20171, 131070040, 'SCB1001', 'S61'),
(20171, 131070040, 'SCC1010', 'S61'),
(20171, 131070040, 'SCC1014', 'S61'),
(20171, 131070040, 'SCC1019', 'S81'),
(20171, 131070040, 'SCD1011', 'S61'),
(20171, 131070040, 'SCD1021', 'S61'),
(20171, 131070041, 'ACA0910', 'S81'),
(20171, 131070041, 'AEB1055', 'S81'),
(20171, 131070041, 'SCA1002', 'S81'),
(20171, 131070041, 'SCC1010', 'S61'),
(20171, 131070041, 'SCC1019', 'S81'),
(20171, 131070041, 'TAC1304', 'S81'),
(20171, 131070041, 'TAH1303', 'S81'),
(20171, 131070043, 'CDF1301', 'G81'),
(20171, 131070043, 'CDF1302', 'G81'),
(20171, 131070043, 'CDF1303', 'G81'),
(20171, 131070043, 'GEF0902', 'G81'),
(20171, 131070044, 'CDF1301', 'G81'),
(20171, 131070044, 'CDF1302', 'G81'),
(20171, 131070044, 'CDF1303', 'G81'),
(20171, 131070044, 'GEF0902', 'G81'),
(20171, 131070045, 'AEF1076', 'G41'),
(20171, 131070045, 'CDF1301', 'G81'),
(20171, 131070045, 'CDF1302', 'G81'),
(20171, 131070045, 'CDF1303', 'G81'),
(20171, 131070045, 'GED0921', 'G31'),
(20171, 131070045, 'GEF0902', 'G81'),
(20171, 131070052, 'ACF0902', 'G22'),
(20171, 131070052, 'CDF1301', 'G81'),
(20171, 131070052, 'CDF1302', 'G81'),
(20171, 131070052, 'CDF1303', 'G81'),
(20171, 131070052, 'GEF0902', 'G81'),
(20171, 131070053, 'CDF1301', 'G81'),
(20171, 131070053, 'CDF1302', 'G81'),
(20171, 131070053, 'CDF1303', 'G81'),
(20171, 131070053, 'GEF0902', 'G81'),
(20171, 131070055, 'CDF1301', 'G81'),
(20171, 131070055, 'CDF1302', 'G81'),
(20171, 131070055, 'CDF1303', 'G81'),
(20171, 131070055, 'GEF0902', 'G81'),
(20171, 131070056, 'ACA0910', 'S81'),
(20171, 131070056, 'SCB1001', 'S61'),
(20171, 131070056, 'SCC1010', 'S61'),
(20171, 131070056, 'SCC1019', 'S81'),
(20171, 131070056, 'SCD1015', 'S61'),
(20171, 131070056, 'SCD1021', 'S61'),
(20171, 131070056, 'TAB1301', 'S61'),
(20171, 131070057, 'CDF1301', 'G81'),
(20171, 131070057, 'CDF1302', 'G81'),
(20171, 131070057, 'CDF1303', 'G81'),
(20171, 131070057, 'GEC0911', 'G61'),
(20171, 131070057, 'GED0917', 'G41'),
(20171, 131070057, 'GED0920', 'G71'),
(20171, 131070057, 'GED0921', 'G31'),
(20171, 131070057, 'GEF0902', 'G81'),
(20171, 131070060, 'AEF1071', 'G31'),
(20171, 131070060, 'CDF1301', 'G81'),
(20171, 131070060, 'CDF1302', 'G81'),
(20171, 131070060, 'CDF1303', 'G81'),
(20171, 131070060, 'GEF0902', 'G81'),
(20171, 131070060, 'GEG0907', 'G41'),
(20171, 131070062, 'CDF1301', 'G81'),
(20171, 131070062, 'CDF1302', 'G81'),
(20171, 131070062, 'CDF1303', 'G81'),
(20171, 131070062, 'GED0921', 'G31'),
(20171, 131070062, 'GEF0902', 'G81'),
(20171, 131070062, 'GEG0907', 'G41'),
(20171, 131070065, 'ACA0910', 'S81'),
(20171, 131070065, 'SCB1001', 'S61'),
(20171, 131070065, 'SCC1010', 'S61'),
(20171, 131070065, 'SCC1013', 'S31'),
(20171, 131070065, 'SCC1014', 'S61'),
(20171, 131070065, 'SCD1011', 'S61'),
(20171, 131070065, 'SCD1021', 'S61'),
(20171, 131070066, 'CDF1301', 'G81'),
(20171, 131070066, 'CDF1302', 'G81'),
(20171, 131070066, 'CDF1303', 'G81'),
(20171, 131070066, 'GED0921', 'G31'),
(20171, 131070066, 'GEF0902', 'G81'),
(20171, 131070066, 'GEF0916', 'G41'),
(20171, 131070066, 'GEG0907', 'G41'),
(20171, 131070067, 'CDF1301', 'G81'),
(20171, 131070067, 'CDF1302', 'G81'),
(20171, 131070067, 'CDF1303', 'G81'),
(20171, 131070067, 'GEF0902', 'G81'),
(20171, 131070069, 'ACA0910', 'S81'),
(20171, 131070069, 'AEB1055', 'S81'),
(20171, 131070069, 'AEF1041', 'S11'),
(20171, 131070069, 'SCB1001', 'S61'),
(20171, 131070069, 'SCC1014', 'S61'),
(20171, 131070069, 'SCC1019', 'S81'),
(20171, 131070069, 'SCD1015', 'S61'),
(20171, 131070069, 'TAB1301', 'S61'),
(20171, 131070071, 'CDF1301', 'G81'),
(20171, 131070071, 'CDF1302', 'G81'),
(20171, 131070071, 'CDF1303', 'G81'),
(20171, 131070071, 'GEC0911', 'G61'),
(20171, 131070071, 'GED0917', 'G41'),
(20171, 131070071, 'GED0920', 'G71'),
(20171, 131070071, 'GED0921', 'G31'),
(20171, 131070071, 'GEF0902', 'G81'),
(20171, 131070072, 'CDF1301', 'G81'),
(20171, 131070072, 'CDF1302', 'G81'),
(20171, 131070072, 'CDF1303', 'G81'),
(20171, 131070072, 'GED0903', 'G21'),
(20171, 131070072, 'GEF0901', 'G61'),
(20171, 131070072, 'GEF0902', 'G81'),
(20171, 131070077, 'ACA0910', 'S81'),
(20171, 131070077, 'SCB1001', 'S61'),
(20171, 131070077, 'SCC1010', 'S61'),
(20171, 131070077, 'SCC1014', 'S61'),
(20171, 131070077, 'SCC1019', 'S81'),
(20171, 131070077, 'SCD1011', 'S61'),
(20171, 131070077, 'SCD1021', 'S61'),
(20171, 131070082, 'ACA0909', 'B61'),
(20171, 131070082, 'AEM1050', 'B61'),
(20171, 131070082, 'BFF1303', 'B81'),
(20171, 131070082, 'BQC1014', 'B81'),
(20171, 131070082, 'BQF1005', 'B61'),
(20171, 131070082, 'BQF1013', 'B81'),
(20171, 131070082, 'BQJ1009', 'B61'),
(20171, 131070082, 'BQJ1017', 'B61'),
(20171, 131070083, 'ACA0910', 'S81'),
(20171, 131070083, 'AEB1055', 'S81'),
(20171, 131070083, 'SCA1002', 'S81'),
(20171, 131070083, 'SCC1019', 'S81'),
(20171, 131070083, 'TAC1304', 'S81'),
(20171, 131070083, 'TAH1303', 'S81'),
(20171, 131070085, 'BFF1303', 'B81'),
(20171, 131070085, 'BQC1014', 'B81'),
(20171, 131070085, 'BQF1013', 'B81'),
(20171, 131070085, 'BQF1016', 'B81'),
(20171, 131070088, 'BFF1303', 'B81'),
(20171, 131070088, 'BQC1014', 'B81'),
(20171, 131070088, 'BQF1007', 'B31'),
(20171, 131070088, 'BQF1013', 'B81'),
(20171, 131070088, 'BQF1016', 'B81'),
(20171, 131070088, 'BQF1020', 'B41'),
(20171, 131070088, 'BQJ1009', 'B61'),
(20171, 131070089, 'ACA0910', 'S81'),
(20171, 131070089, 'AEB1055', 'S81'),
(20171, 131070089, 'SCA1002', 'S81'),
(20171, 131070089, 'SCC1019', 'S81'),
(20171, 131070089, 'TAC1304', 'S81'),
(20171, 131070089, 'TAH1303', 'S81'),
(20171, 131070090, 'SCB1001', 'S61'),
(20171, 131070090, 'SCC1010', 'S61'),
(20171, 131070090, 'SCC1014', 'S61'),
(20171, 131070090, 'SCD1011', 'S61'),
(20171, 131070090, 'SCD1015', 'S61'),
(20171, 131070090, 'SCD1021', 'S61'),
(20171, 131070091, 'ACA0909', 'B61'),
(20171, 131070091, 'AEM1050', 'B61'),
(20171, 131070091, 'BQF1005', 'B61'),
(20171, 131070091, 'BQJ1017', 'B61'),
(20171, 131070093, 'CDF1301', 'G81'),
(20171, 131070093, 'CDF1302', 'G81'),
(20171, 131070093, 'CDF1303', 'G81'),
(20171, 131070093, 'GEC0911', 'G61'),
(20171, 131070093, 'GEF0902', 'G81'),
(20171, 131070095, 'CDF1301', 'G81'),
(20171, 131070095, 'CDF1302', 'G81'),
(20171, 131070095, 'CDF1303', 'G81'),
(20171, 131070095, 'GEF0902', 'G81'),
(20171, 131070097, 'CDF1301', 'G81'),
(20171, 131070097, 'CDF1302', 'G81'),
(20171, 131070097, 'CDF1303', 'G81'),
(20171, 131070097, 'GEF0902', 'G81'),
(20171, 131070098, 'ACA0910', 'S81'),
(20171, 131070098, 'AEB1055', 'S81'),
(20171, 131070098, 'SCA1002', 'S81'),
(20171, 131070098, 'SCC1019', 'S81'),
(20171, 131070098, 'TAC1304', 'S81'),
(20171, 131070098, 'TAH1303', 'S81'),
(20171, 131070099, 'ACA0910', 'S81'),
(20171, 131070099, 'AEB1055', 'S81'),
(20171, 131070099, 'SCA1002', 'S81'),
(20171, 131070099, 'SCC1019', 'S81'),
(20171, 131070099, 'TAC1304', 'S81'),
(20171, 131070099, 'TAH1303', 'S81'),
(20171, 131070100, 'BFF1303', 'B81'),
(20171, 131070100, 'BQC1014', 'B81'),
(20171, 131070100, 'BQF1013', 'B81'),
(20171, 131070100, 'BQF1016', 'B81'),
(20171, 131070100, 'BQJ1018', 'B71'),
(20171, 131070102, 'BFF1303', 'B81'),
(20171, 131070102, 'BQC1014', 'B81'),
(20171, 131070102, 'BQF1013', 'B81'),
(20171, 131070102, 'BQF1016', 'B81'),
(20171, 131070102, 'BQJ1018', 'B71'),
(20171, 131070104, 'ACA0910', 'A61'),
(20171, 131070104, 'ALH1006', 'A81'),
(20171, 131070104, 'PTM1301', 'A81'),
(20171, 131070104, 'PTM1302', 'A81'),
(20171, 131070106, 'BFF1303', 'B81'),
(20171, 131070106, 'BQC1014', 'B81'),
(20171, 131070106, 'BQF1013', 'B81'),
(20171, 131070106, 'BQF1016', 'B81'),
(20171, 131070106, 'BQJ1018', 'B71'),
(20171, 131070114, 'AEF1029', 'A81'),
(20171, 131070114, 'ALC1011', 'A61'),
(20171, 131070114, 'ALF1003', 'A41'),
(20171, 131070114, 'ALG1004', 'A61'),
(20171, 131070114, 'ALH1006', 'A81'),
(20171, 131070114, 'PTM1301', 'A81'),
(20171, 131070114, 'PTM1302', 'A81'),
(20171, 131070120, 'ACA0909', 'B61'),
(20171, 131070120, 'BQF1002', 'B41'),
(20171, 131070120, 'BQF1010', 'B31'),
(20171, 131070120, 'BQF1016', 'B81'),
(20171, 131070120, 'BQQ1003', 'B41'),
(20171, 131070123, 'CDF1301', 'G81'),
(20171, 131070123, 'CDF1302', 'G81'),
(20171, 131070123, 'CDF1303', 'G81'),
(20171, 131070123, 'GEF0902', 'G81'),
(20171, 131070124, 'CDF1301', 'G81'),
(20171, 131070124, 'CDF1302', 'G81'),
(20171, 131070124, 'CDF1303', 'G81'),
(20171, 131070124, 'GEF0902', 'G81'),
(20171, 131070124, 'GEF0916', 'G41'),
(20171, 131070124, 'GEG0907', 'G41'),
(20171, 131070125, 'SCB1001', 'S61'),
(20171, 131070125, 'SCC1010', 'S61'),
(20171, 131070125, 'SCC1014', 'S61'),
(20171, 131070125, 'SCD1011', 'S61'),
(20171, 131070125, 'SCD1015', 'S61'),
(20171, 131070125, 'SCD1021', 'S61'),
(20171, 131070125, 'TAB1301', 'S61'),
(20171, 131070129, 'BFF1303', 'B81'),
(20171, 131070129, 'BQC1014', 'B81'),
(20171, 131070129, 'BQF1002', 'B41'),
(20171, 131070129, 'BQF1013', 'B81'),
(20171, 131070129, 'BQF1016', 'B81'),
(20171, 131070129, 'BQG1021', 'B21'),
(20171, 131070129, 'BQJ1018', 'B71'),
(20171, 131070131, 'ACF0904', 'S31'),
(20171, 131070131, 'AEB1055', 'S81'),
(20171, 131070131, 'SCA1026', 'S41'),
(20171, 131070131, 'SCC1013', 'S31'),
(20171, 131070131, 'SCD1018', 'S41'),
(20171, 131070131, 'SCD1027', 'S41'),
(20171, 131070131, 'TAH1303', 'S81'),
(20171, 131070133, 'SCB1001', 'S61'),
(20171, 131070133, 'SCC1010', 'S61'),
(20171, 131070133, 'SCC1014', 'S61'),
(20171, 131070133, 'SCC1019', 'S81'),
(20171, 131070133, 'SCD1011', 'S61'),
(20171, 131070133, 'SCD1015', 'S61'),
(20171, 131070133, 'SCD1021', 'S61'),
(20171, 131070133, 'TAB1301', 'S61'),
(20171, 131070142, 'ALG1004', 'A61'),
(20171, 131070142, 'ALH1006', 'A81'),
(20171, 131070142, 'PTM1301', 'A81'),
(20171, 131070142, 'PTM1302', 'A81'),
(20171, 131070143, 'ACA0910', 'A61'),
(20171, 131070143, 'ALA1013', 'A61'),
(20171, 131070143, 'ALC1011', 'A61'),
(20171, 131070143, 'ALG1004', 'A61'),
(20171, 131070143, 'ALM1025', 'A61'),
(20171, 131070143, 'ALM1027', 'A41'),
(20171, 131070144, 'ACA0910', 'A61'),
(20171, 131070144, 'ALC1011', 'A61'),
(20171, 131070144, 'ALF1003', 'A41'),
(20171, 131070144, 'ALG1004', 'A61'),
(20171, 131070144, 'ALM1025', 'A61'),
(20171, 131070144, 'ALM1027', 'A41'),
(20171, 131070147, 'ACA0909', 'B61'),
(20171, 131070147, 'AEM1050', 'B61'),
(20171, 131070147, 'BQF1005', 'B61'),
(20171, 131070147, 'BQJ1009', 'B61'),
(20171, 131070147, 'BQJ1017', 'B61'),
(20171, 131070147, 'BQW1024', 'B61'),
(20171, 131070148, 'CDF1301', 'G81'),
(20171, 131070148, 'CDF1302', 'G81'),
(20171, 131070148, 'CDF1303', 'G81'),
(20171, 131070148, 'GEF0902', 'G81'),
(20171, 131070150, 'ACA0910', 'G61'),
(20171, 131070150, 'AED1015', 'G61'),
(20171, 131070150, 'AED1072', 'G61'),
(20171, 131070150, 'GEC0911', 'G61'),
(20171, 131070150, 'GED0922', 'G61'),
(20171, 131070150, 'GEF0901', 'G61'),
(20171, 131070150, 'GEF0916', 'G41'),
(20171, 131070151, 'ACA0910', 'A61'),
(20171, 131070151, 'AEF1029', 'A81'),
(20171, 131070151, 'ALA1013', 'A61'),
(20171, 131070151, 'ALC1011', 'A61'),
(20171, 131070151, 'ALG1004', 'A61'),
(20171, 131070151, 'ALH1006', 'A81'),
(20171, 131070151, 'ALM1025', 'A61'),
(20171, 131070151, 'PTM1301', 'A81'),
(20171, 131070155, 'AED1015', 'G61'),
(20171, 131070155, 'CDF1301', 'G81'),
(20171, 131070155, 'CDF1302', 'G81'),
(20171, 131070155, 'CDF1303', 'G81'),
(20171, 131070155, 'GEC0911', 'G61'),
(20171, 131070155, 'GED0920', 'G71'),
(20171, 131070155, 'GEF0901', 'G61'),
(20171, 131070157, 'SCB1001', 'S61'),
(20171, 131070157, 'SCC1010', 'S61'),
(20171, 131070157, 'SCC1014', 'S61'),
(20171, 131070157, 'SCD1015', 'S61'),
(20171, 131070157, 'SCD1021', 'S61'),
(20171, 131070157, 'TAB1301', 'S61'),
(20171, 131070160, 'SCB1001', 'S61'),
(20171, 131070160, 'SCC1010', 'S61'),
(20171, 131070160, 'SCC1014', 'S61'),
(20171, 131070160, 'SCD1011', 'S61'),
(20171, 131070160, 'SCD1021', 'S61'),
(20171, 131070161, 'AEB1055', 'S81'),
(20171, 131070161, 'SCC1010', 'S61'),
(20171, 131070161, 'SCC1019', 'S81'),
(20171, 131070161, 'SCD1015', 'S61'),
(20171, 131070161, 'SCD1021', 'S61'),
(20171, 131070161, 'TAB1301', 'S61'),
(20171, 131070162, 'ALA1024', 'A41'),
(20171, 131070162, 'ALF1003', 'A41'),
(20171, 131070162, 'ALF1010', 'A21'),
(20171, 131070162, 'ALF1023', 'A21'),
(20171, 131070162, 'ALH1006', 'A81'),
(20171, 131070162, 'ALM1001', 'A41'),
(20171, 131070162, 'ALM1027', 'A41'),
(20171, 131070162, 'PTM1301', 'A81'),
(20171, 131070164, 'AEM1050', 'A41'),
(20171, 131070164, 'ALF1003', 'A41'),
(20171, 131070164, 'ALH1006', 'A81'),
(20171, 131070164, 'ALM1025', 'A61'),
(20171, 131070164, 'PTM1301', 'A81'),
(20171, 131070164, 'PTM1302', 'A81'),
(20171, 131070167, 'BFF1303', 'B81'),
(20171, 131070167, 'BQC1014', 'B81'),
(20171, 131070167, 'BQF1013', 'B81'),
(20171, 131070167, 'BQF1016', 'B81'),
(20171, 131070167, 'BQJ1018', 'B71'),
(20171, 131070168, 'ACA0910', 'S81'),
(20171, 131070168, 'SCB1001', 'S61'),
(20171, 131070168, 'SCC1010', 'S61'),
(20171, 131070168, 'SCC1014', 'S61'),
(20171, 131070168, 'SCD1011', 'S61'),
(20171, 131070168, 'SCD1021', 'S61'),
(20171, 131070172, 'CDF1301', 'G81'),
(20171, 131070172, 'CDF1302', 'G81'),
(20171, 131070172, 'CDF1303', 'G81'),
(20171, 131070172, 'GEF0902', 'G81'),
(20171, 131070172, 'GEG0907', 'G41'),
(20171, 131070173, 'ALC1011', 'A61'),
(20171, 131070173, 'ALF1003', 'A41'),
(20171, 131070173, 'ALH1006', 'A81'),
(20171, 131070173, 'ALM1025', 'A61'),
(20171, 131070173, 'PTM1301', 'A81'),
(20171, 131070183, 'ACA0910', 'S81'),
(20171, 131070183, 'AEB1055', 'S81'),
(20171, 131070183, 'SCA1002', 'S81'),
(20171, 131070183, 'SCC1017', 'S41'),
(20171, 131070183, 'SCC1019', 'S81'),
(20171, 131070183, 'SCD1011', 'S61'),
(20171, 131070183, 'TAC1304', 'S81'),
(20171, 131070183, 'TAH1303', 'S81'),
(20171, 131070185, 'ACA0910', 'S81'),
(20171, 131070185, 'AEB1055', 'S81'),
(20171, 131070185, 'SCA1002', 'S81'),
(20171, 131070185, 'SCC1019', 'S81'),
(20171, 131070185, 'TAC1304', 'S81'),
(20171, 131070185, 'TAH1303', 'S81'),
(20171, 131070187, 'CDF1301', 'G81'),
(20171, 131070187, 'CDF1302', 'G81'),
(20171, 131070187, 'CDF1303', 'G81'),
(20171, 131070187, 'GEF0902', 'G81'),
(20171, 131070190, 'BFF1303', 'B81'),
(20171, 131070190, 'BQC1014', 'B81'),
(20171, 131070190, 'BQF1013', 'B81'),
(20171, 131070190, 'BQF1016', 'B81'),
(20171, 131070193, 'BFF1303', 'B81'),
(20171, 131070193, 'BQC1014', 'B81'),
(20171, 131070193, 'BQF1013', 'B81'),
(20171, 131070193, 'BQF1016', 'B81'),
(20171, 131070193, 'BQJ1009', 'B61'),
(20171, 131070193, 'BQJ1018', 'B71'),
(20171, 131070194, 'ACA0910', 'S81'),
(20171, 131070194, 'AEB1055', 'S81'),
(20171, 131070194, 'SCA1002', 'S81'),
(20171, 131070194, 'SCC1019', 'S81'),
(20171, 131070194, 'TAC1304', 'S81'),
(20171, 131070194, 'TAH1303', 'S81'),
(20171, 131070195, 'BFF1303', 'B81'),
(20171, 131070195, 'BQC1014', 'B81'),
(20171, 131070195, 'BQF1013', 'B81'),
(20171, 131070195, 'BQF1016', 'B81'),
(20171, 131070196, 'ACA0910', 'S81'),
(20171, 131070196, 'AEB1055', 'S81'),
(20171, 131070196, 'SCA1002', 'S81'),
(20171, 131070196, 'SCC1019', 'S81'),
(20171, 131070196, 'TAC1304', 'S81'),
(20171, 131070196, 'TAH1303', 'S81'),
(20171, 131070197, 'ACA0910', 'S81'),
(20171, 131070197, 'AEB1055', 'S81'),
(20171, 131070197, 'SCA1002', 'S81'),
(20171, 131070197, 'SCC1019', 'S81'),
(20171, 131070197, 'SCD1011', 'S61'),
(20171, 131070197, 'TAC1304', 'S81'),
(20171, 131070197, 'TAH1303', 'S81'),
(20171, 131070199, 'ACA0910', 'S81'),
(20171, 131070199, 'AEB1055', 'S81'),
(20171, 131070199, 'SCC1010', 'S61'),
(20171, 131070199, 'SCD1015', 'S61'),
(20171, 131070199, 'SCD1018', 'S41'),
(20171, 131070199, 'SCD1021', 'S61'),
(20171, 131070199, 'TAB1301', 'S61'),
(20171, 131070200, 'AEF1029', 'A81'),
(20171, 131070200, 'ALH1006', 'A81'),
(20171, 131070200, 'PTM1301', 'A81'),
(20171, 131070200, 'PTM1302', 'A81'),
(20171, 131070201, 'CDF1301', 'G81'),
(20171, 131070201, 'CDF1302', 'G81'),
(20171, 131070201, 'CDF1303', 'G81'),
(20171, 131070201, 'GEC0911', 'G61'),
(20171, 131070201, 'GEF0902', 'G81'),
(20171, 131070202, 'ACA0910', 'S81'),
(20171, 131070202, 'AEB1055', 'S81'),
(20171, 131070202, 'SCA1002', 'S81'),
(20171, 131070202, 'SCC1019', 'S81'),
(20171, 131070202, 'TAC1304', 'S81'),
(20171, 131070202, 'TAH1303', 'S81'),
(20171, 131070204, 'SCA1026', 'S41'),
(20171, 131070204, 'SCB1001', 'S61'),
(20171, 131070204, 'SCD1015', 'S61'),
(20171, 131070204, 'SCF1006', 'S31'),
(20171, 131070204, 'TAB1301', 'S61'),
(20171, 131070206, 'ACA0910', 'A61'),
(20171, 131070206, 'AEF1029', 'A81'),
(20171, 131070206, 'ALF1003', 'A41'),
(20171, 131070206, 'ALH1006', 'A81'),
(20171, 131070206, 'ALM1025', 'A61'),
(20171, 131070206, 'PTM1301', 'A81'),
(20171, 131070206, 'PTM1302', 'A81'),
(20171, 131070209, 'AEF1029', 'A81'),
(20171, 131070209, 'ALH1006', 'A81'),
(20171, 131070209, 'PTM1301', 'A81'),
(20171, 131070210, 'BFF1303', 'B81'),
(20171, 131070210, 'BQC1014', 'B81'),
(20171, 131070210, 'BQF1013', 'B81'),
(20171, 131070210, 'BQF1016', 'B81'),
(20171, 131070210, 'BQQ1003', 'B41'),
(20171, 131070213, 'AEF1076', 'G41'),
(20171, 131070213, 'GEC0914', 'G41'),
(20171, 131070213, 'GED0917', 'G41'),
(20171, 131070213, 'GEF0906', 'G41'),
(20171, 131070213, 'GEF0916', 'G41'),
(20171, 131070213, 'GEG0907', 'G41'),
(20171, 131070218, 'ACA0909', 'B61'),
(20171, 131070218, 'AEM1050', 'B61'),
(20171, 131070218, 'BQF1005', 'B61'),
(20171, 131070218, 'BQF1011', 'B51'),
(20171, 131070218, 'BQJ1009', 'B61'),
(20171, 131070218, 'BQJ1017', 'B61'),
(20171, 131070220, 'CDF1301', 'G81'),
(20171, 131070220, 'CDF1302', 'G81'),
(20171, 131070220, 'CDF1303', 'G81'),
(20171, 131070220, 'GEC0911', 'G61'),
(20171, 131070220, 'GEF0902', 'G81'),
(20171, 131070223, 'ACA0910', 'S81'),
(20171, 131070223, 'ACF0904', 'S31'),
(20171, 131070223, 'AEB1055', 'S81'),
(20171, 131070223, 'SCA1026', 'S41'),
(20171, 131070223, 'SCC1014', 'S61'),
(20171, 131070223, 'SCC1019', 'S81'),
(20171, 131070223, 'SCD1027', 'S41'),
(20171, 131070223, 'TAH1303', 'S81'),
(20171, 131070224, 'ACA0910', 'S81'),
(20171, 131070224, 'AEB1055', 'S81'),
(20171, 131070224, 'SCA1002', 'S81'),
(20171, 131070224, 'SCC1019', 'S81'),
(20171, 131070224, 'TAC1304', 'S81'),
(20171, 131070224, 'TAH1303', 'S81'),
(20171, 131070225, 'CDF1301', 'G81'),
(20171, 131070225, 'CDF1302', 'G81'),
(20171, 131070225, 'CDF1303', 'G81'),
(20171, 131070225, 'GEF0902', 'G81'),
(20171, 131070225, 'RESGES ', 'G01'),
(20171, 131070226, 'AEF1029', 'A81'),
(20171, 131070226, 'ALH1006', 'A81'),
(20171, 131070226, 'PTM1301', 'A81'),
(20171, 131070226, 'PTM1302', 'A81'),
(20171, 131070228, 'CDF1301', 'G81'),
(20171, 131070228, 'CDF1302', 'G81'),
(20171, 131070228, 'CDF1303', 'G81'),
(20171, 131070228, 'GEF0902', 'G81'),
(20171, 131070230, 'ACF0903', 'B22'),
(20171, 131070230, 'ACF0904', 'B31'),
(20171, 131070230, 'ACF0905', 'B31'),
(20171, 131070230, 'AEF1065', 'B31'),
(20171, 131070230, 'BQF1007', 'B31'),
(20171, 131070230, 'BQF1010', 'B31'),
(20171, 131070231, 'AEM1050', 'A41'),
(20171, 131070231, 'ALF1003', 'A41'),
(20171, 131070231, 'ALH1006', 'A81'),
(20171, 131070231, 'PTM1301', 'A81'),
(20171, 131070231, 'PTM1302', 'A81'),
(20171, 131070233, 'ACA0907', 'G21'),
(20171, 131070233, 'AEF1076', 'G41'),
(20171, 131070233, 'CDF1301', 'G81'),
(20171, 131070233, 'CDF1302', 'G81'),
(20171, 131070233, 'CDF1303', 'G81'),
(20171, 131070233, 'GED0921', 'G31'),
(20171, 131070233, 'GEF0902', 'G81'),
(20171, 131070234, 'ACA0909', 'B61'),
(20171, 131070234, 'AEM1050', 'B61'),
(20171, 131070234, 'BQF1005', 'B61'),
(20171, 131070234, 'BQF1016', 'B81'),
(20171, 131070234, 'BQJ1009', 'B61'),
(20171, 131070234, 'BQJ1017', 'B61'),
(20171, 131070234, 'BQW1024', 'B61'),
(20171, 131070235, 'ACA0910', 'A61'),
(20171, 131070235, 'ALA1013', 'A61'),
(20171, 131070235, 'ALC1011', 'A61'),
(20171, 131070235, 'ALG1004', 'A61'),
(20171, 131070235, 'ALH1006', 'A81'),
(20171, 131070235, 'ALM1018', 'A61'),
(20171, 131070235, 'ALM1025', 'A61'),
(20171, 131070236, 'ACA0909', 'B61'),
(20171, 131070236, 'AEM1050', 'B61'),
(20171, 131070236, 'BQF1005', 'B61'),
(20171, 131070236, 'BQF1016', 'B81'),
(20171, 131070236, 'BQJ1009', 'B61'),
(20171, 131070236, 'BQJ1017', 'B61'),
(20171, 131070236, 'BQJ1018', 'B71'),
(20171, 131070238, 'ACA0910', 'A61'),
(20171, 131070238, 'ALA1013', 'A61'),
(20171, 131070238, 'ALG1004', 'A61'),
(20171, 131070238, 'ALM1018', 'A61'),
(20171, 131070238, 'ALM1025', 'A61'),
(20171, 131070240, 'AEF1076', 'G41'),
(20171, 131070240, 'CDF1301', 'G81'),
(20171, 131070240, 'CDF1302', 'G81'),
(20171, 131070240, 'CDF1303', 'G81'),
(20171, 131070240, 'GEF0902', 'G81'),
(20171, 131070241, 'AEF1076', 'G41'),
(20171, 131070241, 'CDF1301', 'G81'),
(20171, 131070241, 'CDF1302', 'G81'),
(20171, 131070241, 'CDF1303', 'G81'),
(20171, 131070241, 'GED0921', 'G31'),
(20171, 131070241, 'GEF0902', 'G81'),
(20171, 131070241, 'GEG0907', 'G41'),
(20171, 131070243, 'AED1015', 'G61'),
(20171, 131070243, 'CDF1301', 'G81'),
(20171, 131070243, 'CDF1302', 'G81'),
(20171, 131070243, 'CDF1303', 'G81'),
(20171, 131070243, 'GEF0902', 'G81'),
(20171, 131070244, 'ACA0910', 'S81'),
(20171, 131070244, 'AEB1055', 'S81'),
(20171, 131070244, 'SCA1002', 'S81'),
(20171, 131070244, 'SCC1019', 'S81'),
(20171, 131070244, 'TAC1304', 'S81'),
(20171, 131070244, 'TAH1303', 'S81'),
(20171, 131070247, 'CDF1301', 'G81'),
(20171, 131070247, 'CDF1302', 'G81'),
(20171, 131070247, 'CDF1303', 'G81'),
(20171, 131070247, 'GEC0911', 'G61'),
(20171, 131070247, 'GED0920', 'G71'),
(20171, 131070247, 'GED0921', 'G31'),
(20171, 131070247, 'GEF0902', 'G81'),
(20171, 131070249, 'AEF1029', 'A81'),
(20171, 131070249, 'ALF1003', 'A41'),
(20171, 131070249, 'ALH1006', 'A81'),
(20171, 131070249, 'ALM1025', 'A61'),
(20171, 131070249, 'ALM1027', 'A41'),
(20171, 131070249, 'PTM1301', 'A81'),
(20171, 131070249, 'PTM1302', 'A81'),
(20171, 131070250, 'ACA0909', 'B61'),
(20171, 131070250, 'AEF1057', 'B11'),
(20171, 131070250, 'AEM1050', 'B61'),
(20171, 131070250, 'BFF1303', 'B81'),
(20171, 131070250, 'BQF1005', 'B61'),
(20171, 131070250, 'BQJ1009', 'B61'),
(20171, 131070250, 'BQJ1017', 'B61'),
(20171, 131070250, 'BQJ1018', 'B71'),
(20171, 131070251, 'ACA0910', 'S81'),
(20171, 131070251, 'AEB1055', 'S81'),
(20171, 131070251, 'SCA1002', 'S81'),
(20171, 131070251, 'SCC1019', 'S81'),
(20171, 131070251, 'TAC1304', 'S81'),
(20171, 131070251, 'TAH1303', 'S81'),
(20171, 131070252, 'AEB1055', 'S81'),
(20171, 131070252, 'SCC1013', 'S31'),
(20171, 131070252, 'SCC1019', 'S81'),
(20171, 131070252, 'SCD1021', 'S61'),
(20171, 131070252, 'TAB1301', 'S61'),
(20171, 131070252, 'TAH1303', 'S81'),
(20171, 131070253, 'ACA0910', 'S81'),
(20171, 131070253, 'AEB1055', 'S81'),
(20171, 131070253, 'SCA1002', 'S81'),
(20171, 131070253, 'SCC1019', 'S81'),
(20171, 131070253, 'TAC1304', 'S81'),
(20171, 131070253, 'TAH1303', 'S81'),
(20171, 131070256, 'AEC1014', 'G22'),
(20171, 131070256, 'AEF1076', 'G41'),
(20171, 131070256, 'GEF0916', 'G41'),
(20171, 131070256, 'GEG0907', 'G41'),
(20171, 131070257, 'ACA0909', 'B61'),
(20171, 131070257, 'AEM1050', 'B61'),
(20171, 131070257, 'BQF1005', 'B61'),
(20171, 131070257, 'BQF1011', 'B51'),
(20171, 131070257, 'BQJ1009', 'B61'),
(20171, 131070257, 'BQJ1017', 'B61'),
(20171, 131070257, 'BQW1024', 'B61'),
(20171, 131070258, 'ALA1013', 'A61'),
(20171, 131070258, 'ALC1011', 'A61'),
(20171, 131070258, 'ALG1004', 'A61'),
(20171, 131070258, 'ALH1006', 'A81'),
(20171, 131070258, 'ALM1025', 'A61'),
(20171, 131070258, 'PTM1301', 'A81'),
(20171, 131070258, 'PTM1302', 'A81'),
(20171, 131070260, 'CDF1301', 'G81'),
(20171, 131070260, 'CDF1302', 'G81'),
(20171, 131070260, 'CDF1303', 'G81'),
(20171, 131070260, 'GEF0902', 'G81'),
(20171, 131070264, 'BFF1303', 'B81'),
(20171, 131070264, 'BQC1014', 'B81'),
(20171, 131070264, 'BQF1005', 'B61'),
(20171, 131070264, 'BQF1013', 'B81'),
(20171, 131070264, 'BQF1016', 'B81'),
(20171, 131070264, 'BQJ1009', 'B61'),
(20171, 131070264, 'BQJ1017', 'B61'),
(20171, 131070264, 'BQJ1018', 'B71'),
(20171, 131070265, 'AEM1050', 'B61'),
(20171, 131070265, 'BFF1303', 'B81'),
(20171, 131070265, 'BQC1014', 'B81'),
(20171, 131070265, 'BQF1013', 'B81'),
(20171, 131070265, 'BQF1016', 'B81'),
(20171, 131070265, 'BQJ1009', 'B61'),
(20171, 131070265, 'BQJ1018', 'B71'),
(20171, 131070266, 'ACA0909', 'B61'),
(20171, 131070266, 'AEM1050', 'B61'),
(20171, 131070266, 'BFF1303', 'B81'),
(20171, 131070266, 'BQF1005', 'B61'),
(20171, 131070266, 'BQJ1009', 'B61'),
(20171, 131070266, 'BQJ1017', 'B61'),
(20171, 131070266, 'BQW1024', 'B61'),
(20171, 131070267, 'AEF1029', 'A81'),
(20171, 131070267, 'ALG1004', 'A61'),
(20171, 131070267, 'ALH1006', 'A81'),
(20171, 131070267, 'ALM1027', 'A41'),
(20171, 131070267, 'PTM1301', 'A81'),
(20171, 131070267, 'PTM1302', 'A81'),
(20171, 131070270, 'ALG1004', 'A61'),
(20171, 131070270, 'ALH1006', 'A81'),
(20171, 131070270, 'PTM1301', 'A81'),
(20171, 131070270, 'PTM1302', 'A81'),
(20171, 131070271, 'AEF1076', 'G41'),
(20171, 131070271, 'CDF1301', 'G81'),
(20171, 131070271, 'CDF1302', 'G81'),
(20171, 131070271, 'CDF1303', 'G81'),
(20171, 131070271, 'GED0921', 'G31'),
(20171, 131070271, 'GEF0902', 'G81'),
(20171, 131070271, 'GEG0907', 'G41'),
(20171, 131070272, 'AEF1029', 'A81'),
(20171, 131070272, 'ALG1004', 'A61'),
(20171, 131070272, 'ALH1006', 'A81'),
(20171, 131070272, 'PTM1301', 'A81'),
(20171, 131070272, 'PTM1302', 'A81'),
(20171, 131070273, 'AEM1050', 'B61'),
(20171, 131070273, 'BQF1005', 'B61'),
(20171, 131070273, 'BQF1011', 'B51'),
(20171, 131070273, 'BQF1016', 'B81'),
(20171, 131070273, 'BQJ1009', 'B61'),
(20171, 131070273, 'BQJ1017', 'B61'),
(20171, 131070273, 'BQW1024', 'B61'),
(20171, 131070275, 'ALA1013', 'A61'),
(20171, 131070275, 'ALC1011', 'A61'),
(20171, 131070275, 'ALF1003', 'A41'),
(20171, 131070275, 'ALH1006', 'A81'),
(20171, 131070275, 'ALM1025', 'A61'),
(20171, 131070275, 'PTM1301', 'A81'),
(20171, 131070275, 'PTM1302', 'A81'),
(20171, 131070276, 'ACA0909', 'B61'),
(20171, 131070276, 'AEM1050', 'B61'),
(20171, 131070276, 'BQF1005', 'B61'),
(20171, 131070276, 'BQW1024', 'B61'),
(20171, 131070279, 'SCB1001', 'S61'),
(20171, 131070279, 'SCC1010', 'S61'),
(20171, 131070279, 'SCC1014', 'S61'),
(20171, 131070279, 'SCD1011', 'S61'),
(20171, 131070279, 'SCD1015', 'S61'),
(20171, 131070279, 'SCD1021', 'S61'),
(20171, 131070279, 'TAB1301', 'S61'),
(20171, 131070280, 'CDF1301', 'G81'),
(20171, 131070280, 'CDF1302', 'G81'),
(20171, 131070280, 'CDF1303', 'G81'),
(20171, 131070280, 'GEF0902', 'G81'),
(20171, 131070282, 'ACF0902', 'G22'),
(20171, 131070282, 'CDF1301', 'G81'),
(20171, 131070282, 'CDF1302', 'G81'),
(20171, 131070282, 'CDF1303', 'G81'),
(20171, 131070282, 'GEF0902', 'G81'),
(20171, 131070283, 'ACA0910', 'G61'),
(20171, 131070283, 'AED1015', 'G61'),
(20171, 131070283, 'CDF1301', 'G81'),
(20171, 131070283, 'CDF1302', 'G81'),
(20171, 131070283, 'CDF1303', 'G81'),
(20171, 131070283, 'GEF0902', 'G81'),
(20171, 131070284, 'ACF0902', 'G22'),
(20171, 131070284, 'CDF1301', 'G81'),
(20171, 131070284, 'CDF1302', 'G81'),
(20171, 131070284, 'CDF1303', 'G81'),
(20171, 131070284, 'GEF0902', 'G81'),
(20171, 131070287, 'AEF1029', 'A81'),
(20171, 131070287, 'BFF1303', 'B81'),
(20171, 131070287, 'BQC1014', 'B81'),
(20171, 131070287, 'BQF1013', 'B81'),
(20171, 131070287, 'BQF1016', 'B81'),
(20171, 131070287, 'BQJ1009', 'B61'),
(20171, 131070287, 'BQJ1018', 'B71'),
(20171, 131070288, 'BFF1303', 'B81'),
(20171, 131070288, 'BQC1014', 'B81'),
(20171, 131070288, 'BQF1013', 'B81'),
(20171, 131070288, 'BQF1016', 'B81'),
(20171, 131070294, 'ACA0910', 'G61'),
(20171, 131070294, 'AED1015', 'G61'),
(20171, 131070294, 'GEC0911', 'G61'),
(20171, 131070294, 'GED0922', 'G61'),
(20171, 131070294, 'GEF0901', 'G61'),
(20171, 131070295, 'ACA0910', 'S81'),
(20171, 131070295, 'AEB1055', 'S81'),
(20171, 131070295, 'SCA1002', 'S81'),
(20171, 131070295, 'SCC1019', 'S81'),
(20171, 131070295, 'TAC1304', 'S81'),
(20171, 131070295, 'TAH1303', 'S81'),
(20171, 131070299, 'AEF1076', 'G41'),
(20171, 131070299, 'CDF1301', 'G81'),
(20171, 131070299, 'CDF1302', 'G81'),
(20171, 131070299, 'CDF1303', 'G81'),
(20171, 131070299, 'GEF0902', 'G81'),
(20171, 131070299, 'GEF0916', 'G41'),
(20171, 131070299, 'GEG0907', 'G41'),
(20171, 131070301, 'CDF1301', 'G81'),
(20171, 131070301, 'CDF1303', 'G81'),
(20171, 131070301, 'GEC0911', 'G61'),
(20171, 131070301, 'GEF0901', 'G61'),
(20171, 131070302, 'ACA0910', 'S81'),
(20171, 131070302, 'AEB1055', 'S81'),
(20171, 131070302, 'SCA1002', 'S81'),
(20171, 131070302, 'SCC1019', 'S81'),
(20171, 131070302, 'TAC1304', 'S81'),
(20171, 131070302, 'TAH1303', 'S81'),
(20171, 131070303, 'CDF1301', 'G81'),
(20171, 131070303, 'CDF1302', 'G81'),
(20171, 131070303, 'CDF1303', 'G81'),
(20171, 131070303, 'GEF0902', 'G81'),
(20171, 131070304, 'CDF1301', 'G81'),
(20171, 131070304, 'CDF1302', 'G81'),
(20171, 131070304, 'CDF1303', 'G81'),
(20171, 131070304, 'GED0920', 'G71'),
(20171, 131070304, 'GEF0902', 'G81'),
(20171, 131070305, 'AEM1050', 'B61'),
(20171, 131070305, 'BFF1303', 'B81'),
(20171, 131070305, 'BQC1014', 'B81'),
(20171, 131070305, 'BQF1005', 'B61'),
(20171, 131070305, 'BQF1013', 'B81'),
(20171, 131070305, 'BQF1016', 'B81'),
(20171, 131070305, 'BQJ1017', 'B61'),
(20171, 131070306, 'ACA0910', 'G61'),
(20171, 131070306, 'AED1015', 'G61'),
(20171, 131070306, 'AED1072', 'G61'),
(20171, 131070306, 'GEC0911', 'G61'),
(20171, 131070306, 'GED0922', 'G61'),
(20171, 131070306, 'GEF0901', 'G61'),
(20171, 131070308, 'CDF1301', 'G81'),
(20171, 131070308, 'CDF1302', 'G81'),
(20171, 131070308, 'CDF1303', 'G81'),
(20171, 131070308, 'GEF0902', 'G81'),
(20171, 131070311, 'ACA0910', 'G61'),
(20171, 131070311, 'ACF0901', 'G11'),
(20171, 131070311, 'AED1015', 'G61'),
(20171, 131070311, 'CDF1301', 'G81'),
(20171, 131070311, 'CDF1302', 'G81'),
(20171, 131070311, 'CDF1303', 'G81'),
(20171, 131070313, 'ALH1006', 'A81'),
(20171, 131070313, 'PTM1301', 'A81'),
(20171, 131070313, 'PTM1302', 'A81'),
(20171, 131070314, 'CDF1301', 'G81'),
(20171, 131070314, 'CDF1302', 'G81'),
(20171, 131070314, 'CDF1303', 'G81'),
(20171, 131070314, 'GEF0902', 'G81'),
(20171, 131070315, 'BFF1303', 'B81'),
(20171, 131070315, 'BQC1014', 'B81'),
(20171, 131070315, 'BQF1010', 'B31'),
(20171, 131070315, 'BQF1013', 'B81'),
(20171, 131070315, 'BQF1016', 'B81'),
(20171, 131070316, 'CDF1301', 'G81'),
(20171, 131070316, 'CDF1302', 'G81'),
(20171, 131070316, 'CDF1303', 'G81'),
(20171, 131070316, 'GED0920', 'G71'),
(20171, 131070316, 'GEF0902', 'G81');
INSERT INTO `seleccion_materia` (`periodo`, `no_control`, `clave_materia`, `grupo`) VALUES
(20171, 131070318, 'ACF0902', 'G22'),
(20171, 131070318, 'AEF1076', 'G41'),
(20171, 131070318, 'CDF1301', 'G81'),
(20171, 131070318, 'CDF1302', 'G81'),
(20171, 131070318, 'CDF1303', 'G81'),
(20171, 131070318, 'GED0920', 'G71'),
(20171, 131070318, 'GEF0902', 'G81'),
(20171, 131070321, 'AEM1050', 'B61'),
(20171, 131070321, 'BFF1303', 'B81'),
(20171, 131070321, 'BQC1014', 'B81'),
(20171, 131070321, 'BQF1011', 'B51'),
(20171, 131070321, 'BQF1013', 'B81'),
(20171, 131070321, 'BQF1016', 'B81'),
(20171, 131070321, 'BQJ1017', 'B61'),
(20171, 131070321, 'BQJ1018', 'B71'),
(20171, 131070335, 'ACA0910', 'S81'),
(20171, 131070335, 'AEB1055', 'S81'),
(20171, 131070335, 'SCB1001', 'S61'),
(20171, 131070335, 'SCC1010', 'S61'),
(20171, 131070335, 'SCC1014', 'S61'),
(20171, 131070335, 'SCC1019', 'S81'),
(20171, 131070335, 'SCD1021', 'S61'),
(20171, 131070335, 'TAH1303', 'S81'),
(20171, 131070339, 'AEM1050', 'B61'),
(20171, 131070339, 'BFF1303', 'B81'),
(20171, 131070339, 'BQC1014', 'B81'),
(20171, 131070339, 'BQF1002', 'B41'),
(20171, 131070339, 'BQF1013', 'B81'),
(20171, 131070339, 'BQF1016', 'B81'),
(20171, 131070339, 'BQJ1018', 'B71'),
(20171, 131070340, 'ACA0910', 'S81'),
(20171, 131070340, 'AEB1055', 'S81'),
(20171, 131070340, 'SCA1002', 'S81'),
(20171, 131070340, 'SCC1019', 'S81'),
(20171, 131070340, 'TAC1304', 'S81'),
(20171, 131070340, 'TAH1303', 'S81'),
(20171, 131070344, 'SCB1001', 'S61'),
(20171, 131070344, 'SCC1014', 'S61'),
(20171, 131070344, 'SCD1011', 'S61'),
(20171, 131070344, 'SCD1015', 'S61'),
(20171, 131070344, 'SCD1021', 'S61'),
(20171, 131070345, 'ACA0910', 'A61'),
(20171, 131070345, 'ALA1013', 'A61'),
(20171, 131070345, 'ALG1004', 'A61'),
(20171, 131070345, 'ALH1006', 'A81'),
(20171, 131070345, 'ALM1025', 'A61'),
(20171, 131070345, 'PTM1301', 'A81'),
(20171, 131070345, 'PTM1302', 'A81'),
(20171, 131070347, 'CDF1301', 'G81'),
(20171, 131070347, 'CDF1302', 'G81'),
(20171, 131070347, 'CDF1303', 'G81'),
(20171, 131070347, 'GED0917', 'G41'),
(20171, 131070347, 'GEF0902', 'G81'),
(20171, 131070347, 'GEF0916', 'G41'),
(20171, 131070347, 'GEG0907', 'G41'),
(20171, 131070348, 'ACA0910', 'S81'),
(20171, 131070348, 'SCC1010', 'S61'),
(20171, 131070348, 'SCC1017', 'S41'),
(20171, 131070348, 'SCC1019', 'S81'),
(20171, 131070348, 'SCD1011', 'S61'),
(20171, 131070348, 'SCD1015', 'S61'),
(20171, 131070348, 'SCD1021', 'S61'),
(20171, 131070350, 'ACA0910', 'G61'),
(20171, 131070350, 'AED1015', 'G61'),
(20171, 131070350, 'AED1072', 'G61'),
(20171, 131070350, 'GEC0911', 'G61'),
(20171, 131070350, 'GED0922', 'G61'),
(20171, 131070350, 'GEF0901', 'G61'),
(20171, 131070359, 'AEF1074', 'G11'),
(20171, 131070359, 'GEC0905', 'G11'),
(20171, 131070359, 'GEC0909', 'G11'),
(20171, 131070359, 'GEF0910', 'G11'),
(20171, 131070360, 'ACA0910', 'S81'),
(20171, 131070360, 'ACF0902', 'S22'),
(20171, 131070360, 'AEB1055', 'S81'),
(20171, 131070360, 'SCB1001', 'S61'),
(20171, 131070360, 'SCC1014', 'S61'),
(20171, 131070360, 'SCC1019', 'S81'),
(20171, 131070360, 'SCD1021', 'S61'),
(20171, 131070360, 'SCD1027', 'S41'),
(20171, 131070360, 'TAH1303', 'S81'),
(20171, 131070361, 'ACA0910', 'G61'),
(20171, 131070361, 'AED1015', 'G61'),
(20171, 131070361, 'AED1072', 'G61'),
(20171, 131070361, 'AEF1074', 'G11'),
(20171, 131070361, 'GEC0905', 'G11'),
(20171, 131070361, 'GEC0911', 'G61'),
(20171, 131070361, 'GED0922', 'G61'),
(20171, 131070361, 'GEF0901', 'G61'),
(20171, 131070362, 'ACA0910', 'A61'),
(20171, 131070362, 'ALA1013', 'A61'),
(20171, 131070362, 'ALH1006', 'A81'),
(20171, 131070362, 'ALM1025', 'A61'),
(20171, 131070362, 'ALM1027', 'A41'),
(20171, 131070362, 'PTM1301', 'A81'),
(20171, 131070366, 'CDF1301', 'G81'),
(20171, 131070366, 'CDF1302', 'G81'),
(20171, 131070366, 'CDF1303', 'G81'),
(20171, 131070366, 'GEF0902', 'G81'),
(20171, 131070368, 'ACF0902', 'G22'),
(20171, 131070368, 'CDF1301', 'G81'),
(20171, 131070368, 'CDF1302', 'G81'),
(20171, 131070368, 'CDF1303', 'G81'),
(20171, 131070368, 'GEF0902', 'G81'),
(20171, 131110119, 'ACF0904', 'B31'),
(20171, 131110119, 'BQF1007', 'B31'),
(20171, 131110119, 'BQF1010', 'B31'),
(20171, 131110119, 'BQF1011', 'B51'),
(20171, 131110119, 'BQW1024', 'B61'),
(20171, 131200060, 'CDF1301', 'G81'),
(20171, 131200060, 'CDF1302', 'G81'),
(20171, 131200060, 'CDF1303', 'G81'),
(20171, 131200060, 'GEF0902', 'G81'),
(20171, 131200122, 'SCB1001', 'S61'),
(20171, 131200122, 'SCC1010', 'S61'),
(20171, 131200122, 'SCC1014', 'S61'),
(20171, 131200122, 'SCD1011', 'S61'),
(20171, 131200122, 'SCD1015', 'S61'),
(20171, 131200122, 'SCD1021', 'S61'),
(20171, 131200122, 'TAB1301', 'S61'),
(20171, 141070001, 'ACA0910', 'G61'),
(20171, 141070001, 'AED1015', 'G61'),
(20171, 141070001, 'AED1072', 'G61'),
(20171, 141070001, 'GEC0911', 'G61'),
(20171, 141070001, 'GED0922', 'G61'),
(20171, 141070001, 'GEF0901', 'G61'),
(20171, 141070006, 'AEF1071', 'G31'),
(20171, 141070006, 'GED0917', 'G41'),
(20171, 141070006, 'GEF0916', 'G41'),
(20171, 141070008, 'ACA0910', 'G61'),
(20171, 141070008, 'AED1015', 'G61'),
(20171, 141070008, 'AED1072', 'G61'),
(20171, 141070008, 'GEC0914', 'G41'),
(20171, 141070008, 'GED0922', 'G61'),
(20171, 141070009, 'SCB1001', 'S61'),
(20171, 141070009, 'SCC1010', 'S61'),
(20171, 141070009, 'SCC1014', 'S61'),
(20171, 141070009, 'SCD1011', 'S61'),
(20171, 141070009, 'SCD1015', 'S61'),
(20171, 141070009, 'SCD1021', 'S61'),
(20171, 141070009, 'TAB1301', 'S61'),
(20171, 141070010, 'ACA0910', 'G61'),
(20171, 141070010, 'AED1015', 'G61'),
(20171, 141070010, 'AED1072', 'G61'),
(20171, 141070010, 'GEC0914', 'G41'),
(20171, 141070011, 'AEF1004', 'B41'),
(20171, 141070011, 'AEF1020', 'B41'),
(20171, 141070011, 'AEJ1007', 'B41'),
(20171, 141070011, 'BQF1002', 'B41'),
(20171, 141070011, 'BQF1020', 'B41'),
(20171, 141070011, 'BQQ1003', 'B41'),
(20171, 141070014, 'ACA0910', 'S81'),
(20171, 141070014, 'SCB1001', 'S61'),
(20171, 141070014, 'SCC1010', 'S61'),
(20171, 141070014, 'SCC1019', 'S81'),
(20171, 141070014, 'SCD1011', 'S61'),
(20171, 141070014, 'SCD1015', 'S61'),
(20171, 141070014, 'SCD1021', 'S61'),
(20171, 141070014, 'TAB1301', 'S61'),
(20171, 141070015, 'ACA0910', 'G61'),
(20171, 141070015, 'ACF0902', 'G21'),
(20171, 141070015, 'AED1015', 'G61'),
(20171, 141070015, 'GEC0911', 'G61'),
(20171, 141070015, 'GEF0901', 'G61'),
(20171, 141070016, 'AEC1078', 'G31'),
(20171, 141070016, 'AEF1076', 'G41'),
(20171, 141070016, 'GED0917', 'G41'),
(20171, 141070016, 'GEF0906', 'G41'),
(20171, 141070016, 'GEG0907', 'G41'),
(20171, 141070017, 'AEF1071', 'G31'),
(20171, 141070017, 'GEC0913', 'G31'),
(20171, 141070018, 'ACA0910', 'A61'),
(20171, 141070018, 'ALA1013', 'A61'),
(20171, 141070018, 'ALC1011', 'A61'),
(20171, 141070018, 'ALM1018', 'A61'),
(20171, 141070018, 'ALM1025', 'A61'),
(20171, 141070019, 'ACA0910', 'S81'),
(20171, 141070019, 'AEB1055', 'S81'),
(20171, 141070019, 'SCA1002', 'S81'),
(20171, 141070019, 'SCC1019', 'S81'),
(20171, 141070019, 'TAC1304', 'S81'),
(20171, 141070019, 'TAH1303', 'S81'),
(20171, 141070023, 'ACF0902', 'G21'),
(20171, 141070023, 'AEC1078', 'G31'),
(20171, 141070023, 'GEC0914', 'G41'),
(20171, 141070023, 'GEF0906', 'G41'),
(20171, 141070024, 'ACA0909', 'B61'),
(20171, 141070024, 'AEM1050', 'B61'),
(20171, 141070024, 'BQF1005', 'B61'),
(20171, 141070024, 'BQJ1009', 'B61'),
(20171, 141070024, 'BQJ1017', 'B61'),
(20171, 141070024, 'BQW1024', 'B61'),
(20171, 141070025, 'ACA0910', 'G61'),
(20171, 141070025, 'AED1015', 'G61'),
(20171, 141070025, 'AED1072', 'G61'),
(20171, 141070025, 'GEC0911', 'G61'),
(20171, 141070025, 'GED0922', 'G61'),
(20171, 141070025, 'GEF0901', 'G61'),
(20171, 141070028, 'AEC1078', 'G31'),
(20171, 141070028, 'AEF1071', 'G31'),
(20171, 141070028, 'GEC0913', 'G31'),
(20171, 141070028, 'GED0917', 'G41'),
(20171, 141070028, 'GEF0906', 'G41'),
(20171, 141070029, 'ACA0910', 'G61'),
(20171, 141070029, 'AEC1014', 'G22'),
(20171, 141070029, 'AED1015', 'G61'),
(20171, 141070029, 'AED1072', 'G61'),
(20171, 141070029, 'GEC0914', 'G41'),
(20171, 141070047, 'SCB1001', 'S61'),
(20171, 141070047, 'SCC1010', 'S61'),
(20171, 141070047, 'SCC1014', 'S61'),
(20171, 141070047, 'SCD1011', 'S61'),
(20171, 141070047, 'SCD1015', 'S61'),
(20171, 141070047, 'SCD1021', 'S61'),
(20171, 141070047, 'TAB1301', 'S61'),
(20171, 141070048, 'AEF1020', 'B41'),
(20171, 141070048, 'AEJ1007', 'B41'),
(20171, 141070048, 'BQF1002', 'B41'),
(20171, 141070048, 'BQQ1003', 'B41'),
(20171, 141070051, 'AED1072', 'G61'),
(20171, 141070051, 'GEC0909', 'G11'),
(20171, 141070051, 'GEC0911', 'G61'),
(20171, 141070051, 'GEC0914', 'G41'),
(20171, 141070051, 'GED0917', 'G41'),
(20171, 141070051, 'GEF0916', 'G41'),
(20171, 141070053, 'ACA0909', 'B61'),
(20171, 141070053, 'AEF1004', 'B41'),
(20171, 141070053, 'AEM1050', 'B61'),
(20171, 141070053, 'BQF1011', 'B51'),
(20171, 141070053, 'BQF1016', 'B81'),
(20171, 141070053, 'BQW1024', 'B61'),
(20171, 141070054, 'ACA0909', 'B61'),
(20171, 141070054, 'AEM1050', 'B61'),
(20171, 141070054, 'BQF1005', 'B61'),
(20171, 141070054, 'BQF1011', 'B51'),
(20171, 141070054, 'BQF1016', 'B81'),
(20171, 141070054, 'BQW1024', 'B61'),
(20171, 141070056, 'SCB1001', 'S61'),
(20171, 141070056, 'SCC1010', 'S61'),
(20171, 141070056, 'SCC1014', 'S61'),
(20171, 141070056, 'SCD1011', 'S61'),
(20171, 141070056, 'SCD1015', 'S61'),
(20171, 141070056, 'SCD1021', 'S61'),
(20171, 141070056, 'TAB1301', 'S61'),
(20171, 141070057, 'ACA0909', 'B61'),
(20171, 141070057, 'AEM1050', 'B61'),
(20171, 141070057, 'BQF1005', 'B61'),
(20171, 141070057, 'BQF1016', 'B81'),
(20171, 141070057, 'BQJ1009', 'B61'),
(20171, 141070057, 'BQJ1017', 'B61'),
(20171, 141070057, 'BQW1024', 'B61'),
(20171, 141070058, 'ACA0909', 'B61'),
(20171, 141070058, 'AEM1050', 'B61'),
(20171, 141070058, 'BQF1005', 'B61'),
(20171, 141070058, 'BQF1016', 'B81'),
(20171, 141070058, 'BQJ1009', 'B61'),
(20171, 141070058, 'BQJ1017', 'B61'),
(20171, 141070058, 'BQW1024', 'B61'),
(20171, 141070061, 'ACA0910', 'G61'),
(20171, 141070061, 'AED1015', 'G61'),
(20171, 141070061, 'AED1072', 'G61'),
(20171, 141070061, 'GEC0911', 'G61'),
(20171, 141070061, 'GED0922', 'G61'),
(20171, 141070061, 'GEF0901', 'G61'),
(20171, 141070062, 'ACA0909', 'B61'),
(20171, 141070062, 'AEM1050', 'B61'),
(20171, 141070062, 'BQF1005', 'B61'),
(20171, 141070062, 'BQF1011', 'B51'),
(20171, 141070062, 'BQJ1009', 'B61'),
(20171, 141070062, 'BQJ1017', 'B61'),
(20171, 141070062, 'BQW1024', 'B61'),
(20171, 141070065, 'SCB1001', 'S61'),
(20171, 141070065, 'SCC1010', 'S61'),
(20171, 141070065, 'SCC1014', 'S61'),
(20171, 141070065, 'SCD1011', 'S61'),
(20171, 141070065, 'SCD1015', 'S61'),
(20171, 141070065, 'SCD1021', 'S61'),
(20171, 141070065, 'TAB1301', 'S61'),
(20171, 141070067, 'ACA0910', 'G61'),
(20171, 141070067, 'AED1015', 'G61'),
(20171, 141070067, 'AED1072', 'G61'),
(20171, 141070067, 'GEC0911', 'G61'),
(20171, 141070067, 'GED0922', 'G61'),
(20171, 141070067, 'GEF0901', 'G61'),
(20171, 141070068, 'ACA0909', 'B61'),
(20171, 141070068, 'AEM1050', 'B61'),
(20171, 141070068, 'BQF1011', 'B51'),
(20171, 141070068, 'BQF1016', 'B81'),
(20171, 141070068, 'BQW1024', 'B61'),
(20171, 141070069, 'ACA0909', 'B61'),
(20171, 141070069, 'AEM1050', 'B61'),
(20171, 141070069, 'BQF1005', 'B61'),
(20171, 141070069, 'BQF1011', 'B51'),
(20171, 141070069, 'BQJ1017', 'B61'),
(20171, 141070069, 'BQW1024', 'B61'),
(20171, 141070070, 'ACA0909', 'B61'),
(20171, 141070070, 'AEM1050', 'B61'),
(20171, 141070070, 'BQF1005', 'B61'),
(20171, 141070070, 'BQF1011', 'B51'),
(20171, 141070070, 'BQJ1009', 'B61'),
(20171, 141070070, 'BQJ1017', 'B61'),
(20171, 141070070, 'BQW1024', 'B61'),
(20171, 141070071, 'ACA0910', 'A61'),
(20171, 141070071, 'ALA1013', 'A61'),
(20171, 141070071, 'ALC1011', 'A61'),
(20171, 141070071, 'ALG1004', 'A61'),
(20171, 141070071, 'ALM1025', 'A61'),
(20171, 141070072, 'SCB1001', 'S61'),
(20171, 141070072, 'SCC1010', 'S61'),
(20171, 141070072, 'SCC1014', 'S61'),
(20171, 141070072, 'SCD1011', 'S61'),
(20171, 141070072, 'SCD1015', 'S61'),
(20171, 141070072, 'SCD1021', 'S61'),
(20171, 141070072, 'TAB1301', 'S61'),
(20171, 141070073, 'AED1015', 'G61'),
(20171, 141070073, 'AED1072', 'G61'),
(20171, 141070073, 'GEC0913', 'G31'),
(20171, 141070073, 'GED0922', 'G61'),
(20171, 141070074, 'AED1015', 'G61'),
(20171, 141070074, 'AED1072', 'G61'),
(20171, 141070074, 'GEC0913', 'G31'),
(20171, 141070074, 'GED0922', 'G61'),
(20171, 141070075, 'ACA0910', 'A61'),
(20171, 141070075, 'AEF1029', 'A81'),
(20171, 141070075, 'ALG1004', 'A61'),
(20171, 141070075, 'ALH1006', 'A81'),
(20171, 141070075, 'PTM1301', 'A81'),
(20171, 141070075, 'PTM1302', 'A81'),
(20171, 141070076, 'ACA0910', 'G61'),
(20171, 141070076, 'AED1015', 'G61'),
(20171, 141070076, 'AED1072', 'G61'),
(20171, 141070076, 'GEC0911', 'G61'),
(20171, 141070076, 'GED0922', 'G61'),
(20171, 141070076, 'GEF0901', 'G61'),
(20171, 141070077, 'ACF0902', 'A21'),
(20171, 141070077, 'ALA1024', 'A41'),
(20171, 141070077, 'ALM1001', 'A41'),
(20171, 141070077, 'ALM1009', 'A41'),
(20171, 141070077, 'ALM1027', 'A41'),
(20171, 141070078, 'ACF0902', 'A21'),
(20171, 141070078, 'ALA1024', 'A41'),
(20171, 141070078, 'ALB1015', 'A21'),
(20171, 141070078, 'ALM1009', 'A41'),
(20171, 141070078, 'ALM1027', 'A41'),
(20171, 141070079, 'ACA0910', 'S81'),
(20171, 141070079, 'SCB1001', 'S61'),
(20171, 141070079, 'SCC1010', 'S61'),
(20171, 141070079, 'SCC1014', 'S61'),
(20171, 141070079, 'SCD1011', 'S61'),
(20171, 141070079, 'SCD1015', 'S61'),
(20171, 141070079, 'SCD1021', 'S61'),
(20171, 141070079, 'TAB1301', 'S61'),
(20171, 141070081, 'ACA0910', 'G61'),
(20171, 141070081, 'AED1015', 'G61'),
(20171, 141070081, 'AED1072', 'G61'),
(20171, 141070081, 'GEC0911', 'G61'),
(20171, 141070081, 'GED0922', 'G61'),
(20171, 141070081, 'GEF0901', 'G61'),
(20171, 141070082, 'SCB1001', 'S61'),
(20171, 141070082, 'SCC1010', 'S61'),
(20171, 141070082, 'SCC1014', 'S61'),
(20171, 141070082, 'SCD1011', 'S61'),
(20171, 141070082, 'SCD1015', 'S61'),
(20171, 141070082, 'SCD1021', 'S61'),
(20171, 141070082, 'TAB1301', 'S61'),
(20171, 141070083, 'AEC1058', 'S22'),
(20171, 141070083, 'AEF1052', 'S22'),
(20171, 141070083, 'SCF1006', 'S31'),
(20171, 141070084, 'ACF0905', 'S41'),
(20171, 141070084, 'AEF1031', 'S41'),
(20171, 141070084, 'SCA1026', 'S41'),
(20171, 141070084, 'SCC1017', 'S41'),
(20171, 141070084, 'SCD1018', 'S41'),
(20171, 141070084, 'SCD1027', 'S41'),
(20171, 141070085, 'ACA0910', 'A61'),
(20171, 141070085, 'ALA1013', 'A61'),
(20171, 141070085, 'ALC1011', 'A61'),
(20171, 141070085, 'ALG1004', 'A61'),
(20171, 141070085, 'ALM1018', 'A61'),
(20171, 141070085, 'ALM1025', 'A61'),
(20171, 141070086, 'ACA0910', 'G61'),
(20171, 141070086, 'AED1015', 'G61'),
(20171, 141070086, 'AED1072', 'G61'),
(20171, 141070086, 'GEC0911', 'G61'),
(20171, 141070086, 'GEC0913', 'G31'),
(20171, 141070086, 'GED0922', 'G61'),
(20171, 141070086, 'GEF0901', 'G61'),
(20171, 141070088, 'ACF0904', 'B31'),
(20171, 141070088, 'ACF0905', 'B31'),
(20171, 141070088, 'AEF1065', 'B31'),
(20171, 141070088, 'BQF1023', 'B31'),
(20171, 141070089, 'AEF1076', 'G41'),
(20171, 141070089, 'GED0917', 'G41'),
(20171, 141070089, 'GEF0901', 'G61'),
(20171, 141070089, 'GEG0907', 'G41'),
(20171, 141070091, 'AEB1055', 'S81'),
(20171, 141070091, 'SCB1001', 'S61'),
(20171, 141070091, 'SCC1010', 'S61'),
(20171, 141070091, 'SCC1014', 'S61'),
(20171, 141070091, 'SCC1019', 'S81'),
(20171, 141070091, 'SCD1011', 'S61'),
(20171, 141070091, 'SCD1015', 'S61'),
(20171, 141070091, 'SCD1021', 'S61'),
(20171, 141070091, 'TAB1301', 'S61'),
(20171, 141070091, 'TAH1303', 'S81'),
(20171, 141070092, 'ACA0910', 'S81'),
(20171, 141070092, 'SCB1001', 'S61'),
(20171, 141070092, 'SCC1010', 'S61'),
(20171, 141070092, 'SCC1014', 'S61'),
(20171, 141070092, 'SCD1011', 'S61'),
(20171, 141070092, 'SCD1015', 'S61'),
(20171, 141070092, 'SCD1021', 'S61'),
(20171, 141070092, 'TAB1301', 'S61'),
(20171, 141070094, 'ACF0902', 'S21'),
(20171, 141070094, 'SCC1013', 'S31'),
(20171, 141070094, 'SCC1017', 'S41'),
(20171, 141070094, 'SCD1011', 'S61'),
(20171, 141070094, 'SCD1027', 'S41'),
(20171, 141070096, 'ACA0910', 'G61'),
(20171, 141070096, 'AED1015', 'G61'),
(20171, 141070096, 'AED1072', 'G61'),
(20171, 141070096, 'GEC0911', 'G61'),
(20171, 141070096, 'GED0922', 'G61'),
(20171, 141070096, 'GEF0901', 'G61'),
(20171, 141070097, 'ACA0910', 'S81'),
(20171, 141070097, 'SCC1010', 'S61'),
(20171, 141070097, 'SCD1011', 'S61'),
(20171, 141070097, 'SCD1015', 'S61'),
(20171, 141070097, 'SCD1021', 'S61'),
(20171, 141070097, 'TAB1301', 'S61'),
(20171, 141070101, 'AED1015', 'G61'),
(20171, 141070101, 'AED1072', 'G61'),
(20171, 141070101, 'GEC0911', 'G61'),
(20171, 141070101, 'GED0922', 'G61'),
(20171, 141070101, 'GEF0901', 'G61'),
(20171, 141070104, 'ACA0910', 'G61'),
(20171, 141070104, 'AED1015', 'G61'),
(20171, 141070104, 'AED1072', 'G61'),
(20171, 141070104, 'GEC0911', 'G61'),
(20171, 141070104, 'GED0922', 'G61'),
(20171, 141070104, 'GEF0901', 'G61'),
(20171, 141070106, 'AEF1004', 'B41'),
(20171, 141070106, 'AEF1020', 'B41'),
(20171, 141070106, 'AEJ1007', 'B41'),
(20171, 141070106, 'BQF1002', 'B41'),
(20171, 141070106, 'BQF1016', 'B81'),
(20171, 141070106, 'BQF1020', 'B41'),
(20171, 141070107, 'ACA0910', 'A61'),
(20171, 141070107, 'ALA1013', 'A61'),
(20171, 141070107, 'ALC1011', 'A61'),
(20171, 141070107, 'ALG1004', 'A61'),
(20171, 141070107, 'ALM1018', 'A61'),
(20171, 141070107, 'ALM1025', 'A61'),
(20171, 141070108, 'SCB1001', 'S61'),
(20171, 141070108, 'SCC1010', 'S61'),
(20171, 141070108, 'SCC1014', 'S61'),
(20171, 141070108, 'SCD1011', 'S61'),
(20171, 141070108, 'SCD1015', 'S61'),
(20171, 141070108, 'SCD1021', 'S61'),
(20171, 141070108, 'TAB1301', 'S61'),
(20171, 141070111, 'SCB1001', 'S61'),
(20171, 141070111, 'SCC1010', 'S61'),
(20171, 141070111, 'SCC1014', 'S61'),
(20171, 141070111, 'SCD1011', 'S61'),
(20171, 141070111, 'SCD1015', 'S61'),
(20171, 141070111, 'SCD1021', 'S61'),
(20171, 141070111, 'TAB1301', 'S61'),
(20171, 141070117, 'ACA0910', 'G61'),
(20171, 141070117, 'AED1015', 'G61'),
(20171, 141070117, 'AED1072', 'G61'),
(20171, 141070117, 'GEC0911', 'G61'),
(20171, 141070117, 'GED0922', 'G61'),
(20171, 141070117, 'GEF0901', 'G61'),
(20171, 141070120, 'SCB1001', 'S61'),
(20171, 141070120, 'SCC1010', 'S61'),
(20171, 141070120, 'SCC1014', 'S61'),
(20171, 141070120, 'SCD1011', 'S61'),
(20171, 141070120, 'SCD1015', 'S61'),
(20171, 141070120, 'SCD1021', 'S61'),
(20171, 141070120, 'TAB1301', 'S61'),
(20171, 141070125, 'ACA0910', 'G61'),
(20171, 141070125, 'AED1015', 'G61'),
(20171, 141070125, 'AED1072', 'G61'),
(20171, 141070125, 'GEC0911', 'G61'),
(20171, 141070125, 'GED0922', 'G61'),
(20171, 141070125, 'GEF0901', 'G61'),
(20171, 141070126, 'ACA0909', 'B61'),
(20171, 141070126, 'AEM1050', 'B61'),
(20171, 141070126, 'BFF1303', 'B81'),
(20171, 141070126, 'BQF1011', 'B51'),
(20171, 141070126, 'BQF1016', 'B81'),
(20171, 141070126, 'BQF1023', 'B31'),
(20171, 141070126, 'BQJ1017', 'B61'),
(20171, 141070126, 'BQW1024', 'B61'),
(20171, 141070127, 'ACF0905', 'S41'),
(20171, 141070127, 'AEF1031', 'S41'),
(20171, 141070127, 'SCA1026', 'S41'),
(20171, 141070127, 'SCC1017', 'S41'),
(20171, 141070127, 'SCD1018', 'S41'),
(20171, 141070127, 'SCD1027', 'S41'),
(20171, 141070129, 'ACA0910', 'G61'),
(20171, 141070129, 'AED1015', 'G61'),
(20171, 141070129, 'AED1072', 'G61'),
(20171, 141070129, 'GEC0911', 'G61'),
(20171, 141070129, 'GED0922', 'G61'),
(20171, 141070129, 'GEF0901', 'G61'),
(20171, 141070130, 'AEM1050', 'B61'),
(20171, 141070130, 'BQC1014', 'B81'),
(20171, 141070130, 'BQF1005', 'B61'),
(20171, 141070130, 'BQF1011', 'B51'),
(20171, 141070130, 'BQF1013', 'B81'),
(20171, 141070130, 'BQJ1017', 'B61'),
(20171, 141070130, 'BQW1024', 'B61'),
(20171, 141070131, 'ACA0910', 'G61'),
(20171, 141070131, 'AED1015', 'G61'),
(20171, 141070131, 'AED1072', 'G61'),
(20171, 141070131, 'GEC0911', 'G61'),
(20171, 141070131, 'GED0922', 'G61'),
(20171, 141070131, 'GEF0901', 'G61'),
(20171, 141070132, 'AEF1076', 'G41'),
(20171, 141070132, 'GEC0914', 'G41'),
(20171, 141070132, 'GED0917', 'G41'),
(20171, 141070132, 'GEG0907', 'G41'),
(20171, 141070133, 'SCB1001', 'S61'),
(20171, 141070133, 'SCC1010', 'S61'),
(20171, 141070133, 'SCC1014', 'S61'),
(20171, 141070133, 'SCD1011', 'S61'),
(20171, 141070133, 'SCD1015', 'S61'),
(20171, 141070133, 'SCD1021', 'S61'),
(20171, 141070133, 'TAB1301', 'S61'),
(20171, 141070135, 'ACA0910', 'A61'),
(20171, 141070135, 'ALA1013', 'A61'),
(20171, 141070135, 'ALC1011', 'A61'),
(20171, 141070135, 'ALG1004', 'A61'),
(20171, 141070135, 'ALM1025', 'A61'),
(20171, 141070136, 'ACA0910', 'A61'),
(20171, 141070136, 'ALA1013', 'A61'),
(20171, 141070136, 'ALC1011', 'A61'),
(20171, 141070136, 'ALG1004', 'A61'),
(20171, 141070136, 'ALM1025', 'A61'),
(20171, 141070138, 'ACA0910', 'A61'),
(20171, 141070138, 'ALA1013', 'A61'),
(20171, 141070138, 'ALC1011', 'A61'),
(20171, 141070138, 'ALG1004', 'A61'),
(20171, 141070138, 'ALM1025', 'A61'),
(20171, 141070139, 'ACA0910', 'G61'),
(20171, 141070139, 'AED1015', 'G61'),
(20171, 141070139, 'GEC0911', 'G61'),
(20171, 141070139, 'GEC0913', 'G31'),
(20171, 141070139, 'GED0922', 'G61'),
(20171, 141070146, 'ACA0910', 'A61'),
(20171, 141070146, 'ALA1013', 'A61'),
(20171, 141070146, 'ALC1011', 'A61'),
(20171, 141070146, 'ALG1004', 'A61'),
(20171, 141070146, 'ALM1018', 'A61'),
(20171, 141070146, 'ALM1025', 'A61'),
(20171, 141070147, 'AEF1076', 'G41'),
(20171, 141070147, 'GEC0914', 'G41'),
(20171, 141070147, 'GED0917', 'G41'),
(20171, 141070147, 'GEF0906', 'G41'),
(20171, 141070152, 'ACA0909', 'B61'),
(20171, 141070152, 'AEM1050', 'B61'),
(20171, 141070152, 'BQF1005', 'B61'),
(20171, 141070152, 'BQF1011', 'B51'),
(20171, 141070152, 'BQF1016', 'B81'),
(20171, 141070152, 'BQJ1009', 'B61'),
(20171, 141070152, 'BQJ1017', 'B61'),
(20171, 141070152, 'BQW1024', 'B61'),
(20171, 141070153, 'SCB1001', 'S61'),
(20171, 141070153, 'SCC1010', 'S61'),
(20171, 141070153, 'SCC1014', 'S61'),
(20171, 141070153, 'SCD1011', 'S61'),
(20171, 141070153, 'SCD1015', 'S61'),
(20171, 141070153, 'SCD1021', 'S61'),
(20171, 141070153, 'TAB1301', 'S61'),
(20171, 141070156, 'AEF1076', 'G41'),
(20171, 141070156, 'GEC0914', 'G41'),
(20171, 141070156, 'GED0917', 'G41'),
(20171, 141070156, 'GEF0906', 'G41'),
(20171, 141070156, 'GEF0916', 'G41'),
(20171, 141070156, 'GEG0907', 'G41'),
(20171, 141070157, 'AEF1004', 'B41'),
(20171, 141070157, 'AEF1020', 'B41'),
(20171, 141070157, 'AEJ1007', 'B41'),
(20171, 141070157, 'BQF1002', 'B41'),
(20171, 141070157, 'BQF1023', 'B31'),
(20171, 141070157, 'BQJ1017', 'B61'),
(20171, 141070157, 'BQW1024', 'B61'),
(20171, 141070159, 'AED1026', 'S31'),
(20171, 141070159, 'SCC1010', 'S61'),
(20171, 141070159, 'SCC1014', 'S61'),
(20171, 141070159, 'SCD1011', 'S61'),
(20171, 141070159, 'SCD1015', 'S61'),
(20171, 141070159, 'TAB1301', 'S61'),
(20171, 141070160, 'ACA0910', 'G61'),
(20171, 141070160, 'AED1015', 'G61'),
(20171, 141070160, 'AED1072', 'G61'),
(20171, 141070160, 'GEC0911', 'G61'),
(20171, 141070160, 'GED0922', 'G61'),
(20171, 141070160, 'GEF0901', 'G61'),
(20171, 141070165, 'SCB1001', 'S61'),
(20171, 141070165, 'SCC1010', 'S61'),
(20171, 141070165, 'SCC1014', 'S61'),
(20171, 141070165, 'SCD1011', 'S61'),
(20171, 141070165, 'SCD1015', 'S61'),
(20171, 141070165, 'SCD1021', 'S61'),
(20171, 141070165, 'TAB1301', 'S61'),
(20171, 141070167, 'AEF1004', 'B41'),
(20171, 141070167, 'AEF1020', 'B41'),
(20171, 141070167, 'AEF1065', 'B31'),
(20171, 141070167, 'AEJ1007', 'B41'),
(20171, 141070167, 'BQF1002', 'B41'),
(20171, 141070167, 'BQF1010', 'B31'),
(20171, 141070168, 'ACA0909', 'B61'),
(20171, 141070168, 'AEM1050', 'B61'),
(20171, 141070168, 'BQF1005', 'B61'),
(20171, 141070168, 'BQF1011', 'B51'),
(20171, 141070168, 'BQW1024', 'B61'),
(20171, 141070171, 'ACA0910', 'A61'),
(20171, 141070171, 'ALA1013', 'A61'),
(20171, 141070171, 'ALC1011', 'A61'),
(20171, 141070171, 'ALG1004', 'A61'),
(20171, 141070171, 'ALM1018', 'A61'),
(20171, 141070171, 'ALM1025', 'A61'),
(20171, 141070172, 'ACA0910', 'G61'),
(20171, 141070172, 'AED1015', 'G61'),
(20171, 141070172, 'AED1072', 'G61'),
(20171, 141070172, 'GEC0911', 'G61'),
(20171, 141070172, 'GED0922', 'G61'),
(20171, 141070172, 'GEF0901', 'G61'),
(20171, 141070175, 'AEF1004', 'B41'),
(20171, 141070175, 'AEJ1007', 'B41'),
(20171, 141070175, 'BQF1002', 'B41'),
(20171, 141070175, 'BQQ1003', 'B41'),
(20171, 141070175, 'BQW1024', 'B61'),
(20171, 141070177, 'AED1015', 'G61'),
(20171, 141070177, 'AED1072', 'G61'),
(20171, 141070177, 'GEC0911', 'G61'),
(20171, 141070177, 'GED0922', 'G61'),
(20171, 141070177, 'GEF0901', 'G61'),
(20171, 141070178, 'ACA0910', 'G61'),
(20171, 141070178, 'AEF1076', 'G41'),
(20171, 141070178, 'GEG0907', 'G41'),
(20171, 141070180, 'SCC1014', 'S61'),
(20171, 141070180, 'SCD1015', 'S61'),
(20171, 141070180, 'SCD1021', 'S61'),
(20171, 141070180, 'SCD1027', 'S41'),
(20171, 141070180, 'TAB1301', 'S61'),
(20171, 141070184, 'ACF0904', 'S31'),
(20171, 141070184, 'ACF0905', 'S41'),
(20171, 141070184, 'AEF1031', 'S41'),
(20171, 141070184, 'SCA1026', 'S41'),
(20171, 141070184, 'SCD1018', 'S41'),
(20171, 141070184, 'SCD1027', 'S41'),
(20171, 141070186, 'ACA0910', 'A61'),
(20171, 141070186, 'ALA1013', 'A61'),
(20171, 141070186, 'ALC1011', 'A61'),
(20171, 141070186, 'ALG1004', 'A61'),
(20171, 141070186, 'ALM1025', 'A61'),
(20171, 141070188, 'ACA0910', 'G61'),
(20171, 141070188, 'AED1015', 'G61'),
(20171, 141070188, 'AED1072', 'G61'),
(20171, 141070188, 'GEC0911', 'G61'),
(20171, 141070188, 'GED0922', 'G61'),
(20171, 141070188, 'GEF0901', 'G61'),
(20171, 141070191, 'ACA0910', 'G61'),
(20171, 141070191, 'AED1015', 'G61'),
(20171, 141070191, 'AED1072', 'G61'),
(20171, 141070191, 'GEC0911', 'G61'),
(20171, 141070191, 'GED0922', 'G61'),
(20171, 141070191, 'GEF0901', 'G61'),
(20171, 141070193, 'ACF0902', 'S21'),
(20171, 141070193, 'AEF1052', 'S22'),
(20171, 141070193, 'SCC1013', 'S31'),
(20171, 141070193, 'SCC1017', 'S41'),
(20171, 141070193, 'SCD1011', 'S61'),
(20171, 141070193, 'SCF1006', 'S31'),
(20171, 141070194, 'SCB1001', 'S61'),
(20171, 141070194, 'SCC1010', 'S61'),
(20171, 141070194, 'SCC1014', 'S61'),
(20171, 141070194, 'SCD1011', 'S61'),
(20171, 141070194, 'SCD1015', 'S61'),
(20171, 141070194, 'SCD1021', 'S61'),
(20171, 141070194, 'TAB1301', 'S61'),
(20171, 141070196, 'ACF0905', 'B31'),
(20171, 141070196, 'AEF1004', 'B41'),
(20171, 141070196, 'AEF1065', 'B31'),
(20171, 141070196, 'BQG1021', 'B22'),
(20171, 141070196, 'BQQ1003', 'B41'),
(20171, 141070197, 'ACA0910', 'G61'),
(20171, 141070197, 'AED1015', 'G61'),
(20171, 141070197, 'AED1072', 'G61'),
(20171, 141070197, 'GEC0911', 'G61'),
(20171, 141070197, 'GED0922', 'G61'),
(20171, 141070197, 'GEF0901', 'G61'),
(20171, 141070199, 'ACF0902', 'G22'),
(20171, 141070199, 'AED1015', 'G61'),
(20171, 141070199, 'AED1072', 'G61'),
(20171, 141070199, 'GEF0901', 'G61'),
(20171, 141070204, 'ACA0909', 'B61'),
(20171, 141070204, 'AEM1050', 'B61'),
(20171, 141070204, 'BQF1005', 'B61'),
(20171, 141070204, 'BQF1011', 'B51'),
(20171, 141070204, 'BQF1016', 'B81'),
(20171, 141070204, 'BQJ1009', 'B61'),
(20171, 141070204, 'BQJ1017', 'B61'),
(20171, 141070204, 'BQW1024', 'B61'),
(20171, 141070208, 'ACA0909', 'B61'),
(20171, 141070208, 'AEM1050', 'B61'),
(20171, 141070208, 'BFF1303', 'B81'),
(20171, 141070208, 'BQF1005', 'B61'),
(20171, 141070208, 'BQF1011', 'B51'),
(20171, 141070208, 'BQF1016', 'B81'),
(20171, 141070208, 'BQW1024', 'B61'),
(20171, 141070210, 'AEF1004', 'B41'),
(20171, 141070210, 'AEF1020', 'B41'),
(20171, 141070210, 'AEJ1007', 'B41'),
(20171, 141070210, 'BQF1002', 'B41'),
(20171, 141070210, 'BQF1016', 'B81'),
(20171, 141070210, 'BQF1020', 'B41'),
(20171, 141070213, 'ACF0901', 'G11'),
(20171, 141070213, 'AED1015', 'G61'),
(20171, 141070213, 'AED1072', 'G61'),
(20171, 141070213, 'GEC0911', 'G61'),
(20171, 141070213, 'GEF0901', 'G61'),
(20171, 141070214, 'AEF1004', 'B41'),
(20171, 141070214, 'AEF1020', 'B41'),
(20171, 141070214, 'AEF1065', 'B31'),
(20171, 141070214, 'AEJ1007', 'B41'),
(20171, 141070214, 'BQF1002', 'B41'),
(20171, 141070216, 'ACF0902', 'G22'),
(20171, 141070216, 'GEC0914', 'G41'),
(20171, 141070216, 'GED0917', 'G41'),
(20171, 141070216, 'GEG0907', 'G41'),
(20171, 141070218, 'AEF1071', 'G31'),
(20171, 141070218, 'AEF1076', 'G41'),
(20171, 141070218, 'GEC0913', 'G31'),
(20171, 141070223, 'ACF0905', 'S41'),
(20171, 141070223, 'AEF1031', 'S41'),
(20171, 141070223, 'AEF1052', 'S21'),
(20171, 141070223, 'SCC1017', 'S41'),
(20171, 141070223, 'SCD1018', 'S41'),
(20171, 141070223, 'SCD1027', 'S41'),
(20171, 141070226, 'AED1026', 'S31'),
(20171, 141070226, 'SCC1010', 'S61'),
(20171, 141070226, 'SCC1014', 'S61'),
(20171, 141070226, 'SCD1011', 'S61'),
(20171, 141070226, 'SCD1015', 'S61'),
(20171, 141070226, 'TAB1301', 'S61'),
(20171, 141070227, 'AEF1065', 'B31'),
(20171, 141070227, 'AEJ1007', 'B41'),
(20171, 141070227, 'BQF1002', 'B41'),
(20171, 141070228, 'ACA0909', 'B61'),
(20171, 141070228, 'AEM1050', 'B61'),
(20171, 141070228, 'BQF1005', 'B61'),
(20171, 141070228, 'BQF1016', 'B81'),
(20171, 141070228, 'BQJ1009', 'B61'),
(20171, 141070228, 'BQJ1017', 'B61'),
(20171, 141070228, 'BQW1024', 'B61'),
(20171, 141070235, 'ACA0909', 'B61'),
(20171, 141070235, 'AEF1004', 'B41'),
(20171, 141070235, 'AEF1020', 'B41'),
(20171, 141070235, 'BQF1002', 'B41'),
(20171, 141070235, 'BQF1022', 'B21'),
(20171, 141070235, 'BQW1024', 'B61'),
(20171, 141070241, 'ACA0909', 'B61'),
(20171, 141070241, 'AEM1050', 'B61'),
(20171, 141070241, 'BQF1005', 'B61'),
(20171, 141070241, 'BQF1011', 'B51'),
(20171, 141070241, 'BQJ1009', 'B61'),
(20171, 141070241, 'BQJ1017', 'B61'),
(20171, 141070241, 'BQW1024', 'B61'),
(20171, 141070246, 'ACF0902', 'G22'),
(20171, 141070246, 'ACF0903', 'G31'),
(20171, 141070246, 'AEB1082', 'G22'),
(20171, 141070246, 'AEC1014', 'G22'),
(20171, 141070246, 'AEC1078', 'G31'),
(20171, 141070246, 'AEF1071', 'G31'),
(20171, 141070246, 'GEC0914', 'G41'),
(20171, 141070246, 'GED0903', 'G22'),
(20171, 141070250, 'SCB1001', 'S61'),
(20171, 141070250, 'SCC1010', 'S61'),
(20171, 141070250, 'SCC1014', 'S61'),
(20171, 141070250, 'SCD1011', 'S61'),
(20171, 141070250, 'SCD1015', 'S61'),
(20171, 141070250, 'SCD1021', 'S61'),
(20171, 141070250, 'TAB1301', 'S61'),
(20171, 141070251, 'ACA0910', 'G61'),
(20171, 141070251, 'AED1015', 'G61'),
(20171, 141070251, 'AED1072', 'G61'),
(20171, 141070251, 'GEC0911', 'G61'),
(20171, 141070251, 'GED0922', 'G61'),
(20171, 141070251, 'GEF0901', 'G61'),
(20171, 141070253, 'ACA0910', 'G61'),
(20171, 141070253, 'AED1015', 'G61'),
(20171, 141070253, 'AED1072', 'G61'),
(20171, 141070253, 'GEC0911', 'G61'),
(20171, 141070253, 'GED0922', 'G61'),
(20171, 141070253, 'GEF0901', 'G61'),
(20171, 141070255, 'ACF0904', 'S31'),
(20171, 141070255, 'SCC1010', 'S61'),
(20171, 141070255, 'SCD1015', 'S61'),
(20171, 141070255, 'SCD1018', 'S41'),
(20171, 141070255, 'TAB1301', 'S61'),
(20171, 141070258, 'AEF1004', 'B41'),
(20171, 141070258, 'AEF1020', 'B41'),
(20171, 141070258, 'AEJ1007', 'B41'),
(20171, 141070258, 'BQF1002', 'B41'),
(20171, 141070258, 'BQQ1003', 'B41'),
(20171, 141070259, 'SCB1001', 'S61'),
(20171, 141070259, 'SCC1010', 'S61'),
(20171, 141070259, 'SCC1014', 'S61'),
(20171, 141070259, 'SCD1011', 'S61'),
(20171, 141070259, 'SCD1015', 'S61'),
(20171, 141070259, 'SCD1021', 'S61'),
(20171, 141070259, 'TAB1301', 'S61'),
(20171, 141070260, 'ACF0902', 'G22'),
(20171, 141070260, 'AED1015', 'G61'),
(20171, 141070260, 'AED1072', 'G61'),
(20171, 141070260, 'GEF0901', 'G61'),
(20171, 141070265, 'AEM1050', 'A41'),
(20171, 141070265, 'ALA1024', 'A41'),
(20171, 141070265, 'ALM1001', 'A41'),
(20171, 141070265, 'ALM1009', 'A41'),
(20171, 141070265, 'ALM1027', 'A41'),
(20171, 141070269, 'AEF1004', 'B41'),
(20171, 141070269, 'AEF1020', 'B41'),
(20171, 141070269, 'AEJ1007', 'B41'),
(20171, 141070269, 'BQF1002', 'B41'),
(20171, 141070269, 'BQF1023', 'B31'),
(20171, 141070269, 'BQJ1017', 'B61'),
(20171, 141070269, 'BQW1024', 'B61'),
(20171, 141070271, 'ACA0909', 'B61'),
(20171, 141070271, 'AEM1050', 'B61'),
(20171, 141070271, 'BQF1005', 'B61'),
(20171, 141070271, 'BQF1016', 'B81'),
(20171, 141070271, 'BQJ1009', 'B61'),
(20171, 141070271, 'BQJ1017', 'B61'),
(20171, 141070271, 'BQW1024', 'B61'),
(20171, 141070273, 'SCC1010', 'S61'),
(20171, 141070273, 'SCC1014', 'S61'),
(20171, 141070273, 'SCD1011', 'S61'),
(20171, 141070273, 'SCD1015', 'S61'),
(20171, 141070273, 'SCD1021', 'S61'),
(20171, 141070273, 'TAB1301', 'S61'),
(20171, 141070274, 'ACF0902', 'G22'),
(20171, 141070274, 'AEF1076', 'G41'),
(20171, 141070274, 'GED0904', 'G31'),
(20171, 141070277, 'AEJ1007', 'B41'),
(20171, 141070277, 'AEM1050', 'B61'),
(20171, 141070277, 'BQF1011', 'B51'),
(20171, 141070277, 'BQJ1009', 'B61'),
(20171, 141070277, 'BQJ1017', 'B61'),
(20171, 141070277, 'BQW1024', 'B61'),
(20171, 141070278, 'ACF0902', 'G22'),
(20171, 141070278, 'AEB1082', 'G21'),
(20171, 141070278, 'AEF1076', 'G41'),
(20171, 141070278, 'GED0904', 'G31'),
(20171, 141070281, 'ACF0905', 'S41'),
(20171, 141070281, 'AEF1031', 'S41'),
(20171, 141070281, 'SCA1026', 'S41'),
(20171, 141070281, 'SCC1017', 'S41'),
(20171, 141070281, 'SCD1018', 'S41'),
(20171, 141070281, 'SCD1027', 'S41'),
(20171, 141070283, 'ACF0901', 'G11'),
(20171, 141070283, 'AED1015', 'G61'),
(20171, 141070283, 'AED1072', 'G61'),
(20171, 141070283, 'AEF1071', 'G31'),
(20171, 141070283, 'AEF1076', 'G41'),
(20171, 141070285, 'AEB1082', 'G21'),
(20171, 141070285, 'AEF1071', 'G31'),
(20171, 141070285, 'AEF1076', 'G41'),
(20171, 141070285, 'GEC0914', 'G41'),
(20171, 141070285, 'GEG0907', 'G41'),
(20171, 141070286, 'ACA0910', 'G61'),
(20171, 141070286, 'AED1015', 'G61'),
(20171, 141070286, 'AED1072', 'G61'),
(20171, 141070286, 'GEC0911', 'G61'),
(20171, 141070286, 'GED0922', 'G61'),
(20171, 141070286, 'GEF0901', 'G61'),
(20171, 141070297, 'SCB1001', 'S61'),
(20171, 141070297, 'SCC1010', 'S61'),
(20171, 141070297, 'SCC1014', 'S61'),
(20171, 141070297, 'SCD1011', 'S61'),
(20171, 141070297, 'SCD1015', 'S61'),
(20171, 141070297, 'SCD1021', 'S61'),
(20171, 141070297, 'TAB1301', 'S61'),
(20171, 141070299, 'ACA0910', 'A61'),
(20171, 141070299, 'ALA1013', 'A61'),
(20171, 141070299, 'ALC1011', 'A61'),
(20171, 141070299, 'ALF1003', 'A41'),
(20171, 141070299, 'ALM1025', 'A61'),
(20171, 141070299, 'ALM1027', 'A41'),
(20171, 141070301, 'ACA0909', 'B61'),
(20171, 141070301, 'AEM1050', 'B61'),
(20171, 141070301, 'BQF1005', 'B61'),
(20171, 141070301, 'BQF1016', 'B81'),
(20171, 141070301, 'BQJ1009', 'B61'),
(20171, 141070301, 'BQJ1017', 'B61'),
(20171, 141070301, 'BQW1024', 'B61'),
(20171, 141110360, 'ACA0910', 'S81'),
(20171, 141110360, 'AEC1008', 'S22'),
(20171, 141110360, 'AEF1031', 'S41'),
(20171, 141110360, 'SCC1010', 'S61'),
(20171, 141110360, 'SCC1019', 'S81'),
(20171, 141110360, 'SCD1018', 'S41'),
(20171, 141110360, 'TAB1301', 'S61'),
(20171, 15011640, 'ACF0902', 'G21'),
(20171, 15011640, 'AEB1082', 'G21'),
(20171, 15011640, 'GEC0909', 'G11'),
(20171, 15011640, 'GED0903', 'G21'),
(20171, 15011640, 'GEF0910', 'G11'),
(20171, 151070001, 'ACF0903', 'B22'),
(20171, 151070001, 'AEF1004', 'B41'),
(20171, 151070001, 'AEF1020', 'B41'),
(20171, 151070001, 'AEJ1007', 'B41'),
(20171, 151070001, 'BQF1020', 'B41'),
(20171, 151070004, 'ACF0903', 'A21'),
(20171, 151070004, 'ALB1015', 'A21'),
(20171, 151070004, 'ALC1020', 'A21'),
(20171, 151070004, 'ALF1010', 'A21'),
(20171, 151070004, 'ALF1023', 'A21'),
(20171, 151070006, 'ACF0903', 'B21'),
(20171, 151070006, 'AEF1004', 'B41'),
(20171, 151070006, 'AEJ1007', 'B41'),
(20171, 151070006, 'BQF1016', 'B81'),
(20171, 151070006, 'BQJ1017', 'B61'),
(20171, 151070006, 'BQW1024', 'B61'),
(20171, 151070007, 'AEM1050', 'A41'),
(20171, 151070007, 'ALA1024', 'A41'),
(20171, 151070007, 'ALM1001', 'A41'),
(20171, 151070007, 'ALM1009', 'A41'),
(20171, 151070007, 'ALM1027', 'A41'),
(20171, 151070008, 'ACF0901', 'G11'),
(20171, 151070008, 'AEF1076', 'G41'),
(20171, 151070008, 'GED0921', 'G31'),
(20171, 151070008, 'GEF0910', 'G11'),
(20171, 151070008, 'GEF0916', 'G41'),
(20171, 151070009, 'ACF0901', 'G11'),
(20171, 151070009, 'AEF1076', 'G41'),
(20171, 151070009, 'GED0921', 'G31'),
(20171, 151070009, 'GEF0910', 'G11'),
(20171, 151070009, 'GEF0916', 'G41'),
(20171, 151070010, 'AEF1004', 'B41'),
(20171, 151070010, 'AEF1020', 'B41'),
(20171, 151070010, 'AEJ1007', 'B41'),
(20171, 151070010, 'BQF1002', 'B41'),
(20171, 151070010, 'BQF1020', 'B41'),
(20171, 151070010, 'BQQ1003', 'B41'),
(20171, 151070011, 'AEF1076', 'G41'),
(20171, 151070011, 'GEC0914', 'G41'),
(20171, 151070011, 'GED0917', 'G41'),
(20171, 151070011, 'GEF0906', 'G41'),
(20171, 151070011, 'GEF0916', 'G41'),
(20171, 151070011, 'GEG0907', 'G41'),
(20171, 151070015, 'AEF1004', 'B41'),
(20171, 151070015, 'AEF1020', 'B41'),
(20171, 151070015, 'AEJ1007', 'B41'),
(20171, 151070015, 'BQF1002', 'B41'),
(20171, 151070015, 'BQQ1003', 'B41'),
(20171, 151070016, 'ACF0903', 'B22'),
(20171, 151070016, 'AEF1004', 'B41'),
(20171, 151070016, 'AEJ1007', 'B41'),
(20171, 151070016, 'BQF1016', 'B81'),
(20171, 151070016, 'BQJ1017', 'B61'),
(20171, 151070016, 'BQW1024', 'B61'),
(20171, 151070019, 'ACF0905', 'S41'),
(20171, 151070019, 'AEF1031', 'S41'),
(20171, 151070019, 'SCC1017', 'S41'),
(20171, 151070019, 'SCD1018', 'S41'),
(20171, 151070019, 'SCD1027', 'S41'),
(20171, 151070021, 'ACF0903', 'G31'),
(20171, 151070021, 'AEC1014', 'G21'),
(20171, 151070021, 'AEC1078', 'G31'),
(20171, 151070021, 'AEF1071', 'G31'),
(20171, 151070021, 'GED0921', 'G31'),
(20171, 151070024, 'ACF0901', 'G11'),
(20171, 151070024, 'AEC1078', 'G31'),
(20171, 151070024, 'GED0917', 'G41'),
(20171, 151070024, 'GEF0906', 'G41'),
(20171, 151070024, 'GEF0916', 'G41'),
(20171, 151070025, 'ACA0910', 'S81'),
(20171, 151070025, 'AEF1031', 'S41'),
(20171, 151070025, 'SCC1010', 'S61'),
(20171, 151070025, 'SCC1013', 'S31'),
(20171, 151070025, 'SCC1019', 'S81'),
(20171, 151070025, 'SCH1024', 'S11'),
(20171, 151070025, 'TAB1301', 'S61'),
(20171, 151070030, 'ACF0903', 'G31'),
(20171, 151070030, 'GED0921', 'G31'),
(20171, 151070030, 'GEF0901', 'G61'),
(20171, 151070030, 'GEG0907', 'G41'),
(20171, 151070034, 'ACF0901', 'S11'),
(20171, 151070034, 'SCC1014', 'S61'),
(20171, 151070034, 'SCD1011', 'S61'),
(20171, 151070034, 'SCD1015', 'S61'),
(20171, 151070034, 'SCD1021', 'S61'),
(20171, 151070034, 'SCH1024', 'S11'),
(20171, 151070034, 'TAB1301', 'S61'),
(20171, 151070040, 'ACF0903', 'G31'),
(20171, 151070040, 'AEF1076', 'G41'),
(20171, 151070040, 'GED0921', 'G31'),
(20171, 151070040, 'GEG0907', 'G41'),
(20171, 151070041, 'ACF0902', 'S21'),
(20171, 151070041, 'AEF1031', 'S41'),
(20171, 151070041, 'AEF1041', 'S11'),
(20171, 151070041, 'SCD1018', 'S41'),
(20171, 151070041, 'SCH1024', 'S11'),
(20171, 151070047, 'ACA0910', 'A61'),
(20171, 151070047, 'ALA1013', 'A61'),
(20171, 151070047, 'ALC1011', 'A61'),
(20171, 151070047, 'ALG1004', 'A61'),
(20171, 151070047, 'ALM1027', 'A41'),
(20171, 151070050, 'AEF1004', 'B41'),
(20171, 151070050, 'AEJ1007', 'B41'),
(20171, 151070050, 'AEM1050', 'B61'),
(20171, 151070050, 'BQF1016', 'B81'),
(20171, 151070050, 'BQJ1017', 'B61'),
(20171, 151070050, 'BQW1024', 'B61'),
(20171, 151070051, 'ACC0906', 'G11'),
(20171, 151070051, 'ACF0903', 'G31'),
(20171, 151070051, 'GEE0918', 'G22'),
(20171, 151070052, 'ACA0907', 'G21'),
(20171, 151070052, 'ACF0902', 'G21'),
(20171, 151070052, 'AEB1082', 'G21'),
(20171, 151070052, 'AEC1014', 'G21'),
(20171, 151070052, 'GED0903', 'G21'),
(20171, 151070052, 'GEE0918', 'G21'),
(20171, 151070053, 'AEF1004', 'B41'),
(20171, 151070053, 'AEF1020', 'B41'),
(20171, 151070053, 'AEJ1007', 'B41'),
(20171, 151070053, 'BQF1002', 'B41'),
(20171, 151070053, 'BQF1020', 'B41'),
(20171, 151070053, 'BQQ1003', 'B41'),
(20171, 151070054, 'AEM1050', 'A41'),
(20171, 151070054, 'ALA1024', 'A41'),
(20171, 151070054, 'ALF1003', 'A41'),
(20171, 151070054, 'ALM1001', 'A41'),
(20171, 151070054, 'ALM1009', 'A41'),
(20171, 151070054, 'ALM1027', 'A41'),
(20171, 151070055, 'AEF1004', 'B41'),
(20171, 151070055, 'AEF1020', 'B41'),
(20171, 151070055, 'AEJ1007', 'B41'),
(20171, 151070055, 'BQF1002', 'B41'),
(20171, 151070055, 'BQF1020', 'B41'),
(20171, 151070055, 'BQQ1003', 'B41'),
(20171, 151070058, 'ACF0902', 'B22'),
(20171, 151070058, 'AEF1004', 'B41'),
(20171, 151070058, 'BQG1021', 'B22'),
(20171, 151070058, 'BQQ1003', 'B41'),
(20171, 151070059, 'ACF0905', 'S41'),
(20171, 151070059, 'AEF1031', 'S41'),
(20171, 151070059, 'SCA1026', 'S41'),
(20171, 151070059, 'SCC1017', 'S41'),
(20171, 151070059, 'SCD1018', 'S41'),
(20171, 151070059, 'SCD1027', 'S41'),
(20171, 151070062, 'AEF1004', 'B41'),
(20171, 151070062, 'AEF1020', 'B41'),
(20171, 151070062, 'AEJ1007', 'B41'),
(20171, 151070062, 'BQF1002', 'B41'),
(20171, 151070062, 'BQF1020', 'B41'),
(20171, 151070062, 'BQQ1003', 'B41'),
(20171, 151070063, 'ACF0901', 'G11'),
(20171, 151070063, 'AEF1076', 'G41'),
(20171, 151070063, 'GED0904', 'G31'),
(20171, 151070063, 'GEF0906', 'G41'),
(20171, 151070063, 'GEF0916', 'G41'),
(20171, 151070064, 'AEM1050', 'A41'),
(20171, 151070064, 'ALA1024', 'A41'),
(20171, 151070064, 'ALF1003', 'A41'),
(20171, 151070064, 'ALM1001', 'A41'),
(20171, 151070064, 'ALM1009', 'A41'),
(20171, 151070064, 'ALM1027', 'A41'),
(20171, 151070068, 'AEF1004', 'B41'),
(20171, 151070068, 'AEF1020', 'B41'),
(20171, 151070068, 'AEJ1007', 'B41'),
(20171, 151070068, 'BQF1002', 'B41'),
(20171, 151070068, 'BQF1020', 'B41'),
(20171, 151070068, 'BQG1021', 'B22'),
(20171, 151070068, 'BQQ1003', 'B41'),
(20171, 151070069, 'ACA0907', 'B11'),
(20171, 151070069, 'ACF0901', 'B11'),
(20171, 151070069, 'AEF1057', 'B11'),
(20171, 151070069, 'BQW1005', 'B11'),
(20171, 151070070, 'ACC0906', 'S11'),
(20171, 151070070, 'ACF0901', 'S11'),
(20171, 151070070, 'ACF0902', 'S22'),
(20171, 151070070, 'ACF0903', 'S21'),
(20171, 151070070, 'AED1026', 'S31'),
(20171, 151070070, 'AEF1052', 'S22'),
(20171, 151070071, 'ACF0903', 'A21'),
(20171, 151070071, 'ALC1020', 'A21'),
(20171, 151070071, 'ALF1010', 'A21'),
(20171, 151070073, 'ACF0902', 'B21'),
(20171, 151070073, 'AEF1005', 'B21'),
(20171, 151070073, 'BQF1022', 'B21'),
(20171, 151070073, 'BQG1021', 'B21'),
(20171, 151070073, 'BQP1001', 'B21'),
(20171, 151070074, 'AEF1031', 'S41'),
(20171, 151070074, 'SCA1026', 'S41'),
(20171, 151070074, 'SCC1017', 'S41'),
(20171, 151070074, 'SCD1018', 'S41'),
(20171, 151070074, 'SCD1027', 'S41'),
(20171, 151070075, 'AEF1004', 'B41'),
(20171, 151070075, 'AEF1020', 'B41'),
(20171, 151070075, 'AEJ1007', 'B41'),
(20171, 151070075, 'BQF1002', 'B41'),
(20171, 151070075, 'BQF1020', 'B41'),
(20171, 151070075, 'BQQ1003', 'B41'),
(20171, 151070076, 'AEF1004', 'B41'),
(20171, 151070076, 'AEF1020', 'B41'),
(20171, 151070076, 'AEJ1007', 'B41'),
(20171, 151070076, 'BQF1002', 'B41'),
(20171, 151070076, 'BQF1020', 'B41'),
(20171, 151070076, 'BQQ1003', 'B41'),
(20171, 151070077, 'ACF0902', 'A21'),
(20171, 151070077, 'ACF0903', 'A21'),
(20171, 151070077, 'ALB1015', 'A21'),
(20171, 151070077, 'ALC1020', 'A21'),
(20171, 151070081, 'AEF1031', 'S41'),
(20171, 151070081, 'SCA1026', 'S41'),
(20171, 151070081, 'SCC1017', 'S41'),
(20171, 151070081, 'SCD1018', 'S41'),
(20171, 151070081, 'SCD1027', 'S41'),
(20171, 151070086, 'ACF0905', 'S41'),
(20171, 151070086, 'AEF1031', 'S41'),
(20171, 151070086, 'SCA1026', 'S41'),
(20171, 151070086, 'SCC1017', 'S41'),
(20171, 151070086, 'SCD1018', 'S41'),
(20171, 151070086, 'SCD1027', 'S41'),
(20171, 151070089, 'AEF1004', 'B41'),
(20171, 151070089, 'AEF1020', 'B41'),
(20171, 151070089, 'AEJ1007', 'B41'),
(20171, 151070089, 'BQF1002', 'B41'),
(20171, 151070089, 'BQF1020', 'B41'),
(20171, 151070089, 'BQG1021', 'B22'),
(20171, 151070089, 'BQQ1003', 'B41'),
(20171, 151070091, 'ACF0902', 'G21'),
(20171, 151070091, 'AEF1076', 'G41'),
(20171, 151070091, 'GEC0914', 'G41'),
(20171, 151070091, 'GED0917', 'G41'),
(20171, 151070091, 'GEF0906', 'G41'),
(20171, 151070091, 'GEF0916', 'G41'),
(20171, 151070096, 'AEF1004', 'B41'),
(20171, 151070096, 'AEF1020', 'B41'),
(20171, 151070096, 'AEJ1007', 'B41'),
(20171, 151070096, 'BQF1002', 'B41'),
(20171, 151070096, 'BQF1020', 'B41'),
(20171, 151070096, 'BQQ1003', 'B41'),
(20171, 151070098, 'ACF0905', 'S41'),
(20171, 151070098, 'AEF1031', 'S41'),
(20171, 151070098, 'SCA1026', 'S41'),
(20171, 151070098, 'SCC1017', 'S41'),
(20171, 151070098, 'SCD1018', 'S41'),
(20171, 151070098, 'SCD1027', 'S41'),
(20171, 151070100, 'ACF0905', 'S41'),
(20171, 151070100, 'AEF1031', 'S41'),
(20171, 151070100, 'SCA1026', 'S41'),
(20171, 151070100, 'SCC1017', 'S41'),
(20171, 151070100, 'SCD1018', 'S41'),
(20171, 151070100, 'SCD1027', 'S41'),
(20171, 151070107, 'AEF1004', 'B41'),
(20171, 151070107, 'AEF1020', 'B41'),
(20171, 151070107, 'AEJ1007', 'B41'),
(20171, 151070107, 'BQF1002', 'B41'),
(20171, 151070107, 'BQF1020', 'B41'),
(20171, 151070107, 'BQQ1003', 'B41'),
(20171, 151070108, 'ACF0903', 'G31'),
(20171, 151070108, 'AEF1076', 'G41'),
(20171, 151070108, 'GEC0914', 'G41'),
(20171, 151070108, 'GED0904', 'G31'),
(20171, 151070108, 'GEF0906', 'G41'),
(20171, 151070108, 'GEF0916', 'G41'),
(20171, 151070109, 'AEF1004', 'B41'),
(20171, 151070109, 'AEF1020', 'B41'),
(20171, 151070109, 'AEJ1007', 'B41'),
(20171, 151070109, 'BQF1002', 'B41'),
(20171, 151070109, 'BQF1020', 'B41'),
(20171, 151070109, 'BQG1021', 'B22'),
(20171, 151070109, 'BQQ1003', 'B41'),
(20171, 151070110, 'AEF1076', 'G41'),
(20171, 151070110, 'GEC0914', 'G41'),
(20171, 151070110, 'GED0917', 'G41'),
(20171, 151070110, 'GEF0906', 'G41'),
(20171, 151070110, 'GEF0916', 'G41'),
(20171, 151070111, 'AEF1004', 'B41'),
(20171, 151070111, 'AEF1020', 'B41'),
(20171, 151070111, 'AEJ1007', 'B41'),
(20171, 151070111, 'BQF1002', 'B41'),
(20171, 151070111, 'BQF1020', 'B41'),
(20171, 151070111, 'BQQ1003', 'B41'),
(20171, 151070112, 'ACF0905', 'S41'),
(20171, 151070112, 'AEF1031', 'S41'),
(20171, 151070112, 'SCA1026', 'S41'),
(20171, 151070112, 'SCC1017', 'S41'),
(20171, 151070112, 'SCD1018', 'S41'),
(20171, 151070112, 'SCD1027', 'S41'),
(20171, 151070113, 'ACF0905', 'S41'),
(20171, 151070113, 'AEF1031', 'S41'),
(20171, 151070113, 'SCA1026', 'S41'),
(20171, 151070113, 'SCC1017', 'S41'),
(20171, 151070113, 'SCD1018', 'S41'),
(20171, 151070113, 'SCD1027', 'S41'),
(20171, 151070116, 'AEM1050', 'A41'),
(20171, 151070116, 'ALA1024', 'A41'),
(20171, 151070116, 'ALF1003', 'A41'),
(20171, 151070116, 'ALM1001', 'A41'),
(20171, 151070116, 'ALM1009', 'A41'),
(20171, 151070116, 'ALM1027', 'A41'),
(20171, 151070117, 'AEM1050', 'A41'),
(20171, 151070117, 'ALA1024', 'A41'),
(20171, 151070117, 'ALF1003', 'A41'),
(20171, 151070117, 'ALM1001', 'A41'),
(20171, 151070117, 'ALM1009', 'A41'),
(20171, 151070117, 'ALM1027', 'A41'),
(20171, 151070120, 'AEF1004', 'B41'),
(20171, 151070120, 'AEF1020', 'B41'),
(20171, 151070120, 'AEJ1007', 'B41'),
(20171, 151070120, 'BQF1002', 'B41'),
(20171, 151070120, 'BQF1020', 'B41'),
(20171, 151070120, 'BQG1021', 'B22'),
(20171, 151070120, 'BQQ1003', 'B41'),
(20171, 151070122, 'ACF0904', 'S31'),
(20171, 151070122, 'AED1026', 'S31'),
(20171, 151070122, 'AEF1031', 'S41'),
(20171, 151070122, 'SCA1026', 'S41'),
(20171, 151070122, 'SCC1017', 'S41'),
(20171, 151070122, 'SCD1018', 'S41'),
(20171, 151070123, 'ACF0904', 'S31'),
(20171, 151070123, 'AEF1031', 'S41'),
(20171, 151070123, 'SCA1026', 'S41'),
(20171, 151070123, 'SCC1017', 'S41'),
(20171, 151070123, 'SCD1018', 'S41'),
(20171, 151070123, 'SCD1027', 'S41'),
(20171, 151070124, 'ACA0907', 'G22'),
(20171, 151070124, 'ACF0902', 'G22'),
(20171, 151070124, 'AEB1082', 'G22'),
(20171, 151070124, 'AEC1014', 'G22'),
(20171, 151070124, 'GED0903', 'G22'),
(20171, 151070124, 'GEE0918', 'G22'),
(20171, 151070125, 'ACF0902', 'A21'),
(20171, 151070125, 'ACF0903', 'A21'),
(20171, 151070125, 'ALC1020', 'A21'),
(20171, 151070126, 'ACF0904', 'B31'),
(20171, 151070126, 'ACF0905', 'B31'),
(20171, 151070126, 'AEF1065', 'B31'),
(20171, 151070126, 'BQF1007', 'B31'),
(20171, 151070126, 'BQF1010', 'B31'),
(20171, 151070126, 'BQF1023', 'B31'),
(20171, 151070127, 'ACF0902', 'A21'),
(20171, 151070127, 'AEM1050', 'A41'),
(20171, 151070127, 'ALA1024', 'A41'),
(20171, 151070127, 'ALM1009', 'A41'),
(20171, 151070127, 'ALM1027', 'A41'),
(20171, 151070128, 'ACF0903', 'G31'),
(20171, 151070128, 'AEF1076', 'G41'),
(20171, 151070128, 'GEC0914', 'G41'),
(20171, 151070128, 'GED0904', 'G31'),
(20171, 151070128, 'GEF0906', 'G41'),
(20171, 151070128, 'GEF0916', 'G41'),
(20171, 151070129, 'AEF1004', 'B41'),
(20171, 151070129, 'AEF1020', 'B41'),
(20171, 151070129, 'AEJ1007', 'B41'),
(20171, 151070129, 'BQF1002', 'B41'),
(20171, 151070129, 'BQF1020', 'B41'),
(20171, 151070129, 'BQQ1003', 'B41'),
(20171, 151070130, 'AEF1004', 'B41'),
(20171, 151070130, 'AEF1020', 'B41'),
(20171, 151070130, 'AEJ1007', 'B41'),
(20171, 151070130, 'BQF1002', 'B41'),
(20171, 151070130, 'BQF1020', 'B41'),
(20171, 151070130, 'BQQ1003', 'B41'),
(20171, 151070134, 'AEF1004', 'B41'),
(20171, 151070134, 'AEF1020', 'B41'),
(20171, 151070134, 'AEJ1007', 'B41'),
(20171, 151070134, 'BQF1002', 'B41'),
(20171, 151070134, 'BQF1022', 'B21'),
(20171, 151070134, 'BQQ1003', 'B41'),
(20171, 151070135, 'AEF1076', 'G41'),
(20171, 151070135, 'GEC0914', 'G41'),
(20171, 151070135, 'GED0917', 'G41'),
(20171, 151070135, 'GEF0906', 'G41'),
(20171, 151070135, 'GEF0916', 'G41'),
(20171, 151070136, 'ACF0902', 'G21'),
(20171, 151070136, 'AEC1078', 'G31'),
(20171, 151070136, 'AEF1071', 'G31'),
(20171, 151070136, 'GEE0918', 'G21'),
(20171, 151070137, 'ACC0906', 'G11'),
(20171, 151070137, 'ACF0901', 'G11'),
(20171, 151070137, 'ACF0903', 'G31'),
(20171, 151070137, 'AEF1071', 'G31'),
(20171, 151070140, 'ACF0904', 'B31'),
(20171, 151070140, 'ACF0905', 'B31'),
(20171, 151070140, 'AEF1065', 'B31'),
(20171, 151070140, 'BQF1002', 'B41'),
(20171, 151070140, 'BQF1023', 'B31'),
(20171, 151070141, 'ACF0904', 'B31'),
(20171, 151070141, 'ACF0905', 'B31'),
(20171, 151070141, 'AEF1065', 'B31'),
(20171, 151070141, 'BQF1007', 'B31'),
(20171, 151070141, 'BQF1010', 'B31'),
(20171, 151070141, 'BQF1023', 'B31'),
(20171, 151070141, 'BQP1001', 'B22'),
(20171, 151070142, 'AEF1076', 'G41'),
(20171, 151070142, 'GEC0914', 'G41'),
(20171, 151070142, 'GED0917', 'G41'),
(20171, 151070142, 'GEF0906', 'G41'),
(20171, 151070142, 'GEF0916', 'G41'),
(20171, 151070142, 'GEG0907', 'G41'),
(20171, 151070143, 'ACF0902', 'B22'),
(20171, 151070143, 'ACF0903', 'B22'),
(20171, 151070143, 'AEF1005', 'B22'),
(20171, 151070143, 'BQF1022', 'B22'),
(20171, 151070143, 'BQG1021', 'B22'),
(20171, 151070143, 'BQP1001', 'B22'),
(20171, 151070144, 'ACF0902', 'A21'),
(20171, 151070144, 'ACF0903', 'A21'),
(20171, 151070144, 'ALC1020', 'A21'),
(20171, 151070145, 'AEF1076', 'G41'),
(20171, 151070145, 'GEC0914', 'G41'),
(20171, 151070145, 'GED0917', 'G41'),
(20171, 151070145, 'GEF0906', 'G41'),
(20171, 151070145, 'GEF0916', 'G41'),
(20171, 151070145, 'GEG0907', 'G41'),
(20171, 151070146, 'AEF1004', 'B41'),
(20171, 151070146, 'AEF1020', 'B41'),
(20171, 151070146, 'BQF1002', 'B41'),
(20171, 151070146, 'BQF1020', 'B41'),
(20171, 151070146, 'BQQ1003', 'B41'),
(20171, 151070147, 'AEF1004', 'B41'),
(20171, 151070147, 'AEF1020', 'B41'),
(20171, 151070147, 'AEJ1007', 'B41'),
(20171, 151070147, 'BQF1002', 'B41'),
(20171, 151070147, 'BQF1020', 'B41'),
(20171, 151070147, 'BQQ1003', 'B41'),
(20171, 151070148, 'BQF1007', 'B31'),
(20171, 151070148, 'BQF1010', 'B31'),
(20171, 151070148, 'BQF1023', 'B31'),
(20171, 151070149, 'AEM1050', 'A41'),
(20171, 151070149, 'ALA1024', 'A41'),
(20171, 151070149, 'ALF1003', 'A41'),
(20171, 151070149, 'ALM1001', 'A41'),
(20171, 151070149, 'ALM1009', 'A41'),
(20171, 151070149, 'ALM1027', 'A41'),
(20171, 151070154, 'ACF0905', 'S41'),
(20171, 151070154, 'AEF1031', 'S41'),
(20171, 151070154, 'SCA1026', 'S41'),
(20171, 151070154, 'SCC1017', 'S41'),
(20171, 151070154, 'SCD1018', 'S41'),
(20171, 151070154, 'SCD1027', 'S41'),
(20171, 151070157, 'ACF0905', 'S41'),
(20171, 151070157, 'AEF1031', 'S41'),
(20171, 151070157, 'SCA1026', 'S41'),
(20171, 151070157, 'SCC1017', 'S41'),
(20171, 151070157, 'SCD1018', 'S41'),
(20171, 151070157, 'SCD1027', 'S41'),
(20171, 151070159, 'AEF1004', 'B41'),
(20171, 151070159, 'AEF1020', 'B41'),
(20171, 151070159, 'AEJ1007', 'B41'),
(20171, 151070159, 'BQF1002', 'B41'),
(20171, 151070159, 'BQF1020', 'B41'),
(20171, 151070159, 'BQQ1003', 'B41'),
(20171, 151070160, 'AEF1076', 'G41'),
(20171, 151070160, 'GEC0914', 'G41'),
(20171, 151070160, 'GED0917', 'G41'),
(20171, 151070160, 'GEF0906', 'G41'),
(20171, 151070160, 'GEF0916', 'G41'),
(20171, 151070161, 'AEF1031', 'S41'),
(20171, 151070161, 'SCA1026', 'S41'),
(20171, 151070161, 'SCC1017', 'S41'),
(20171, 151070161, 'SCD1018', 'S41'),
(20171, 151070161, 'SCD1027', 'S41'),
(20171, 151070162, 'AEF1076', 'G41'),
(20171, 151070162, 'GEC0914', 'G41'),
(20171, 151070162, 'GED0917', 'G41'),
(20171, 151070162, 'GEF0906', 'G41'),
(20171, 151070162, 'GEF0916', 'G41'),
(20171, 151070164, 'AEF1031', 'S41'),
(20171, 151070164, 'SCA1026', 'S41'),
(20171, 151070164, 'SCC1017', 'S41'),
(20171, 151070164, 'SCD1018', 'S41'),
(20171, 151070164, 'SCD1027', 'S41'),
(20171, 151070166, 'ACF0902', 'A21'),
(20171, 151070166, 'ACF0903', 'A21'),
(20171, 151070166, 'ALB1015', 'A21'),
(20171, 151070166, 'ALC1020', 'A21');
INSERT INTO `seleccion_materia` (`periodo`, `no_control`, `clave_materia`, `grupo`) VALUES
(20171, 151070166, 'ALF1023', 'A21'),
(20171, 151070167, 'AEF1057', 'B11'),
(20171, 151070167, 'AEF1065', 'B31'),
(20171, 151070167, 'BQF1007', 'B31'),
(20171, 151070167, 'BQF1010', 'B31'),
(20171, 151070167, 'BQP1001', 'B22'),
(20171, 151070170, 'GEC0914', 'G41'),
(20171, 151070170, 'GED0917', 'G41'),
(20171, 151070170, 'GEF0906', 'G41'),
(20171, 151070170, 'GEG0907', 'G41'),
(20171, 151070172, 'ACF0905', 'S41'),
(20171, 151070172, 'AEF1031', 'S41'),
(20171, 151070172, 'SCA1026', 'S41'),
(20171, 151070172, 'SCC1017', 'S41'),
(20171, 151070172, 'SCD1018', 'S41'),
(20171, 151070172, 'SCD1027', 'S41'),
(20171, 151070175, 'AEC1078', 'G31'),
(20171, 151070175, 'AEF1076', 'G41'),
(20171, 151070175, 'GEC0914', 'G41'),
(20171, 151070175, 'GED0917', 'G41'),
(20171, 151070175, 'GEF0906', 'G41'),
(20171, 151070175, 'GEF0916', 'G41'),
(20171, 151070175, 'GEG0907', 'G41'),
(20171, 151070177, 'ACF0903', 'B22'),
(20171, 151070177, 'BQF1022', 'B22'),
(20171, 151070177, 'BQG1021', 'B22'),
(20171, 151070178, 'AEF1076', 'G41'),
(20171, 151070178, 'GEC0914', 'G41'),
(20171, 151070178, 'GED0917', 'G41'),
(20171, 151070178, 'GEF0906', 'G41'),
(20171, 151070178, 'GEF0916', 'G41'),
(20171, 151070178, 'GEG0907', 'G41'),
(20171, 151070180, 'AEC1078', 'G31'),
(20171, 151070180, 'AEF1076', 'G41'),
(20171, 151070180, 'GEC0914', 'G41'),
(20171, 151070180, 'GED0917', 'G41'),
(20171, 151070180, 'GEF0906', 'G41'),
(20171, 151070180, 'GEF0916', 'G41'),
(20171, 151070181, 'AEF1031', 'S41'),
(20171, 151070181, 'SCA1026', 'S41'),
(20171, 151070181, 'SCC1017', 'S41'),
(20171, 151070181, 'SCD1018', 'S41'),
(20171, 151070181, 'SCD1027', 'S41'),
(20171, 151070182, 'AEC1061', 'S31'),
(20171, 151070182, 'AED1026', 'S31'),
(20171, 151070182, 'SCC1005', 'S31'),
(20171, 151070182, 'SCC1013', 'S31'),
(20171, 151070182, 'SCF1006', 'S31'),
(20171, 151070183, 'AEC1061', 'S31'),
(20171, 151070183, 'AED1026', 'S31'),
(20171, 151070183, 'SCC1005', 'S31'),
(20171, 151070183, 'SCC1013', 'S31'),
(20171, 151070183, 'SCF1006', 'S31'),
(20171, 151070184, 'AEM1050', 'A41'),
(20171, 151070184, 'ALA1024', 'A41'),
(20171, 151070184, 'ALF1003', 'A41'),
(20171, 151070184, 'ALM1001', 'A41'),
(20171, 151070184, 'ALM1009', 'A41'),
(20171, 151070184, 'ALM1027', 'A41'),
(20171, 151070185, 'AEF1076', 'G41'),
(20171, 151070185, 'GEC0914', 'G41'),
(20171, 151070185, 'GED0917', 'G41'),
(20171, 151070185, 'GEF0906', 'G41'),
(20171, 151070185, 'GEF0916', 'G41'),
(20171, 151070185, 'GEG0907', 'G41'),
(20171, 151070186, 'ACF0903', 'G31'),
(20171, 151070186, 'AEF1076', 'G41'),
(20171, 151070186, 'GEC0914', 'G41'),
(20171, 151070186, 'GED0904', 'G31'),
(20171, 151070186, 'GEF0906', 'G41'),
(20171, 151070186, 'GEF0916', 'G41'),
(20171, 151070187, 'ACF0904', 'B31'),
(20171, 151070187, 'ACF0905', 'B31'),
(20171, 151070187, 'AEF1065', 'B31'),
(20171, 151070187, 'BQF1010', 'B31'),
(20171, 151070189, 'AEC1008', 'S22'),
(20171, 151070189, 'AEF1031', 'S41'),
(20171, 151070189, 'SCA1026', 'S41'),
(20171, 151070189, 'SCC1017', 'S41'),
(20171, 151070189, 'SCD1018', 'S41'),
(20171, 151070189, 'SCD1027', 'S41'),
(20171, 151070190, 'ACF0905', 'S41'),
(20171, 151070190, 'AEF1031', 'S41'),
(20171, 151070190, 'SCA1026', 'S41'),
(20171, 151070190, 'SCC1017', 'S41'),
(20171, 151070190, 'SCD1018', 'S41'),
(20171, 151070190, 'SCD1027', 'S41'),
(20171, 151070191, 'ACF0904', 'B31'),
(20171, 151070191, 'ACF0905', 'B31'),
(20171, 151070191, 'AEF1065', 'B31'),
(20171, 151070191, 'BQF1007', 'B31'),
(20171, 151070191, 'BQF1010', 'B31'),
(20171, 151070191, 'BQF1023', 'B31'),
(20171, 151070193, 'AEF1004', 'B41'),
(20171, 151070193, 'AEF1020', 'B41'),
(20171, 151070193, 'AEJ1007', 'B41'),
(20171, 151070193, 'BQF1002', 'B41'),
(20171, 151070193, 'BQF1020', 'B41'),
(20171, 151070193, 'BQQ1003', 'B41'),
(20171, 151070195, 'AEM1050', 'A41'),
(20171, 151070195, 'ALA1024', 'A41'),
(20171, 151070195, 'ALF1003', 'A41'),
(20171, 151070195, 'ALM1001', 'A41'),
(20171, 151070195, 'ALM1009', 'A41'),
(20171, 151070195, 'ALM1027', 'A41'),
(20171, 151070196, 'ACF0902', 'B22'),
(20171, 151070196, 'ACF0903', 'B22'),
(20171, 151070196, 'AEF1005', 'B22'),
(20171, 151070196, 'BQF1022', 'B22'),
(20171, 151070196, 'BQG1021', 'B22'),
(20171, 151070196, 'BQP1001', 'B22'),
(20171, 151070197, 'ACF0901', 'G11'),
(20171, 151070197, 'ACF0903', 'G31'),
(20171, 151070197, 'AEF1071', 'G31'),
(20171, 151070197, 'AEF1076', 'G41'),
(20171, 151070197, 'GEC0913', 'G31'),
(20171, 151070199, 'ACF0901', 'G11'),
(20171, 151070199, 'ACF0903', 'G31'),
(20171, 151070199, 'GEE0918', 'G22'),
(20171, 151070200, 'AEF1076', 'G41'),
(20171, 151070200, 'GED0917', 'G41'),
(20171, 151070200, 'GEE0918', 'G21'),
(20171, 151070200, 'GEF0906', 'G41'),
(20171, 151070200, 'GEF0916', 'G41'),
(20171, 151070200, 'GEG0907', 'G41'),
(20171, 151070203, 'ACF0903', 'A21'),
(20171, 151070203, 'ALB1015', 'A21'),
(20171, 151070203, 'ALC1020', 'A21'),
(20171, 151070203, 'ALF1010', 'A21'),
(20171, 151070203, 'ALF1023', 'A21'),
(20171, 151070204, 'AEF1004', 'B41'),
(20171, 151070204, 'AEF1020', 'B41'),
(20171, 151070204, 'AEJ1007', 'B41'),
(20171, 151070204, 'BQF1002', 'B41'),
(20171, 151070204, 'BQF1020', 'B41'),
(20171, 151070204, 'BQQ1003', 'B41'),
(20171, 151070205, 'ACF0905', 'S41'),
(20171, 151070205, 'AEF1031', 'S41'),
(20171, 151070205, 'SCA1026', 'S41'),
(20171, 151070205, 'SCC1017', 'S41'),
(20171, 151070205, 'SCD1018', 'S41'),
(20171, 151070205, 'SCD1027', 'S41'),
(20171, 151070208, 'ACF0903', 'G31'),
(20171, 151070208, 'AEF1076', 'G41'),
(20171, 151070208, 'GEC0914', 'G41'),
(20171, 151070208, 'GED0904', 'G31'),
(20171, 151070208, 'GEF0906', 'G41'),
(20171, 151070208, 'GEF0916', 'G41'),
(20171, 151070209, 'AEF1004', 'B41'),
(20171, 151070209, 'AEF1020', 'B41'),
(20171, 151070209, 'AEJ1007', 'B41'),
(20171, 151070209, 'BQF1002', 'B41'),
(20171, 151070209, 'BQF1020', 'B41'),
(20171, 151070209, 'BQQ1003', 'B41'),
(20171, 151070210, 'ACF0904', 'B31'),
(20171, 151070210, 'ACF0905', 'B31'),
(20171, 151070210, 'AEF1065', 'B31'),
(20171, 151070210, 'BQF1007', 'B31'),
(20171, 151070210, 'BQF1010', 'B31'),
(20171, 151070210, 'BQF1023', 'B31'),
(20171, 151070211, 'AEF1004', 'B41'),
(20171, 151070211, 'AEF1020', 'B41'),
(20171, 151070211, 'AEJ1007', 'B41'),
(20171, 151070211, 'BQF1002', 'B41'),
(20171, 151070211, 'BQF1020', 'B41'),
(20171, 151070211, 'BQG1021', 'B22'),
(20171, 151070211, 'BQQ1003', 'B41'),
(20171, 151070212, 'ACF0904', 'B31'),
(20171, 151070212, 'ACF0905', 'B31'),
(20171, 151070212, 'AEF1065', 'B31'),
(20171, 151070212, 'BQF1007', 'B31'),
(20171, 151070212, 'BQF1010', 'B31'),
(20171, 151070212, 'BQF1023', 'B31'),
(20171, 151070213, 'ACF0903', 'G31'),
(20171, 151070213, 'AEF1076', 'G41'),
(20171, 151070213, 'GEC0914', 'G41'),
(20171, 151070213, 'GED0904', 'G31'),
(20171, 151070213, 'GEF0906', 'G41'),
(20171, 151070213, 'GEF0916', 'G41'),
(20171, 151070214, 'AEC1078', 'G31'),
(20171, 151070214, 'AEF1076', 'G41'),
(20171, 151070214, 'GEF0906', 'G41'),
(20171, 151070214, 'GEF0916', 'G41'),
(20171, 151070215, 'AEF1004', 'B41'),
(20171, 151070215, 'AEF1020', 'B41'),
(20171, 151070215, 'AEJ1007', 'B41'),
(20171, 151070215, 'BQF1002', 'B41'),
(20171, 151070215, 'BQF1020', 'B41'),
(20171, 151070215, 'BQG1021', 'B22'),
(20171, 151070215, 'BQQ1003', 'B41'),
(20171, 151070216, 'AEC1078', 'G31'),
(20171, 151070216, 'AEF1076', 'G41'),
(20171, 151070216, 'GEC0914', 'G41'),
(20171, 151070216, 'GED0917', 'G41'),
(20171, 151070216, 'GEF0906', 'G41'),
(20171, 151070216, 'GEF0916', 'G41'),
(20171, 151070216, 'GEG0907', 'G41'),
(20171, 151070218, 'ACF0905', 'S41'),
(20171, 151070218, 'AEF1031', 'S41'),
(20171, 151070218, 'SCA1026', 'S41'),
(20171, 151070218, 'SCC1017', 'S41'),
(20171, 151070218, 'SCD1018', 'S41'),
(20171, 151070218, 'SCD1027', 'S41'),
(20171, 151070221, 'AEM1050', 'A41'),
(20171, 151070221, 'ALA1024', 'A41'),
(20171, 151070221, 'ALF1003', 'A41'),
(20171, 151070221, 'ALM1001', 'A41'),
(20171, 151070221, 'ALM1009', 'A41'),
(20171, 151070221, 'ALM1027', 'A41'),
(20171, 151070226, 'ACF0902', 'B22'),
(20171, 151070226, 'BQF1007', 'B31'),
(20171, 151070226, 'BQF1022', 'B21'),
(20171, 151070226, 'BQG1021', 'B22'),
(20171, 151070226, 'BQQ1003', 'B41'),
(20171, 151070228, 'ACF0902', 'B21'),
(20171, 151070228, 'ACF0903', 'B21'),
(20171, 151070228, 'BQF1022', 'B21'),
(20171, 151070228, 'BQG1021', 'B21'),
(20171, 151070228, 'BQP1001', 'B21'),
(20171, 151070230, 'AEC1078', 'G31'),
(20171, 151070230, 'AEF1076', 'G41'),
(20171, 151070230, 'GEC0914', 'G41'),
(20171, 151070230, 'GED0917', 'G41'),
(20171, 151070230, 'GEF0906', 'G41'),
(20171, 151070230, 'GEF0916', 'G41'),
(20171, 151070231, 'AEC1078', 'G31'),
(20171, 151070231, 'AEF1076', 'G41'),
(20171, 151070231, 'GEC0914', 'G41'),
(20171, 151070231, 'GED0917', 'G41'),
(20171, 151070231, 'GEF0906', 'G41'),
(20171, 151070231, 'GEF0916', 'G41'),
(20171, 151070232, 'AEF1076', 'G41'),
(20171, 151070232, 'GEC0914', 'G41'),
(20171, 151070232, 'GED0917', 'G41'),
(20171, 151070232, 'GEF0906', 'G41'),
(20171, 151070232, 'GEF0916', 'G41'),
(20171, 151070232, 'GEG0907', 'G41'),
(20171, 151070235, 'ACF0905', 'S41'),
(20171, 151070235, 'AEF1031', 'S41'),
(20171, 151070235, 'AEF1052', 'S21'),
(20171, 151070235, 'SCC1010', 'S61'),
(20171, 151070235, 'SCC1017', 'S41'),
(20171, 151070236, 'ACF0903', 'G31'),
(20171, 151070236, 'GEC0914', 'G41'),
(20171, 151070236, 'GED0904', 'G31'),
(20171, 151070236, 'GEF0906', 'G41'),
(20171, 151070236, 'GEF0916', 'G41'),
(20171, 151070237, 'AEF1031', 'S41'),
(20171, 151070237, 'SCA1026', 'S41'),
(20171, 151070237, 'SCC1017', 'S41'),
(20171, 151070237, 'SCD1018', 'S41'),
(20171, 151070237, 'SCD1027', 'S41'),
(20171, 151070240, 'ACF0903', 'S22'),
(20171, 151070240, 'AEC1008', 'S22'),
(20171, 151070240, 'AEC1058', 'S22'),
(20171, 151070240, 'AEF1052', 'S22'),
(20171, 151070240, 'SCD1020', 'S22'),
(20171, 151070242, 'ACF0903', 'G31'),
(20171, 151070242, 'AEF1076', 'G41'),
(20171, 151070242, 'GEC0914', 'G41'),
(20171, 151070242, 'GED0904', 'G31'),
(20171, 151070242, 'GEF0906', 'G41'),
(20171, 151070242, 'GEF0916', 'G41'),
(20171, 151070243, 'ACF0903', 'G31'),
(20171, 151070243, 'AEF1076', 'G41'),
(20171, 151070243, 'GEC0914', 'G41'),
(20171, 151070243, 'GED0904', 'G31'),
(20171, 151070243, 'GEF0906', 'G41'),
(20171, 151070243, 'GEF0916', 'G41'),
(20171, 151070244, 'AEF1004', 'B41'),
(20171, 151070244, 'AEF1020', 'B41'),
(20171, 151070244, 'AEJ1007', 'B41'),
(20171, 151070244, 'BQF1002', 'B41'),
(20171, 151070244, 'BQF1020', 'B41'),
(20171, 151070244, 'BQG1021', 'B22'),
(20171, 151070244, 'BQQ1003', 'B41'),
(20171, 151070245, 'AEC1008', 'S22'),
(20171, 151070245, 'AEF1031', 'S41'),
(20171, 151070245, 'SCA1026', 'S41'),
(20171, 151070245, 'SCC1017', 'S41'),
(20171, 151070245, 'SCD1018', 'S41'),
(20171, 151070245, 'SCD1027', 'S41'),
(20171, 151070246, 'AEF1031', 'S41'),
(20171, 151070246, 'SCA1026', 'S41'),
(20171, 151070246, 'SCC1017', 'S41'),
(20171, 151070246, 'SCD1018', 'S41'),
(20171, 151070246, 'SCD1027', 'S41'),
(20171, 151070247, 'AEM1050', 'A41'),
(20171, 151070247, 'ALA1024', 'A41'),
(20171, 151070247, 'ALF1003', 'A41'),
(20171, 151070247, 'ALM1001', 'A41'),
(20171, 151070247, 'ALM1009', 'A41'),
(20171, 151070247, 'ALM1027', 'A41'),
(20171, 151070254, 'AEF1076', 'G41'),
(20171, 151070254, 'GED0917', 'G41'),
(20171, 151070254, 'GEF0906', 'G41'),
(20171, 151070254, 'GEF0916', 'G41'),
(20171, 151070257, 'AEF1031', 'S41'),
(20171, 151070257, 'SCA1026', 'S41'),
(20171, 151070257, 'SCC1017', 'S41'),
(20171, 151070257, 'SCD1018', 'S41'),
(20171, 151070257, 'SCD1027', 'S41'),
(20171, 151070259, 'ACF0902', 'S22'),
(20171, 151070259, 'ACF0903', 'S22'),
(20171, 151070259, 'AEC1008', 'S22'),
(20171, 151070259, 'AEC1058', 'S22'),
(20171, 151070259, 'AEF1052', 'S22'),
(20171, 151070259, 'SCD1020', 'S22'),
(20171, 151070261, 'ACF0902', 'B21'),
(20171, 151070261, 'AEF1057', 'B11'),
(20171, 151070261, 'BQF1007', 'B31'),
(20171, 151070261, 'BQF1010', 'B31'),
(20171, 151070261, 'BQP1001', 'B21'),
(20171, 151070266, 'AEF1004', 'B41'),
(20171, 151070266, 'AEF1020', 'B41'),
(20171, 151070266, 'AEJ1007', 'B41'),
(20171, 151070266, 'BQF1002', 'B41'),
(20171, 151070266, 'BQF1020', 'B41'),
(20171, 151070266, 'BQQ1003', 'B41'),
(20171, 151070268, 'AEF1076', 'G41'),
(20171, 151070268, 'GEC0914', 'G41'),
(20171, 151070268, 'GED0917', 'G41'),
(20171, 151070268, 'GEF0906', 'G41'),
(20171, 151070268, 'GEF0916', 'G41'),
(20171, 151070269, 'AEF1076', 'G41'),
(20171, 151070269, 'GEC0914', 'G41'),
(20171, 151070269, 'GED0917', 'G41'),
(20171, 151070269, 'GEF0906', 'G41'),
(20171, 151070269, 'GEF0916', 'G41'),
(20171, 151070270, 'AEF1004', 'B41'),
(20171, 151070270, 'AEF1020', 'B41'),
(20171, 151070270, 'BQF1002', 'B41'),
(20171, 151070270, 'BQF1022', 'B21'),
(20171, 151070270, 'BQG1021', 'B22'),
(20171, 151070270, 'BQQ1003', 'B41'),
(20171, 151070271, 'AEF1004', 'B41'),
(20171, 151070271, 'AEF1020', 'B41'),
(20171, 151070271, 'AEJ1007', 'B41'),
(20171, 151070271, 'BQF1002', 'B41'),
(20171, 151070271, 'BQF1020', 'B41'),
(20171, 151070271, 'BQG1021', 'B22'),
(20171, 151070271, 'BQQ1003', 'B41'),
(20171, 151070273, 'AEF1076', 'G41'),
(20171, 151070273, 'GEC0914', 'G41'),
(20171, 151070273, 'GED0917', 'G41'),
(20171, 151070273, 'GEF0906', 'G41'),
(20171, 151070273, 'GEF0916', 'G41'),
(20171, 151070275, 'AEF1004', 'B41'),
(20171, 151070275, 'AEF1020', 'B41'),
(20171, 151070275, 'AEJ1007', 'B41'),
(20171, 151070275, 'BQF1002', 'B41'),
(20171, 151070275, 'BQF1020', 'B41'),
(20171, 151070275, 'BQG1021', 'B22'),
(20171, 151070275, 'BQQ1003', 'B41'),
(20171, 151070276, 'ACF0904', 'B31'),
(20171, 151070276, 'ACF0905', 'B31'),
(20171, 151070276, 'AEF1065', 'B31'),
(20171, 151070276, 'BQF1007', 'B31'),
(20171, 151070276, 'BQF1010', 'B31'),
(20171, 151070276, 'BQF1023', 'B31'),
(20171, 151070277, 'AEF1004', 'B41'),
(20171, 151070277, 'AEF1020', 'B41'),
(20171, 151070277, 'AEJ1007', 'B41'),
(20171, 151070277, 'BQF1002', 'B41'),
(20171, 151070277, 'BQF1020', 'B41'),
(20171, 151070277, 'BQQ1003', 'B41'),
(20171, 151070279, 'AEF1076', 'G41'),
(20171, 151070279, 'GEC0914', 'G41'),
(20171, 151070279, 'GED0917', 'G41'),
(20171, 151070279, 'GEF0906', 'G41'),
(20171, 151070279, 'GEF0916', 'G41'),
(20171, 151070281, 'AEF1004', 'B41'),
(20171, 151070281, 'AEF1020', 'B41'),
(20171, 151070281, 'AEJ1007', 'B41'),
(20171, 151070281, 'BQF1002', 'B41'),
(20171, 151070281, 'BQF1020', 'B41'),
(20171, 151070281, 'BQQ1003', 'B41'),
(20171, 151070284, 'AEF1004', 'B41'),
(20171, 151070284, 'AEF1020', 'B41'),
(20171, 151070284, 'AEJ1007', 'B41'),
(20171, 151070284, 'BQF1002', 'B41'),
(20171, 151070284, 'BQF1020', 'B41'),
(20171, 151070284, 'BQF1023', 'B31'),
(20171, 151070284, 'BQQ1003', 'B41'),
(20171, 151070285, 'AEF1031', 'S41'),
(20171, 151070285, 'SCA1026', 'S41'),
(20171, 151070285, 'SCC1017', 'S41'),
(20171, 151070285, 'SCD1018', 'S41'),
(20171, 151070285, 'SCD1027', 'S41'),
(20171, 151070288, 'AEF1004', 'B41'),
(20171, 151070288, 'AEF1020', 'B41'),
(20171, 151070288, 'AEJ1007', 'B41'),
(20171, 151070288, 'BQF1002', 'B41'),
(20171, 151070288, 'BQF1020', 'B41'),
(20171, 151070288, 'BQQ1003', 'B41'),
(20171, 151070289, 'ACF0902', 'S21'),
(20171, 151070289, 'ACF0903', 'S21'),
(20171, 151070289, 'AEC1008', 'S21'),
(20171, 151070289, 'AEC1058', 'S21'),
(20171, 151070289, 'AEF1052', 'S21'),
(20171, 151070289, 'SCD1020', 'S21'),
(20171, 151070290, 'AEF1076', 'G41'),
(20171, 151070290, 'GEC0914', 'G41'),
(20171, 151070290, 'GED0917', 'G41'),
(20171, 151070290, 'GEF0906', 'G41'),
(20171, 151070290, 'GEF0916', 'G41'),
(20171, 151070290, 'GEG0907', 'G41'),
(20171, 151070301, 'ACF0905', 'S41'),
(20171, 151070301, 'AEF1031', 'S41'),
(20171, 151070301, 'SCA1026', 'S41'),
(20171, 151070301, 'SCC1017', 'S41'),
(20171, 151070301, 'SCD1018', 'S41'),
(20171, 151070301, 'SCD1027', 'S41'),
(20171, 151070304, 'AEC1078', 'G31'),
(20171, 151070304, 'AEF1076', 'G41'),
(20171, 151070304, 'GEC0914', 'G41'),
(20171, 151070304, 'GED0917', 'G41'),
(20171, 151070304, 'GEF0906', 'G41'),
(20171, 151070304, 'GEF0916', 'G41'),
(20171, 151070304, 'GEG0907', 'G41'),
(20171, 151070305, 'AEF1076', 'G41'),
(20171, 151070305, 'GEC0914', 'G41'),
(20171, 151070305, 'GED0917', 'G41'),
(20171, 151070305, 'GEF0906', 'G41'),
(20171, 151070305, 'GEF0916', 'G41'),
(20171, 151110151, 'AEF1076', 'G41'),
(20171, 151110151, 'GEC0914', 'G41'),
(20171, 151110151, 'GED0917', 'G41'),
(20171, 151110151, 'GEF0906', 'G41'),
(20171, 151110151, 'GEF0916', 'G41'),
(20171, 151110151, 'GEG0907', 'G41'),
(20171, 15280730, 'AEF1076', 'G41'),
(20171, 15280730, 'GEC0914', 'G41'),
(20171, 15280730, 'GED0917', 'G41'),
(20171, 15280730, 'GEF0906', 'G41'),
(20171, 15280730, 'GEF0916', 'G41'),
(20171, 16106089, 'ACF0901', 'G11'),
(20171, 16106089, 'AEF1074', 'G11'),
(20171, 16106089, 'GEC0905', 'G11'),
(20171, 16106089, 'GEC0909', 'G11'),
(20171, 16106089, 'GEF0910', 'G11'),
(20171, 161070001, 'ACF0903', 'G31'),
(20171, 161070001, 'AEC1078', 'G31'),
(20171, 161070001, 'AEF1071', 'G31'),
(20171, 161070001, 'GEC0913', 'G31'),
(20171, 161070001, 'GED0904', 'G31'),
(20171, 161070001, 'GED0921', 'G31'),
(20171, 161070002, 'ACF0903', 'G31'),
(20171, 161070002, 'AEC1078', 'G31'),
(20171, 161070002, 'AEF1071', 'G31'),
(20171, 161070002, 'GEC0913', 'G31'),
(20171, 161070002, 'GED0904', 'G31'),
(20171, 161070002, 'GED0921', 'G31'),
(20171, 161070006, 'ACF0902', 'A21'),
(20171, 161070006, 'ACF0903', 'A21'),
(20171, 161070006, 'ALB1015', 'A21'),
(20171, 161070006, 'ALC1020', 'A21'),
(20171, 161070006, 'ALF1010', 'A21'),
(20171, 161070010, 'ACF0902', 'S21'),
(20171, 161070010, 'AEC1061', 'S31'),
(20171, 161070010, 'SCC1005', 'S31'),
(20171, 161070010, 'SCC1013', 'S31'),
(20171, 161070010, 'SCD1020', 'S21'),
(20171, 161070010, 'SCF1006', 'S31'),
(20171, 161070011, 'ACF0904', 'S31'),
(20171, 161070011, 'AEC1061', 'S31'),
(20171, 161070011, 'AED1026', 'S31'),
(20171, 161070011, 'SCC1005', 'S31'),
(20171, 161070011, 'SCC1013', 'S31'),
(20171, 161070011, 'SCF1006', 'S31'),
(20171, 161070012, 'ACF0903', 'G31'),
(20171, 161070012, 'AEC1078', 'G31'),
(20171, 161070012, 'AEF1071', 'G31'),
(20171, 161070012, 'GEC0913', 'G31'),
(20171, 161070012, 'GED0904', 'G31'),
(20171, 161070013, 'ACF0903', 'G31'),
(20171, 161070013, 'AEC1078', 'G31'),
(20171, 161070013, 'AEF1071', 'G31'),
(20171, 161070013, 'GEC0913', 'G31'),
(20171, 161070013, 'GED0904', 'G31'),
(20171, 161070015, 'ACF0903', 'G31'),
(20171, 161070015, 'AEC1078', 'G31'),
(20171, 161070015, 'AEF1071', 'G31'),
(20171, 161070015, 'GEC0913', 'G31'),
(20171, 161070015, 'GED0904', 'G31'),
(20171, 161070016, 'ACF0903', 'G31'),
(20171, 161070016, 'AEC1078', 'G31'),
(20171, 161070016, 'AEF1071', 'G31'),
(20171, 161070016, 'GEC0913', 'G31'),
(20171, 161070016, 'GED0904', 'G31'),
(20171, 161070016, 'GED0921', 'G31'),
(20171, 161070018, 'ACF0902', 'S21'),
(20171, 161070018, 'AEC1061', 'S31'),
(20171, 161070018, 'SCC1005', 'S31'),
(20171, 161070018, 'SCC1013', 'S31'),
(20171, 161070018, 'SCD1020', 'S21'),
(20171, 161070018, 'SCF1006', 'S31'),
(20171, 161070019, 'ACF0904', 'S31'),
(20171, 161070019, 'AEC1061', 'S31'),
(20171, 161070019, 'AED1026', 'S31'),
(20171, 161070019, 'SCC1005', 'S31'),
(20171, 161070019, 'SCC1013', 'S31'),
(20171, 161070020, 'ACF0902', 'S21'),
(20171, 161070020, 'AEC1061', 'S31'),
(20171, 161070020, 'SCC1005', 'S31'),
(20171, 161070020, 'SCC1013', 'S31'),
(20171, 161070020, 'SCD1020', 'S21'),
(20171, 161070020, 'SCF1006', 'S31'),
(20171, 161070021, 'ACF0904', 'B31'),
(20171, 161070021, 'ACF0905', 'B31'),
(20171, 161070021, 'AEF1065', 'B31'),
(20171, 161070021, 'BQF1007', 'B31'),
(20171, 161070021, 'BQF1010', 'B31'),
(20171, 161070021, 'BQF1023', 'B31'),
(20171, 161070023, 'AEC1061', 'S31'),
(20171, 161070023, 'SCC1005', 'S31'),
(20171, 161070023, 'SCC1013', 'S31'),
(20171, 161070023, 'SCD1020', 'S21'),
(20171, 161070023, 'SCF1006', 'S31'),
(20171, 161070024, 'ACF0902', 'B21'),
(20171, 161070024, 'BQF1022', 'B22'),
(20171, 161070024, 'BQW1005', 'B11'),
(20171, 161070025, 'ACF0904', 'B31'),
(20171, 161070025, 'ACF0905', 'B31'),
(20171, 161070025, 'BQF1007', 'B31'),
(20171, 161070025, 'BQF1010', 'B31'),
(20171, 161070025, 'BQF1023', 'B31'),
(20171, 161070026, 'ACF0903', 'G31'),
(20171, 161070026, 'AEC1078', 'G31'),
(20171, 161070026, 'AEF1071', 'G31'),
(20171, 161070026, 'GEC0913', 'G31'),
(20171, 161070030, 'ACF0903', 'G31'),
(20171, 161070030, 'AEC1078', 'G31'),
(20171, 161070030, 'AEF1071', 'G31'),
(20171, 161070030, 'GEC0913', 'G31'),
(20171, 161070030, 'GED0904', 'G31'),
(20171, 161070030, 'GED0921', 'G31'),
(20171, 161070031, 'ACF0901', 'G11'),
(20171, 161070031, 'AEF1074', 'G11'),
(20171, 161070031, 'GEE0918', 'G22'),
(20171, 161070031, 'GEF0910', 'G11'),
(20171, 161070032, 'ACF0903', 'G31'),
(20171, 161070032, 'AEC1078', 'G31'),
(20171, 161070032, 'AEF1071', 'G31'),
(20171, 161070032, 'GEC0913', 'G31'),
(20171, 161070032, 'GED0904', 'G31'),
(20171, 161070034, 'ACF0903', 'G31'),
(20171, 161070034, 'AEC1078', 'G31'),
(20171, 161070034, 'AEF1071', 'G31'),
(20171, 161070034, 'GEC0913', 'G31'),
(20171, 161070034, 'GED0904', 'G31'),
(20171, 161070034, 'GED0921', 'G31'),
(20171, 161070035, 'ACF0901', 'G11'),
(20171, 161070035, 'ACF0903', 'G31'),
(20171, 161070035, 'AEC1078', 'G31'),
(20171, 161070035, 'AEF1071', 'G31'),
(20171, 161070035, 'GEC0913', 'G31'),
(20171, 161070035, 'GED0904', 'G31'),
(20171, 161070040, 'ACF0902', 'S21'),
(20171, 161070040, 'ACF0903', 'S21'),
(20171, 161070040, 'AEC1008', 'S21'),
(20171, 161070040, 'AEC1058', 'S21'),
(20171, 161070040, 'AEF1052', 'S21'),
(20171, 161070040, 'SCD1020', 'S21'),
(20171, 161070041, 'ACA0907', 'G22'),
(20171, 161070041, 'ACF0902', 'G22'),
(20171, 161070041, 'AEB1082', 'G22'),
(20171, 161070041, 'AEC1014', 'G22'),
(20171, 161070041, 'GED0903', 'G22'),
(20171, 161070041, 'GEE0918', 'G22'),
(20171, 161070042, 'ACF0902', 'S22'),
(20171, 161070042, 'ACF0903', 'S22'),
(20171, 161070042, 'AEC1008', 'S22'),
(20171, 161070042, 'AEC1058', 'S22'),
(20171, 161070042, 'AEF1052', 'S22'),
(20171, 161070042, 'SCD1020', 'S22'),
(20171, 161070043, 'ACA0907', 'G21'),
(20171, 161070043, 'ACF0902', 'G21'),
(20171, 161070043, 'AEB1082', 'G21'),
(20171, 161070043, 'AEC1014', 'G21'),
(20171, 161070043, 'GED0903', 'G21'),
(20171, 161070043, 'GEE0918', 'G21'),
(20171, 161070044, 'ACF0902', 'B21'),
(20171, 161070044, 'ACF0903', 'B21'),
(20171, 161070044, 'AEF1005', 'B21'),
(20171, 161070044, 'BQF1022', 'B21'),
(20171, 161070044, 'BQG1021', 'B21'),
(20171, 161070044, 'BQP1001', 'B21'),
(20171, 161070045, 'ACF0902', 'B22'),
(20171, 161070045, 'ACF0903', 'B22'),
(20171, 161070045, 'AEF1005', 'B22'),
(20171, 161070045, 'BQF1022', 'B22'),
(20171, 161070045, 'BQG1021', 'B22'),
(20171, 161070045, 'BQP1001', 'B22'),
(20171, 161070046, 'ACF0902', 'B21'),
(20171, 161070046, 'ACF0903', 'B21'),
(20171, 161070046, 'AEF1005', 'B21'),
(20171, 161070046, 'AEF1057', 'B11'),
(20171, 161070046, 'BQF1022', 'B21'),
(20171, 161070046, 'BQG1021', 'B21'),
(20171, 161070046, 'BQP1001', 'B21'),
(20171, 161070047, 'ACF0902', 'B21'),
(20171, 161070047, 'ACF0903', 'B21'),
(20171, 161070047, 'AEF1005', 'B21'),
(20171, 161070047, 'BQF1022', 'B21'),
(20171, 161070047, 'BQG1021', 'B21'),
(20171, 161070047, 'BQP1001', 'B21'),
(20171, 161070048, 'ACA0907', 'G21'),
(20171, 161070048, 'ACF0902', 'G21'),
(20171, 161070048, 'AEB1082', 'G21'),
(20171, 161070048, 'AEC1014', 'G21'),
(20171, 161070048, 'GED0903', 'G21'),
(20171, 161070048, 'GEE0918', 'G21'),
(20171, 161070049, 'ACF0902', 'S22'),
(20171, 161070049, 'ACF0903', 'S22'),
(20171, 161070049, 'AEC1008', 'S22'),
(20171, 161070049, 'AEC1058', 'S22'),
(20171, 161070049, 'AEF1052', 'S22'),
(20171, 161070050, 'ACF0902', 'B21'),
(20171, 161070050, 'ACF0903', 'B21'),
(20171, 161070050, 'AEF1005', 'B21'),
(20171, 161070050, 'BQF1022', 'B21'),
(20171, 161070050, 'BQG1021', 'B21'),
(20171, 161070050, 'BQP1001', 'B21'),
(20171, 161070051, 'ACF0902', 'S21'),
(20171, 161070051, 'ACF0903', 'S21'),
(20171, 161070051, 'AEC1008', 'S21'),
(20171, 161070051, 'AEC1058', 'S21'),
(20171, 161070051, 'AEF1052', 'S21'),
(20171, 161070051, 'SCD1020', 'S21'),
(20171, 161070053, 'ACF0902', 'B22'),
(20171, 161070053, 'ACF0903', 'B22'),
(20171, 161070053, 'AEF1005', 'B22'),
(20171, 161070053, 'BQF1022', 'B22'),
(20171, 161070053, 'BQG1021', 'B22'),
(20171, 161070053, 'BQP1001', 'B22'),
(20171, 161070054, 'ACF0902', 'A21'),
(20171, 161070054, 'ACF0903', 'A21'),
(20171, 161070054, 'ALB1015', 'A21'),
(20171, 161070054, 'ALC1020', 'A21'),
(20171, 161070054, 'ALF1010', 'A21'),
(20171, 161070054, 'ALF1023', 'A21'),
(20171, 161070055, 'ACA0907', 'G22'),
(20171, 161070055, 'ACF0902', 'G22'),
(20171, 161070055, 'AEB1082', 'G22'),
(20171, 161070055, 'AEC1014', 'G22'),
(20171, 161070055, 'GED0903', 'G22'),
(20171, 161070055, 'GEE0918', 'G22'),
(20171, 161070056, 'ACA0907', 'G21'),
(20171, 161070056, 'ACF0902', 'G21'),
(20171, 161070056, 'AEB1082', 'G21'),
(20171, 161070056, 'AEC1014', 'G21'),
(20171, 161070056, 'GED0903', 'G21'),
(20171, 161070056, 'GEE0918', 'G21'),
(20171, 161070057, 'ACA0907', 'G21'),
(20171, 161070057, 'ACF0902', 'G21'),
(20171, 161070057, 'AEB1082', 'G21'),
(20171, 161070057, 'AEC1014', 'G21'),
(20171, 161070057, 'GED0903', 'G21'),
(20171, 161070057, 'GEE0918', 'G21'),
(20171, 161070058, 'ACF0902', 'B21'),
(20171, 161070058, 'ACF0903', 'B21'),
(20171, 161070058, 'AEF1005', 'B21'),
(20171, 161070058, 'BQF1022', 'B21'),
(20171, 161070058, 'BQG1021', 'B21'),
(20171, 161070058, 'BQP1001', 'B21'),
(20171, 161070059, 'ACF0902', 'B21'),
(20171, 161070059, 'ACF0903', 'B21'),
(20171, 161070059, 'AEF1005', 'B21'),
(20171, 161070059, 'BQF1022', 'B21'),
(20171, 161070059, 'BQG1021', 'B21'),
(20171, 161070059, 'BQP1001', 'B21'),
(20171, 161070060, 'ACF0902', 'B21'),
(20171, 161070060, 'ACF0903', 'B21'),
(20171, 161070060, 'AEF1005', 'B21'),
(20171, 161070060, 'BQF1022', 'B21'),
(20171, 161070060, 'BQG1021', 'B21'),
(20171, 161070060, 'BQP1001', 'B21'),
(20171, 161070061, 'ACF0902', 'B21'),
(20171, 161070061, 'ACF0903', 'B21'),
(20171, 161070061, 'AEF1005', 'B21'),
(20171, 161070061, 'BQF1022', 'B21'),
(20171, 161070061, 'BQG1021', 'B21'),
(20171, 161070061, 'BQP1001', 'B21'),
(20171, 161070062, 'ACF0902', 'B21'),
(20171, 161070062, 'ACF0903', 'B21'),
(20171, 161070062, 'AEF1005', 'B21'),
(20171, 161070062, 'AEF1057', 'B11'),
(20171, 161070062, 'BQF1022', 'B21'),
(20171, 161070062, 'BQG1021', 'B21'),
(20171, 161070062, 'BQP1001', 'B21'),
(20171, 161070063, 'ACF0902', 'B21'),
(20171, 161070063, 'ACF0903', 'B21'),
(20171, 161070063, 'AEF1005', 'B21'),
(20171, 161070063, 'BQF1022', 'B21'),
(20171, 161070063, 'BQG1021', 'B21'),
(20171, 161070063, 'BQP1001', 'B21'),
(20171, 161070064, 'ACF0902', 'A21'),
(20171, 161070064, 'ACF0903', 'A21'),
(20171, 161070064, 'ALB1015', 'A21'),
(20171, 161070064, 'ALC1020', 'A21'),
(20171, 161070065, 'ACA0907', 'G22'),
(20171, 161070065, 'AEB1082', 'G22'),
(20171, 161070065, 'AEC1014', 'G22'),
(20171, 161070065, 'GED0903', 'G22'),
(20171, 161070065, 'GEE0918', 'G22'),
(20171, 161070066, 'ACA0907', 'G21'),
(20171, 161070066, 'ACF0902', 'G21'),
(20171, 161070066, 'AEB1082', 'G21'),
(20171, 161070066, 'AEC1014', 'G21'),
(20171, 161070066, 'GED0903', 'G21'),
(20171, 161070066, 'GEE0918', 'G21'),
(20171, 161070069, 'ACF0902', 'B21'),
(20171, 161070069, 'ACF0903', 'B21'),
(20171, 161070069, 'AEF1005', 'B21'),
(20171, 161070069, 'BQF1022', 'B21'),
(20171, 161070069, 'BQG1021', 'B21'),
(20171, 161070069, 'BQP1001', 'B21'),
(20171, 161070070, 'ACF0902', 'S21'),
(20171, 161070070, 'ACF0903', 'S21'),
(20171, 161070070, 'AEC1008', 'S21'),
(20171, 161070070, 'AEC1058', 'S21'),
(20171, 161070070, 'AEF1052', 'S21'),
(20171, 161070070, 'SCD1020', 'S21'),
(20171, 161070071, 'ACF0902', 'S21'),
(20171, 161070071, 'ACF0903', 'S21'),
(20171, 161070071, 'AEC1008', 'S21'),
(20171, 161070071, 'AEC1058', 'S21'),
(20171, 161070071, 'AEF1052', 'S21'),
(20171, 161070071, 'SCD1020', 'S21'),
(20171, 161070073, 'ACF0902', 'B21'),
(20171, 161070073, 'ACF0903', 'B21'),
(20171, 161070073, 'AEF1005', 'B21'),
(20171, 161070073, 'BQF1022', 'B21'),
(20171, 161070073, 'BQG1021', 'B21'),
(20171, 161070073, 'BQP1001', 'B21'),
(20171, 161070074, 'ACA0907', 'G22'),
(20171, 161070074, 'ACF0902', 'G22'),
(20171, 161070074, 'AEB1082', 'G22'),
(20171, 161070074, 'AEC1014', 'G22'),
(20171, 161070074, 'GED0903', 'G22'),
(20171, 161070074, 'GEE0918', 'G22'),
(20171, 161070075, 'ACF0902', 'B21'),
(20171, 161070075, 'ACF0903', 'B21'),
(20171, 161070075, 'AEF1005', 'B21'),
(20171, 161070075, 'BQF1022', 'B21'),
(20171, 161070075, 'BQG1021', 'B21'),
(20171, 161070075, 'BQP1001', 'B21'),
(20171, 161070077, 'ACF0902', 'S22'),
(20171, 161070077, 'ACF0903', 'S22'),
(20171, 161070077, 'AEC1008', 'S22'),
(20171, 161070077, 'AEC1058', 'S22'),
(20171, 161070077, 'AEF1052', 'S22'),
(20171, 161070077, 'SCD1020', 'S22'),
(20171, 161070078, 'ACF0902', 'S21'),
(20171, 161070078, 'ACF0903', 'S21'),
(20171, 161070078, 'AEC1008', 'S21'),
(20171, 161070078, 'AEC1058', 'S21'),
(20171, 161070078, 'AEF1052', 'S21'),
(20171, 161070078, 'SCD1020', 'S21'),
(20171, 161070079, 'ACF0902', 'B22'),
(20171, 161070079, 'ACF0903', 'B22'),
(20171, 161070079, 'AEF1005', 'B22'),
(20171, 161070079, 'BQF1022', 'B22'),
(20171, 161070079, 'BQG1021', 'B22'),
(20171, 161070079, 'BQP1001', 'B22'),
(20171, 161070080, 'ACF0902', 'A21'),
(20171, 161070080, 'ACF0903', 'A21'),
(20171, 161070080, 'ALB1015', 'A21'),
(20171, 161070080, 'ALC1020', 'A21'),
(20171, 161070080, 'ALF1010', 'A21'),
(20171, 161070080, 'ALF1023', 'A21'),
(20171, 161070083, 'ACF0902', 'B22'),
(20171, 161070083, 'ACF0903', 'B22'),
(20171, 161070083, 'AEF1005', 'B22'),
(20171, 161070083, 'BQF1022', 'B22'),
(20171, 161070083, 'BQG1021', 'B22'),
(20171, 161070083, 'BQP1001', 'B22'),
(20171, 161070084, 'ACA0907', 'G21'),
(20171, 161070084, 'ACF0902', 'G21'),
(20171, 161070084, 'AEB1082', 'G21'),
(20171, 161070084, 'AEC1014', 'G21'),
(20171, 161070084, 'GED0903', 'G21'),
(20171, 161070084, 'GEE0918', 'G21'),
(20171, 161070085, 'ACF0902', 'B21'),
(20171, 161070085, 'ACF0903', 'B21'),
(20171, 161070085, 'AEF1005', 'B21'),
(20171, 161070085, 'BQF1022', 'B21'),
(20171, 161070085, 'BQG1021', 'B21'),
(20171, 161070085, 'BQP1001', 'B21'),
(20171, 161070086, 'ACF0902', 'S22'),
(20171, 161070086, 'ACF0903', 'S22'),
(20171, 161070086, 'AEC1008', 'S22'),
(20171, 161070086, 'AEC1058', 'S22'),
(20171, 161070086, 'AEF1052', 'S22'),
(20171, 161070086, 'SCD1020', 'S22'),
(20171, 161070087, 'ACF0902', 'S22'),
(20171, 161070087, 'ACF0903', 'S22'),
(20171, 161070087, 'AEC1008', 'S22'),
(20171, 161070087, 'AEC1058', 'S22'),
(20171, 161070087, 'AEF1052', 'S22'),
(20171, 161070087, 'SCD1020', 'S22'),
(20171, 161070088, 'ACF0902', 'B22'),
(20171, 161070088, 'ACF0903', 'B22'),
(20171, 161070088, 'AEF1005', 'B22'),
(20171, 161070088, 'BQF1022', 'B22'),
(20171, 161070088, 'BQG1021', 'B22'),
(20171, 161070088, 'BQP1001', 'B22'),
(20171, 161070089, 'ACF0902', 'B21'),
(20171, 161070089, 'ACF0903', 'B22'),
(20171, 161070089, 'AEF1005', 'B21'),
(20171, 161070089, 'BQF1022', 'B21'),
(20171, 161070089, 'BQG1021', 'B22'),
(20171, 161070089, 'BQP1001', 'B21'),
(20171, 161070090, 'ACF0902', 'B22'),
(20171, 161070090, 'ACF0903', 'B22'),
(20171, 161070090, 'AEF1005', 'B22'),
(20171, 161070090, 'BQF1022', 'B22'),
(20171, 161070090, 'BQG1021', 'B22'),
(20171, 161070090, 'BQP1001', 'B22'),
(20171, 161070092, 'ACF0902', 'A21'),
(20171, 161070092, 'ACF0903', 'A21'),
(20171, 161070092, 'ALB1015', 'A21'),
(20171, 161070092, 'ALC1020', 'A21'),
(20171, 161070092, 'ALF1010', 'A21'),
(20171, 161070092, 'ALF1023', 'A21'),
(20171, 161070093, 'ACF0902', 'S21'),
(20171, 161070093, 'ACF0903', 'S21'),
(20171, 161070093, 'AEC1008', 'S21'),
(20171, 161070093, 'AEC1058', 'S21'),
(20171, 161070093, 'AEF1052', 'S21'),
(20171, 161070093, 'SCD1020', 'S21'),
(20171, 161070094, 'ACF0902', 'A21'),
(20171, 161070094, 'ACF0903', 'A21'),
(20171, 161070094, 'ALB1015', 'A21'),
(20171, 161070094, 'ALC1020', 'A21'),
(20171, 161070094, 'ALF1010', 'A21'),
(20171, 161070094, 'ALF1023', 'A21'),
(20171, 161070096, 'ACF0902', 'S21'),
(20171, 161070096, 'ACF0903', 'S21'),
(20171, 161070096, 'AEC1008', 'S21'),
(20171, 161070096, 'AEC1058', 'S21'),
(20171, 161070096, 'AEF1052', 'S21'),
(20171, 161070096, 'SCD1020', 'S21'),
(20171, 161070097, 'ACF0902', 'B22'),
(20171, 161070097, 'ACF0903', 'B22'),
(20171, 161070097, 'AEF1005', 'B22'),
(20171, 161070097, 'BQF1022', 'B22'),
(20171, 161070097, 'BQG1021', 'B22'),
(20171, 161070097, 'BQP1001', 'B22'),
(20171, 161070098, 'ACF0902', 'B21'),
(20171, 161070098, 'ACF0903', 'B21'),
(20171, 161070098, 'AEF1005', 'B21'),
(20171, 161070098, 'BQF1022', 'B21'),
(20171, 161070098, 'BQG1021', 'B21'),
(20171, 161070098, 'BQP1001', 'B21'),
(20171, 161070099, 'ACF0902', 'S21'),
(20171, 161070099, 'ACF0903', 'S21'),
(20171, 161070099, 'AEC1008', 'S21'),
(20171, 161070099, 'AEC1058', 'S21'),
(20171, 161070099, 'AEF1052', 'S21'),
(20171, 161070099, 'SCD1020', 'S21'),
(20171, 161070100, 'ACA0907', 'G22'),
(20171, 161070100, 'ACF0902', 'G22'),
(20171, 161070100, 'AEB1082', 'G22'),
(20171, 161070100, 'AEC1014', 'G22'),
(20171, 161070100, 'GED0903', 'G22'),
(20171, 161070100, 'GEE0918', 'G22'),
(20171, 161070101, 'ACF0902', 'A21'),
(20171, 161070101, 'ACF0903', 'A21'),
(20171, 161070101, 'ALB1015', 'A21'),
(20171, 161070101, 'ALC1020', 'A21'),
(20171, 161070101, 'ALF1010', 'A21'),
(20171, 161070101, 'ALF1023', 'A21'),
(20171, 161070102, 'AEB1082', 'G21'),
(20171, 161070102, 'AEC1014', 'G21'),
(20171, 161070102, 'AEF1074', 'G11'),
(20171, 161070102, 'GEC0905', 'G11'),
(20171, 161070103, 'ACA0907', 'B11'),
(20171, 161070103, 'ACC0906', 'B11'),
(20171, 161070103, 'ACF0901', 'B11'),
(20171, 161070103, 'AEF1057', 'B11'),
(20171, 161070103, 'AEO1012', 'B11'),
(20171, 161070103, 'BQW1005', 'B11'),
(20171, 161070104, 'ACF0902', 'A21'),
(20171, 161070104, 'ACF0903', 'A21'),
(20171, 161070104, 'ALB1015', 'A21'),
(20171, 161070104, 'ALC1020', 'A21'),
(20171, 161070104, 'ALF1010', 'A21'),
(20171, 161070104, 'ALF1023', 'A21'),
(20171, 161070105, 'ACF0902', 'B22'),
(20171, 161070105, 'ACF0903', 'B22'),
(20171, 161070105, 'AEF1005', 'B22'),
(20171, 161070105, 'BQF1022', 'B22'),
(20171, 161070105, 'BQG1021', 'B22'),
(20171, 161070105, 'BQP1001', 'B22'),
(20171, 161070106, 'ACF0902', 'S21'),
(20171, 161070106, 'ACF0903', 'S21'),
(20171, 161070106, 'AEC1008', 'S21'),
(20171, 161070106, 'AEC1058', 'S21'),
(20171, 161070106, 'AEF1052', 'S21'),
(20171, 161070106, 'SCD1020', 'S21'),
(20171, 161070107, 'ACF0902', 'A21'),
(20171, 161070107, 'ACF0903', 'A21'),
(20171, 161070107, 'ALB1015', 'A21'),
(20171, 161070107, 'ALC1020', 'A21'),
(20171, 161070107, 'ALF1010', 'A21'),
(20171, 161070107, 'ALF1023', 'A21'),
(20171, 161070108, 'ACF0902', 'B21'),
(20171, 161070108, 'ACF0903', 'B21'),
(20171, 161070108, 'AEF1005', 'B21'),
(20171, 161070108, 'BQF1022', 'B21'),
(20171, 161070108, 'BQG1021', 'B21'),
(20171, 161070108, 'BQP1001', 'B21'),
(20171, 161070109, 'ACA0907', 'G21'),
(20171, 161070109, 'AEC1014', 'G22'),
(20171, 161070109, 'AEF1074', 'G11'),
(20171, 161070109, 'GEC0909', 'G11'),
(20171, 161070109, 'GEE0918', 'G21'),
(20171, 161070110, 'ACF0902', 'A21'),
(20171, 161070110, 'ACF0903', 'A21'),
(20171, 161070110, 'ALB1015', 'A21'),
(20171, 161070110, 'ALC1020', 'A21'),
(20171, 161070110, 'ALF1010', 'A21'),
(20171, 161070110, 'ALF1023', 'A21'),
(20171, 161070111, 'ACA0907', 'G22'),
(20171, 161070111, 'ACF0902', 'G22'),
(20171, 161070111, 'AEB1082', 'G22'),
(20171, 161070111, 'AEC1014', 'G22'),
(20171, 161070111, 'GED0903', 'G22'),
(20171, 161070111, 'GEE0918', 'G22'),
(20171, 161070112, 'ACF0902', 'B21'),
(20171, 161070112, 'ACF0903', 'B21'),
(20171, 161070112, 'AEF1005', 'B21'),
(20171, 161070112, 'BQF1022', 'B21'),
(20171, 161070112, 'BQG1021', 'B21'),
(20171, 161070112, 'BQP1001', 'B21'),
(20171, 161070113, 'ACF0902', 'B22'),
(20171, 161070113, 'ACF0903', 'B22'),
(20171, 161070113, 'AEF1005', 'B22'),
(20171, 161070113, 'BQF1022', 'B22'),
(20171, 161070113, 'BQG1021', 'B22'),
(20171, 161070113, 'BQP1001', 'B22'),
(20171, 161070114, 'ACA0907', 'G22'),
(20171, 161070114, 'ACF0902', 'G22'),
(20171, 161070114, 'AEB1082', 'G22'),
(20171, 161070114, 'AEC1014', 'G22'),
(20171, 161070114, 'GED0903', 'G22'),
(20171, 161070114, 'GEE0918', 'G22'),
(20171, 161070115, 'ACF0902', 'B22'),
(20171, 161070115, 'ACF0903', 'B22'),
(20171, 161070115, 'AEF1005', 'B22'),
(20171, 161070115, 'BQF1022', 'B22'),
(20171, 161070115, 'BQG1021', 'B22'),
(20171, 161070115, 'BQP1001', 'B22'),
(20171, 161070116, 'ACA0907', 'G22'),
(20171, 161070116, 'ACF0902', 'G22'),
(20171, 161070116, 'AEB1082', 'G22'),
(20171, 161070116, 'AEC1014', 'G22'),
(20171, 161070116, 'GED0903', 'G22'),
(20171, 161070116, 'GEE0918', 'G22'),
(20171, 161070117, 'ACF0902', 'S22'),
(20171, 161070117, 'ACF0903', 'S22'),
(20171, 161070117, 'AEC1008', 'S22'),
(20171, 161070117, 'AEC1058', 'S22'),
(20171, 161070117, 'AEF1052', 'S22'),
(20171, 161070117, 'SCD1020', 'S22'),
(20171, 161070119, 'ACF0902', 'A21'),
(20171, 161070119, 'ACF0903', 'A21'),
(20171, 161070119, 'ALB1015', 'A21'),
(20171, 161070119, 'ALC1020', 'A21'),
(20171, 161070119, 'ALF1010', 'A21'),
(20171, 161070119, 'ALF1023', 'A21'),
(20171, 161070121, 'ACF0902', 'S21'),
(20171, 161070121, 'ACF0903', 'S21'),
(20171, 161070121, 'AEC1008', 'S21'),
(20171, 161070121, 'AEC1058', 'S21'),
(20171, 161070121, 'AEF1052', 'S21'),
(20171, 161070121, 'SCD1020', 'S21'),
(20171, 161070122, 'ACA0907', 'G21'),
(20171, 161070122, 'ACF0902', 'G21'),
(20171, 161070122, 'AEB1082', 'G21'),
(20171, 161070122, 'AEC1014', 'G21'),
(20171, 161070122, 'GED0903', 'G21'),
(20171, 161070122, 'GEE0918', 'G21'),
(20171, 161070123, 'ACF0902', 'B21'),
(20171, 161070123, 'ACF0903', 'B21'),
(20171, 161070123, 'AEF1005', 'B21'),
(20171, 161070123, 'BQF1022', 'B21'),
(20171, 161070123, 'BQG1021', 'B21'),
(20171, 161070123, 'BQP1001', 'B21'),
(20171, 161070125, 'ACF0902', 'A21'),
(20171, 161070125, 'ACF0903', 'A21'),
(20171, 161070125, 'ALB1015', 'A21'),
(20171, 161070125, 'ALC1020', 'A21'),
(20171, 161070125, 'ALF1010', 'A21'),
(20171, 161070125, 'ALF1023', 'A21'),
(20171, 161070126, 'ACA0907', 'G21'),
(20171, 161070126, 'ACF0902', 'G21'),
(20171, 161070126, 'AEB1082', 'G21'),
(20171, 161070126, 'AEC1014', 'G21'),
(20171, 161070126, 'GED0903', 'G21'),
(20171, 161070126, 'GEE0918', 'G21'),
(20171, 161070127, 'ACA0907', 'G22'),
(20171, 161070127, 'ACF0902', 'G22'),
(20171, 161070127, 'AEB1082', 'G22'),
(20171, 161070127, 'AEC1014', 'G22'),
(20171, 161070127, 'GED0903', 'G22'),
(20171, 161070127, 'GEE0918', 'G22'),
(20171, 161070129, 'ACF0902', 'B22'),
(20171, 161070129, 'ACF0903', 'B22'),
(20171, 161070129, 'AEF1005', 'B22'),
(20171, 161070129, 'BQF1022', 'B22'),
(20171, 161070129, 'BQG1021', 'B22'),
(20171, 161070129, 'BQP1001', 'B22'),
(20171, 161070130, 'ACA0907', 'G21'),
(20171, 161070130, 'ACF0902', 'G21'),
(20171, 161070130, 'AEB1082', 'G21'),
(20171, 161070130, 'AEC1014', 'G21'),
(20171, 161070130, 'GED0903', 'G21'),
(20171, 161070130, 'GEE0918', 'G21'),
(20171, 161070131, 'ACA0907', 'G21'),
(20171, 161070131, 'ACF0902', 'G21'),
(20171, 161070131, 'AEB1082', 'G21'),
(20171, 161070131, 'AEC1014', 'G21'),
(20171, 161070131, 'GED0903', 'G21'),
(20171, 161070131, 'GEE0918', 'G21'),
(20171, 161070132, 'ACF0902', 'A21'),
(20171, 161070132, 'ACF0903', 'A21'),
(20171, 161070132, 'ALB1015', 'A21'),
(20171, 161070132, 'ALC1020', 'A21'),
(20171, 161070132, 'ALF1010', 'A21'),
(20171, 161070132, 'ALF1023', 'A21'),
(20171, 161070133, 'ACF0902', 'S21'),
(20171, 161070133, 'ACF0903', 'S21'),
(20171, 161070133, 'AEC1008', 'S21'),
(20171, 161070133, 'AEC1058', 'S21'),
(20171, 161070133, 'AEF1052', 'S21'),
(20171, 161070133, 'SCD1020', 'S21'),
(20171, 161070134, 'ACA0907', 'G22'),
(20171, 161070134, 'ACF0902', 'G22'),
(20171, 161070134, 'AEB1082', 'G22'),
(20171, 161070134, 'AEC1014', 'G22'),
(20171, 161070134, 'GED0903', 'G22'),
(20171, 161070134, 'GEE0918', 'G22'),
(20171, 161070135, 'ACF0902', 'G21'),
(20171, 161070135, 'AEB1082', 'G21'),
(20171, 161070135, 'AEC1014', 'G21'),
(20171, 161070135, 'GED0903', 'G21'),
(20171, 161070135, 'GEE0918', 'G21'),
(20171, 161070136, 'ACA0907', 'G21'),
(20171, 161070136, 'ACF0902', 'G21'),
(20171, 161070136, 'AEB1082', 'G21'),
(20171, 161070136, 'AEC1014', 'G21'),
(20171, 161070136, 'GED0903', 'G21'),
(20171, 161070136, 'GEE0918', 'G21'),
(20171, 161070137, 'ACF0902', 'S21'),
(20171, 161070137, 'ACF0903', 'S21'),
(20171, 161070137, 'AEC1008', 'S21'),
(20171, 161070137, 'AEC1058', 'S21'),
(20171, 161070137, 'AEF1052', 'S21'),
(20171, 161070137, 'SCD1020', 'S21'),
(20171, 161070138, 'ACF0902', 'B21'),
(20171, 161070138, 'ACF0903', 'B21'),
(20171, 161070138, 'AEF1005', 'B21'),
(20171, 161070138, 'AEF1057', 'B11'),
(20171, 161070138, 'BQF1022', 'B21'),
(20171, 161070138, 'BQG1021', 'B21'),
(20171, 161070138, 'BQP1001', 'B21'),
(20171, 161070141, 'ACA0907', 'G22'),
(20171, 161070141, 'AEB1082', 'G22'),
(20171, 161070141, 'AEC1014', 'G22'),
(20171, 161070141, 'GED0903', 'G22'),
(20171, 161070141, 'GEE0918', 'G22'),
(20171, 161070142, 'ACF0903', 'S21'),
(20171, 161070142, 'AEC1008', 'S21'),
(20171, 161070142, 'AEC1058', 'S21'),
(20171, 161070142, 'AEF1052', 'S21'),
(20171, 161070142, 'SCD1020', 'S21'),
(20171, 161070143, 'ACF0902', 'B22'),
(20171, 161070143, 'ACF0903', 'B22'),
(20171, 161070143, 'AEF1005', 'B22'),
(20171, 161070143, 'BQF1022', 'B22'),
(20171, 161070143, 'BQG1021', 'B22'),
(20171, 161070143, 'BQP1001', 'B22'),
(20171, 161070144, 'ACF0902', 'B22'),
(20171, 161070144, 'ACF0903', 'B22'),
(20171, 161070144, 'AEF1005', 'B22'),
(20171, 161070144, 'BQF1022', 'B22'),
(20171, 161070144, 'BQG1021', 'B22'),
(20171, 161070144, 'BQP1001', 'B22'),
(20171, 161070146, 'ACA0907', 'S11'),
(20171, 161070146, 'ACC0906', 'S11'),
(20171, 161070146, 'ACF0901', 'S11'),
(20171, 161070146, 'AEF1041', 'S11'),
(20171, 161070147, 'ACF0902', 'B22'),
(20171, 161070147, 'ACF0903', 'B22'),
(20171, 161070147, 'AEF1005', 'B22'),
(20171, 161070147, 'BQF1022', 'B22'),
(20171, 161070147, 'BQG1021', 'B22'),
(20171, 161070147, 'BQP1001', 'B22'),
(20171, 161070148, 'ACF0902', 'B21'),
(20171, 161070148, 'ACF0903', 'B21'),
(20171, 161070148, 'AEF1005', 'B21'),
(20171, 161070148, 'BQF1022', 'B21'),
(20171, 161070148, 'BQG1021', 'B21'),
(20171, 161070148, 'BQP1001', 'B21'),
(20171, 161070149, 'ACA0907', 'G21'),
(20171, 161070149, 'ACF0902', 'G21'),
(20171, 161070149, 'AEB1082', 'G21'),
(20171, 161070149, 'AEC1014', 'G21'),
(20171, 161070149, 'GED0903', 'G21'),
(20171, 161070149, 'GEE0918', 'G21'),
(20171, 161070150, 'ACA0907', 'G21'),
(20171, 161070150, 'ACF0902', 'G21'),
(20171, 161070150, 'AEB1082', 'G21'),
(20171, 161070150, 'AEC1014', 'G21'),
(20171, 161070150, 'GED0903', 'G21'),
(20171, 161070150, 'GEE0918', 'G21'),
(20171, 161070151, 'ACA0907', 'G21'),
(20171, 161070151, 'ACF0902', 'G21'),
(20171, 161070151, 'AEB1082', 'G21'),
(20171, 161070151, 'AEC1014', 'G21'),
(20171, 161070151, 'GED0903', 'G21'),
(20171, 161070151, 'GEE0918', 'G21'),
(20171, 161070152, 'ACA0907', 'G22'),
(20171, 161070152, 'ACF0902', 'G22'),
(20171, 161070152, 'AEB1082', 'G22'),
(20171, 161070152, 'AEC1014', 'G22'),
(20171, 161070152, 'GED0903', 'G22'),
(20171, 161070152, 'GEE0918', 'G22'),
(20171, 161070153, 'ACF0902', 'B22'),
(20171, 161070153, 'ACF0903', 'B22'),
(20171, 161070153, 'AEF1005', 'B22'),
(20171, 161070153, 'BQF1022', 'B22'),
(20171, 161070153, 'BQG1021', 'B22'),
(20171, 161070153, 'BQP1001', 'B22'),
(20171, 161070154, 'ACA0907', 'S11'),
(20171, 161070154, 'ACC0906', 'S11'),
(20171, 161070154, 'AEF1041', 'S11'),
(20171, 161070154, 'SCD1008', 'S11'),
(20171, 161070154, 'SCH1024', 'S11'),
(20171, 161070156, 'ACF0902', 'S21'),
(20171, 161070156, 'ACF0903', 'S21'),
(20171, 161070156, 'AEC1008', 'S21'),
(20171, 161070156, 'AEC1058', 'S21'),
(20171, 161070156, 'AEF1052', 'S21'),
(20171, 161070156, 'SCD1020', 'S21'),
(20171, 161070157, 'ACF0902', 'A21'),
(20171, 161070157, 'ACF0903', 'A21'),
(20171, 161070157, 'ALB1015', 'A21'),
(20171, 161070157, 'ALC1020', 'A21'),
(20171, 161070157, 'ALF1010', 'A21'),
(20171, 161070157, 'ALF1023', 'A21'),
(20171, 161070158, 'ACF0902', 'S21'),
(20171, 161070158, 'ACF0903', 'S21'),
(20171, 161070158, 'AEC1008', 'S21'),
(20171, 161070158, 'AEC1058', 'S21'),
(20171, 161070158, 'AEF1052', 'S21'),
(20171, 161070158, 'SCD1020', 'S21'),
(20171, 161070159, 'ACF0902', 'S21'),
(20171, 161070159, 'ACF0903', 'S21'),
(20171, 161070159, 'AEC1008', 'S21'),
(20171, 161070159, 'AEC1058', 'S21'),
(20171, 161070159, 'AEF1052', 'S21'),
(20171, 161070159, 'SCD1020', 'S21'),
(20171, 161070160, 'ACA0907', 'G21'),
(20171, 161070160, 'ACF0902', 'G21'),
(20171, 161070160, 'AEB1082', 'G21'),
(20171, 161070160, 'AEC1014', 'G21'),
(20171, 161070160, 'GED0903', 'G21'),
(20171, 161070160, 'GEE0918', 'G21'),
(20171, 161070161, 'ACA0907', 'G21'),
(20171, 161070161, 'ACF0901', 'G11'),
(20171, 161070161, 'ACF0902', 'G21'),
(20171, 161070161, 'AEB1082', 'G21'),
(20171, 161070161, 'AEC1014', 'G21'),
(20171, 161070161, 'GEC0905', 'G11'),
(20171, 161070161, 'GED0903', 'G21'),
(20171, 161070161, 'GEE0918', 'G21'),
(20171, 161070162, 'ACA0907', 'B11'),
(20171, 161070162, 'ACC0906', 'B11'),
(20171, 161070162, 'ACF0901', 'B11'),
(20171, 161070162, 'ACF0902', 'B21'),
(20171, 161070162, 'AEF1005', 'B21'),
(20171, 161070162, 'AEF1057', 'B11'),
(20171, 161070162, 'BQF1022', 'B21'),
(20171, 161070162, 'BQG1021', 'B21'),
(20171, 161070162, 'BQP1001', 'B21'),
(20171, 161070163, 'ACF0902', 'A21'),
(20171, 161070163, 'ACF0903', 'A21'),
(20171, 161070163, 'ALB1015', 'A21'),
(20171, 161070163, 'ALC1020', 'A21'),
(20171, 161070163, 'ALF1010', 'A21'),
(20171, 161070163, 'ALF1023', 'A21'),
(20171, 161070164, 'ACF0901', 'S11'),
(20171, 161070164, 'ACF0903', 'S22'),
(20171, 161070164, 'AEC1008', 'S22'),
(20171, 161070164, 'AEC1058', 'S22'),
(20171, 161070164, 'AEF1052', 'S22'),
(20171, 161070165, 'ACF0902', 'S21'),
(20171, 161070165, 'ACF0903', 'S21'),
(20171, 161070165, 'AEC1008', 'S21'),
(20171, 161070165, 'AEC1058', 'S21'),
(20171, 161070165, 'AEF1052', 'S21'),
(20171, 161070165, 'SCD1020', 'S21'),
(20171, 161070167, 'ACF0902', 'B22'),
(20171, 161070167, 'ACF0903', 'B22'),
(20171, 161070167, 'AEF1005', 'B22'),
(20171, 161070167, 'BQF1022', 'B22'),
(20171, 161070167, 'BQG1021', 'B22'),
(20171, 161070167, 'BQP1001', 'B22'),
(20171, 161070168, 'ACA0907', 'G21'),
(20171, 161070168, 'ACF0902', 'G21'),
(20171, 161070168, 'AEB1082', 'G21'),
(20171, 161070168, 'AEC1014', 'G21'),
(20171, 161070168, 'GED0903', 'G21'),
(20171, 161070168, 'GEE0918', 'G21'),
(20171, 161070169, 'ACF0902', 'B21'),
(20171, 161070169, 'ACF0903', 'B21'),
(20171, 161070169, 'AEF1005', 'B21'),
(20171, 161070169, 'BQF1022', 'B21'),
(20171, 161070169, 'BQG1021', 'B21'),
(20171, 161070169, 'BQP1001', 'B21'),
(20171, 161070173, 'ACF0902', 'S22'),
(20171, 161070173, 'ACF0903', 'S22'),
(20171, 161070173, 'AEC1008', 'S22'),
(20171, 161070173, 'AEC1058', 'S22'),
(20171, 161070173, 'AEF1052', 'S22'),
(20171, 161070173, 'SCD1020', 'S22'),
(20171, 161070174, 'ACF0902', 'B22'),
(20171, 161070174, 'ACF0903', 'B22'),
(20171, 161070174, 'AEF1005', 'B22'),
(20171, 161070174, 'BQF1022', 'B22'),
(20171, 161070174, 'BQG1021', 'B22'),
(20171, 161070174, 'BQP1001', 'B22'),
(20171, 161070176, 'ACF0902', 'S22'),
(20171, 161070176, 'ACF0903', 'S22'),
(20171, 161070176, 'AEC1008', 'S22'),
(20171, 161070176, 'AEC1058', 'S22'),
(20171, 161070176, 'AEF1052', 'S22'),
(20171, 161070176, 'SCD1020', 'S22'),
(20171, 161070177, 'ACA0907', 'G22'),
(20171, 161070177, 'ACF0902', 'G22'),
(20171, 161070177, 'AEB1082', 'G22'),
(20171, 161070177, 'AEC1014', 'G22'),
(20171, 161070177, 'GED0903', 'G22'),
(20171, 161070177, 'GEE0918', 'G22'),
(20171, 161070178, 'ACF0902', 'B22'),
(20171, 161070178, 'ACF0903', 'B22'),
(20171, 161070178, 'AEF1005', 'B22'),
(20171, 161070178, 'BQF1022', 'B22'),
(20171, 161070178, 'BQG1021', 'B22'),
(20171, 161070178, 'BQP1001', 'B22'),
(20171, 161070179, 'ACF0902', 'B21'),
(20171, 161070179, 'ACF0903', 'B21'),
(20171, 161070179, 'AEF1005', 'B21'),
(20171, 161070179, 'BQF1022', 'B21'),
(20171, 161070179, 'BQG1021', 'B21'),
(20171, 161070179, 'BQP1001', 'B21'),
(20171, 161070180, 'ACF0902', 'B21'),
(20171, 161070180, 'ACF0903', 'B21'),
(20171, 161070180, 'AEF1005', 'B21'),
(20171, 161070180, 'BQF1022', 'B21'),
(20171, 161070180, 'BQG1021', 'B21'),
(20171, 161070180, 'BQP1001', 'B21'),
(20171, 161070182, 'ACA0907', 'G22'),
(20171, 161070182, 'AEB1082', 'G22'),
(20171, 161070182, 'AEC1014', 'G22'),
(20171, 161070182, 'GED0903', 'G22'),
(20171, 161070182, 'GEE0918', 'G22'),
(20171, 161070184, 'ACA0907', 'G22'),
(20171, 161070184, 'AEB1082', 'G22'),
(20171, 161070184, 'AEC1014', 'G22'),
(20171, 161070184, 'GED0903', 'G22'),
(20171, 161070184, 'GEE0918', 'G22'),
(20171, 161070185, 'ACA0907', 'G21'),
(20171, 161070185, 'ACF0902', 'G21'),
(20171, 161070185, 'AEB1082', 'G21'),
(20171, 161070185, 'AEC1014', 'G21'),
(20171, 161070185, 'GED0903', 'G21'),
(20171, 161070185, 'GEE0918', 'G21'),
(20171, 161070186, 'ACC0906', 'S11'),
(20171, 161070186, 'ACF0902', 'S21'),
(20171, 161070186, 'ACF0903', 'S21'),
(20171, 161070186, 'AEC1058', 'S21'),
(20171, 161070186, 'AEF1052', 'S21'),
(20171, 161070186, 'SCD1020', 'S21'),
(20171, 161070187, 'ACF0902', 'B22'),
(20171, 161070187, 'ACF0903', 'B22'),
(20171, 161070187, 'AEF1005', 'B22'),
(20171, 161070187, 'BQF1022', 'B22'),
(20171, 161070187, 'BQG1021', 'B22'),
(20171, 161070187, 'BQP1001', 'B22'),
(20171, 161070188, 'ACF0902', 'B22'),
(20171, 161070188, 'ACF0903', 'B22'),
(20171, 161070188, 'AEF1005', 'B22'),
(20171, 161070188, 'BQF1022', 'B22'),
(20171, 161070188, 'BQG1021', 'B22'),
(20171, 161070188, 'BQP1001', 'B22'),
(20171, 161070189, 'ACF0902', 'B21'),
(20171, 161070189, 'ACF0903', 'B21'),
(20171, 161070189, 'AEF1005', 'B21'),
(20171, 161070189, 'BQF1022', 'B21'),
(20171, 161070189, 'BQG1021', 'B21'),
(20171, 161070189, 'BQP1001', 'B21'),
(20171, 161070191, 'ACA0907', 'S11'),
(20171, 161070191, 'ACC0906', 'S11'),
(20171, 161070191, 'ACF0901', 'S11'),
(20171, 161070191, 'AEF1041', 'S11'),
(20171, 161070191, 'SCH1024', 'S11'),
(20171, 161070192, 'ACF0903', 'S22'),
(20171, 161070192, 'AEC1008', 'S22'),
(20171, 161070192, 'AEC1058', 'S22'),
(20171, 161070192, 'AEF1052', 'S22'),
(20171, 161070192, 'SCD1020', 'S22'),
(20171, 161070195, 'ACF0902', 'S21'),
(20171, 161070195, 'ACF0903', 'S21'),
(20171, 161070195, 'AEC1008', 'S21'),
(20171, 161070195, 'AEC1058', 'S21'),
(20171, 161070195, 'AEF1052', 'S21'),
(20171, 161070195, 'SCD1020', 'S21'),
(20171, 161070196, 'ACF0902', 'S22'),
(20171, 161070196, 'ACF0903', 'S22'),
(20171, 161070196, 'AEC1008', 'S22'),
(20171, 161070196, 'AEC1058', 'S22'),
(20171, 161070196, 'AEF1052', 'S22'),
(20171, 161070196, 'SCD1020', 'S22'),
(20171, 161070198, 'ACA0907', 'G22'),
(20171, 161070198, 'ACF0902', 'G22'),
(20171, 161070198, 'AEB1082', 'G22'),
(20171, 161070198, 'AEC1014', 'G22'),
(20171, 161070198, 'GED0903', 'G22'),
(20171, 161070198, 'GEE0918', 'G22'),
(20171, 161070199, 'ACF0902', 'S22'),
(20171, 161070199, 'ACF0903', 'S22'),
(20171, 161070199, 'AEC1008', 'S22'),
(20171, 161070199, 'AEC1058', 'S22'),
(20171, 161070199, 'AEF1052', 'S22'),
(20171, 161070199, 'SCD1020', 'S22'),
(20171, 161070200, 'ACF0902', 'A21'),
(20171, 161070200, 'ACF0903', 'A21'),
(20171, 161070200, 'ALB1015', 'A21'),
(20171, 161070200, 'ALC1020', 'A21'),
(20171, 161070200, 'ALF1010', 'A21'),
(20171, 161070200, 'ALF1023', 'A21'),
(20171, 161070201, 'ACA0907', 'G22'),
(20171, 161070201, 'ACF0902', 'G22'),
(20171, 161070201, 'AEB1082', 'G22'),
(20171, 161070201, 'AEC1014', 'G22'),
(20171, 161070201, 'GED0903', 'G22'),
(20171, 161070201, 'GEE0918', 'G22'),
(20171, 161070202, 'ACF0902', 'B21'),
(20171, 161070202, 'ACF0903', 'B21'),
(20171, 161070202, 'AEF1005', 'B21'),
(20171, 161070202, 'BQF1022', 'B21'),
(20171, 161070202, 'BQG1021', 'B21'),
(20171, 161070202, 'BQP1001', 'B21'),
(20171, 161070203, 'ACA0907', 'G22'),
(20171, 161070203, 'ACF0902', 'G22'),
(20171, 161070203, 'AEB1082', 'G22'),
(20171, 161070203, 'AEC1014', 'G22'),
(20171, 161070203, 'GED0903', 'G22'),
(20171, 161070203, 'GEE0918', 'G22'),
(20171, 161070204, 'ACF0902', 'S21'),
(20171, 161070204, 'ACF0903', 'S21'),
(20171, 161070204, 'AEC1008', 'S21'),
(20171, 161070204, 'AEC1058', 'S21'),
(20171, 161070204, 'AEF1052', 'S21'),
(20171, 161070204, 'SCD1020', 'S21'),
(20171, 161070205, 'ACA0907', 'G22'),
(20171, 161070205, 'AEB1082', 'G22'),
(20171, 161070205, 'AEC1014', 'G22'),
(20171, 161070205, 'GED0903', 'G22'),
(20171, 161070205, 'GEE0918', 'G22'),
(20171, 161070206, 'ACF0901', 'S11'),
(20171, 161070206, 'ACF0903', 'S22'),
(20171, 161070206, 'AEC1008', 'S22'),
(20171, 161070206, 'AEC1058', 'S22'),
(20171, 161070206, 'AEF1052', 'S22'),
(20171, 161070207, 'ACF0902', 'A21'),
(20171, 161070207, 'ACF0903', 'A21'),
(20171, 161070207, 'ALB1015', 'A21'),
(20171, 161070207, 'ALC1020', 'A21'),
(20171, 161070207, 'ALF1010', 'A21'),
(20171, 161070207, 'ALF1023', 'A21');
INSERT INTO `seleccion_materia` (`periodo`, `no_control`, `clave_materia`, `grupo`) VALUES
(20171, 161070208, 'ACF0902', 'B22'),
(20171, 161070208, 'ACF0903', 'B22'),
(20171, 161070208, 'AEF1005', 'B22'),
(20171, 161070208, 'BQF1022', 'B22'),
(20171, 161070208, 'BQG1021', 'B22'),
(20171, 161070208, 'BQP1001', 'B22'),
(20171, 161070209, 'ACA0907', 'G22'),
(20171, 161070209, 'ACF0902', 'G22'),
(20171, 161070209, 'AEB1082', 'G22'),
(20171, 161070209, 'AEC1014', 'G22'),
(20171, 161070209, 'GED0903', 'G22'),
(20171, 161070209, 'GEE0918', 'G22'),
(20171, 161070210, 'ACF0902', 'S21'),
(20171, 161070210, 'ACF0903', 'S21'),
(20171, 161070210, 'AEC1008', 'S21'),
(20171, 161070210, 'AEC1058', 'S21'),
(20171, 161070210, 'AEF1052', 'S21'),
(20171, 161070210, 'SCD1020', 'S21'),
(20171, 161070211, 'ACF0902', 'S21'),
(20171, 161070211, 'ACF0903', 'S21'),
(20171, 161070211, 'AEC1008', 'S21'),
(20171, 161070211, 'AEC1058', 'S21'),
(20171, 161070211, 'AEF1052', 'S21'),
(20171, 161070211, 'SCD1020', 'S21'),
(20171, 161070212, 'ACA0907', 'G22'),
(20171, 161070212, 'AEB1082', 'G22'),
(20171, 161070212, 'AEC1014', 'G22'),
(20171, 161070212, 'GED0903', 'G22'),
(20171, 161070212, 'GEE0918', 'G22'),
(20171, 161070213, 'ACF0902', 'S22'),
(20171, 161070213, 'ACF0903', 'S22'),
(20171, 161070213, 'AEC1008', 'S22'),
(20171, 161070213, 'AEC1058', 'S22'),
(20171, 161070213, 'AEF1052', 'S22'),
(20171, 161070213, 'SCD1020', 'S22'),
(20171, 161070214, 'ACF0902', 'B22'),
(20171, 161070214, 'ACF0903', 'B22'),
(20171, 161070214, 'AEF1005', 'B22'),
(20171, 161070214, 'BQF1022', 'B22'),
(20171, 161070214, 'BQG1021', 'B22'),
(20171, 161070214, 'BQP1001', 'B22'),
(20171, 161070215, 'ACA0907', 'S11'),
(20171, 161070215, 'ACC0906', 'S11'),
(20171, 161070215, 'ACF0901', 'S11'),
(20171, 161070215, 'AEF1041', 'S11'),
(20171, 161070215, 'SCD1008', 'S11'),
(20171, 161070216, 'ACF0902', 'A21'),
(20171, 161070216, 'ACF0903', 'A21'),
(20171, 161070216, 'ALB1015', 'A21'),
(20171, 161070216, 'ALC1020', 'A21'),
(20171, 161070216, 'ALF1010', 'A21'),
(20171, 161070216, 'ALF1023', 'A21'),
(20171, 161070217, 'ACF0902', 'S21'),
(20171, 161070217, 'ACF0903', 'S21'),
(20171, 161070217, 'AEC1008', 'S21'),
(20171, 161070217, 'AEC1058', 'S21'),
(20171, 161070217, 'AEF1052', 'S21'),
(20171, 161070217, 'SCD1020', 'S21'),
(20171, 161070218, 'ACF0902', 'S22'),
(20171, 161070218, 'ACF0903', 'S22'),
(20171, 161070218, 'AEC1008', 'S22'),
(20171, 161070218, 'AEC1058', 'S22'),
(20171, 161070218, 'AEF1052', 'S22'),
(20171, 161070218, 'SCD1020', 'S22'),
(20171, 161070220, 'ACA0907', 'G21'),
(20171, 161070220, 'ACF0902', 'G21'),
(20171, 161070220, 'AEB1082', 'G21'),
(20171, 161070220, 'AEC1014', 'G21'),
(20171, 161070220, 'GED0903', 'G21'),
(20171, 161070220, 'GEE0918', 'G21'),
(20171, 161070222, 'ACA0907', 'B11'),
(20171, 161070222, 'ACC0906', 'B11'),
(20171, 161070222, 'ACF0902', 'B21'),
(20171, 161070222, 'ACF0903', 'B21'),
(20171, 161070222, 'AEF1005', 'B21'),
(20171, 161070222, 'BQF1022', 'B21'),
(20171, 161070222, 'BQG1021', 'B21'),
(20171, 161070222, 'BQP1001', 'B21'),
(20171, 161070223, 'ACF0902', 'B21'),
(20171, 161070223, 'ACF0903', 'B21'),
(20171, 161070223, 'AEF1005', 'B21'),
(20171, 161070223, 'BQF1022', 'B21'),
(20171, 161070223, 'BQG1021', 'B21'),
(20171, 161070223, 'BQP1001', 'B21'),
(20171, 161070226, 'ACF0902', 'B21'),
(20171, 161070226, 'ACF0903', 'B21'),
(20171, 161070226, 'AEF1005', 'B21'),
(20171, 161070226, 'BQF1022', 'B21'),
(20171, 161070226, 'BQG1021', 'B21'),
(20171, 161070226, 'BQP1001', 'B21'),
(20171, 161070227, 'ACA0907', 'G21'),
(20171, 161070227, 'ACF0901', 'G11'),
(20171, 161070227, 'ACF0902', 'G21'),
(20171, 161070227, 'AEB1082', 'G21'),
(20171, 161070227, 'AEC1014', 'G21'),
(20171, 161070227, 'GED0903', 'G21'),
(20171, 161070227, 'GEE0918', 'G21'),
(20171, 161070228, 'ACF0902', 'A21'),
(20171, 161070228, 'ACF0903', 'A21'),
(20171, 161070228, 'ALB1015', 'A21'),
(20171, 161070228, 'ALC1020', 'A21'),
(20171, 161070228, 'ALF1010', 'A21'),
(20171, 161070228, 'ALF1023', 'A21'),
(20171, 161070229, 'ACF0902', 'B22'),
(20171, 161070229, 'ACF0903', 'B22'),
(20171, 161070229, 'AEF1005', 'B22'),
(20171, 161070229, 'BQF1022', 'B22'),
(20171, 161070229, 'BQG1021', 'B22'),
(20171, 161070229, 'BQP1001', 'B22'),
(20171, 161070230, 'ACA0907', 'G21'),
(20171, 161070230, 'AEC1014', 'G22'),
(20171, 161070230, 'AEF1074', 'G11'),
(20171, 161070230, 'GEC0905', 'G11'),
(20171, 161070230, 'GEE0918', 'G21'),
(20171, 161070231, 'ACF0902', 'S21'),
(20171, 161070231, 'ACF0903', 'S21'),
(20171, 161070231, 'AEC1008', 'S21'),
(20171, 161070231, 'AEC1058', 'S21'),
(20171, 161070231, 'AEF1052', 'S21'),
(20171, 161070231, 'SCD1020', 'S21'),
(20171, 161070233, 'ACF0902', 'B22'),
(20171, 161070233, 'ACF0903', 'B22'),
(20171, 161070233, 'AEF1005', 'B22'),
(20171, 161070233, 'BQF1022', 'B22'),
(20171, 161070233, 'BQG1021', 'B22'),
(20171, 161070233, 'BQP1001', 'B22'),
(20171, 161070234, 'ACF0902', 'S22'),
(20171, 161070234, 'ACF0903', 'S22'),
(20171, 161070234, 'AEC1008', 'S22'),
(20171, 161070234, 'AEC1058', 'S22'),
(20171, 161070234, 'AEF1052', 'S22'),
(20171, 161070234, 'SCD1020', 'S22'),
(20171, 161070235, 'ACF0902', 'S22'),
(20171, 161070235, 'ACF0903', 'S22'),
(20171, 161070235, 'AEC1008', 'S22'),
(20171, 161070235, 'AEC1058', 'S22'),
(20171, 161070235, 'AEF1052', 'S22'),
(20171, 161070235, 'SCD1020', 'S22'),
(20171, 161070237, 'ACF0902', 'B21'),
(20171, 161070237, 'ACF0903', 'B21'),
(20171, 161070237, 'AEF1005', 'B21'),
(20171, 161070237, 'BQF1022', 'B21'),
(20171, 161070237, 'BQG1021', 'B21'),
(20171, 161070237, 'BQP1001', 'B21'),
(20171, 161070238, 'ACF0902', 'S21'),
(20171, 161070238, 'ACF0903', 'S21'),
(20171, 161070238, 'AEC1008', 'S21'),
(20171, 161070238, 'AEC1058', 'S21'),
(20171, 161070238, 'AEF1052', 'S21'),
(20171, 161070238, 'SCD1020', 'S21'),
(20171, 161070239, 'ACF0902', 'S21'),
(20171, 161070239, 'ACF0903', 'S21'),
(20171, 161070239, 'AEC1008', 'S21'),
(20171, 161070239, 'AEC1058', 'S21'),
(20171, 161070239, 'AEF1052', 'S21'),
(20171, 161070239, 'SCD1020', 'S21'),
(20171, 161070240, 'ACF0902', 'B21'),
(20171, 161070240, 'ACF0903', 'B21'),
(20171, 161070240, 'AEF1005', 'B21'),
(20171, 161070240, 'BQF1022', 'B21'),
(20171, 161070240, 'BQG1021', 'B21'),
(20171, 161070240, 'BQP1001', 'B21'),
(20171, 161070241, 'ACF0902', 'S22'),
(20171, 161070241, 'ACF0903', 'S22'),
(20171, 161070241, 'AEC1008', 'S22'),
(20171, 161070241, 'AEC1058', 'S22'),
(20171, 161070241, 'AEF1052', 'S22'),
(20171, 161070241, 'SCD1020', 'S22'),
(20171, 161070242, 'ACF0902', 'B21'),
(20171, 161070242, 'ACF0903', 'B21'),
(20171, 161070242, 'AEF1005', 'B21'),
(20171, 161070242, 'BQF1022', 'B21'),
(20171, 161070242, 'BQG1021', 'B21'),
(20171, 161070242, 'BQP1001', 'B21'),
(20171, 161070243, 'ACF0902', 'B22'),
(20171, 161070243, 'ACF0903', 'B22'),
(20171, 161070243, 'AEF1005', 'B22'),
(20171, 161070243, 'BQF1022', 'B22'),
(20171, 161070243, 'BQG1021', 'B22'),
(20171, 161070243, 'BQP1001', 'B22'),
(20171, 161070244, 'ACF0902', 'S22'),
(20171, 161070244, 'ACF0903', 'S22'),
(20171, 161070244, 'AEC1008', 'S22'),
(20171, 161070244, 'AEC1058', 'S22'),
(20171, 161070244, 'AEF1052', 'S22'),
(20171, 161070244, 'SCD1020', 'S22'),
(20171, 161070245, 'ACF0902', 'A21'),
(20171, 161070245, 'ACF0903', 'A21'),
(20171, 161070245, 'ALB1015', 'A21'),
(20171, 161070245, 'ALC1020', 'A21'),
(20171, 161070245, 'ALF1010', 'A21'),
(20171, 161070245, 'ALF1023', 'A21'),
(20171, 161070246, 'ACA0907', 'G22'),
(20171, 161070246, 'ACF0902', 'G22'),
(20171, 161070246, 'AEB1082', 'G22'),
(20171, 161070246, 'AEC1014', 'G22'),
(20171, 161070246, 'GED0903', 'G22'),
(20171, 161070246, 'GEE0918', 'G22'),
(20171, 161070248, 'ACA0907', 'G21'),
(20171, 161070248, 'ACF0902', 'G21'),
(20171, 161070248, 'AEB1082', 'G21'),
(20171, 161070248, 'AEC1014', 'G21'),
(20171, 161070248, 'GED0903', 'G21'),
(20171, 161070248, 'GEE0918', 'G21'),
(20171, 161070249, 'ACF0903', 'S22'),
(20171, 161070249, 'AEC1008', 'S22'),
(20171, 161070249, 'AEC1058', 'S22'),
(20171, 161070249, 'AEF1052', 'S22'),
(20171, 161070249, 'SCD1020', 'S22'),
(20171, 161070250, 'ACF0902', 'B22'),
(20171, 161070250, 'ACF0903', 'B22'),
(20171, 161070250, 'AEF1005', 'B22'),
(20171, 161070250, 'BQF1022', 'B22'),
(20171, 161070250, 'BQG1021', 'B22'),
(20171, 161070250, 'BQP1001', 'B22'),
(20171, 161070251, 'ACF0902', 'A21'),
(20171, 161070251, 'ACF0903', 'A21'),
(20171, 161070251, 'ALB1015', 'A21'),
(20171, 161070251, 'ALC1020', 'A21'),
(20171, 161070251, 'ALF1010', 'A21'),
(20171, 161070251, 'ALF1023', 'A21'),
(20171, 161070252, 'ACF0902', 'B22'),
(20171, 161070252, 'ACF0903', 'B22'),
(20171, 161070252, 'AEF1005', 'B22'),
(20171, 161070252, 'BQF1022', 'B22'),
(20171, 161070252, 'BQG1021', 'B22'),
(20171, 161070252, 'BQP1001', 'B22'),
(20171, 161070253, 'ACF0902', 'B22'),
(20171, 161070253, 'ACF0903', 'B22'),
(20171, 161070253, 'AEF1005', 'B22'),
(20171, 161070253, 'BQF1022', 'B22'),
(20171, 161070253, 'BQG1021', 'B22'),
(20171, 161070253, 'BQP1001', 'B22'),
(20171, 161070255, 'ACA0907', 'G21'),
(20171, 161070255, 'ACF0902', 'G21'),
(20171, 161070255, 'AEB1082', 'G21'),
(20171, 161070255, 'AEC1014', 'G21'),
(20171, 161070255, 'GED0903', 'G21'),
(20171, 161070255, 'GEE0918', 'G21'),
(20171, 161070256, 'ACF0902', 'B22'),
(20171, 161070256, 'ACF0903', 'B22'),
(20171, 161070256, 'AEF1005', 'B22'),
(20171, 161070256, 'BQF1022', 'B22'),
(20171, 161070256, 'BQG1021', 'B22'),
(20171, 161070256, 'BQP1001', 'B22'),
(20171, 161070257, 'ACF0902', 'S21'),
(20171, 161070257, 'ACF0903', 'S21'),
(20171, 161070257, 'AEC1008', 'S21'),
(20171, 161070257, 'AEC1058', 'S21'),
(20171, 161070257, 'AEF1052', 'S21'),
(20171, 161070257, 'SCD1020', 'S21'),
(20171, 161070258, 'ACA0907', 'G21'),
(20171, 161070258, 'ACF0902', 'G21'),
(20171, 161070258, 'AEB1082', 'G21'),
(20171, 161070258, 'AEC1014', 'G21'),
(20171, 161070258, 'GED0903', 'G21'),
(20171, 161070258, 'GEE0918', 'G21'),
(20171, 161070259, 'ACA0907', 'G22'),
(20171, 161070259, 'ACF0902', 'G22'),
(20171, 161070259, 'AEB1082', 'G22'),
(20171, 161070259, 'AEC1014', 'G22'),
(20171, 161070259, 'GED0903', 'G22'),
(20171, 161070259, 'GEE0918', 'G22'),
(20171, 161070261, 'ACA0907', 'G22'),
(20171, 161070261, 'ACF0902', 'G22'),
(20171, 161070261, 'AEB1082', 'G22'),
(20171, 161070261, 'AEC1014', 'G22'),
(20171, 161070261, 'GED0903', 'G22'),
(20171, 161070261, 'GEE0918', 'G22'),
(20171, 161070264, 'ACF0902', 'B22'),
(20171, 161070264, 'ACF0903', 'B22'),
(20171, 161070264, 'AEF1005', 'B22'),
(20171, 161070264, 'BQF1022', 'B21'),
(20171, 161070264, 'BQG1021', 'B22'),
(20171, 161070264, 'BQP1001', 'B22'),
(20171, 161070265, 'ACF0903', 'B22'),
(20171, 161070265, 'AEF1005', 'B22'),
(20171, 161070265, 'BQF1022', 'B22'),
(20171, 161070265, 'BQG1021', 'B22'),
(20171, 161070265, 'BQP1001', 'B22'),
(20171, 161070268, 'ACF0902', 'A21'),
(20171, 161070268, 'ACF0903', 'A21'),
(20171, 161070268, 'ALB1015', 'A21'),
(20171, 161070268, 'ALC1020', 'A21'),
(20171, 161070268, 'ALF1010', 'A21'),
(20171, 161070268, 'ALF1023', 'A21'),
(20171, 161070269, 'ACA0907', 'G22'),
(20171, 161070269, 'ACF0902', 'G22'),
(20171, 161070269, 'AEB1082', 'G22'),
(20171, 161070269, 'AEC1014', 'G22'),
(20171, 161070269, 'GED0903', 'G22'),
(20171, 161070269, 'GEE0918', 'G22'),
(20171, 161070270, 'ACA0907', 'G22'),
(20171, 161070270, 'ACF0902', 'G22'),
(20171, 161070270, 'AEB1082', 'G22'),
(20171, 161070270, 'AEC1014', 'G22'),
(20171, 161070270, 'GED0903', 'G22'),
(20171, 161070270, 'GEE0918', 'G22'),
(20171, 161070272, 'ACF0902', 'B22'),
(20171, 161070272, 'ACF0903', 'B22'),
(20171, 161070272, 'AEF1005', 'B22'),
(20171, 161070272, 'BQF1022', 'B22'),
(20171, 161070272, 'BQG1021', 'B22'),
(20171, 161070272, 'BQP1001', 'B22'),
(20171, 161070273, 'ACF0902', 'A21'),
(20171, 161070273, 'ACF0903', 'A21'),
(20171, 161070273, 'ALB1015', 'A21'),
(20171, 161070273, 'ALC1020', 'A21'),
(20171, 161070273, 'ALF1010', 'A21'),
(20171, 161070273, 'ALF1023', 'A21'),
(20171, 161070274, 'ACF0903', 'B22'),
(20171, 161070274, 'AEF1005', 'B22'),
(20171, 161070274, 'BQP1001', 'B22'),
(20171, 161070275, 'ACF0902', 'S22'),
(20171, 161070275, 'ACF0903', 'S22'),
(20171, 161070275, 'AEC1008', 'S22'),
(20171, 161070275, 'AEC1058', 'S22'),
(20171, 161070275, 'AEF1052', 'S22'),
(20171, 161070275, 'SCD1020', 'S22'),
(20171, 161070276, 'ACA0907', 'G21'),
(20171, 161070276, 'ACF0902', 'G21'),
(20171, 161070276, 'AEB1082', 'G21'),
(20171, 161070276, 'AEC1014', 'G21'),
(20171, 161070276, 'GED0903', 'G21'),
(20171, 161070276, 'GEE0918', 'G21'),
(20171, 161070277, 'ACA0907', 'G22'),
(20171, 161070277, 'ACF0902', 'G22'),
(20171, 161070277, 'AEB1082', 'G22'),
(20171, 161070277, 'AEC1014', 'G22'),
(20171, 161070277, 'GED0903', 'G22'),
(20171, 161070277, 'GEE0918', 'G22'),
(20171, 161070278, 'ACF0902', 'S21'),
(20171, 161070278, 'ACF0903', 'S21'),
(20171, 161070278, 'AEC1008', 'S21'),
(20171, 161070278, 'AEC1058', 'S21'),
(20171, 161070278, 'AEF1052', 'S21'),
(20171, 161070278, 'SCD1020', 'S21'),
(20171, 161070279, 'ACF0902', 'B22'),
(20171, 161070279, 'ACF0903', 'B22'),
(20171, 161070279, 'AEF1005', 'B22'),
(20171, 161070279, 'BQF1022', 'B22'),
(20171, 161070279, 'BQG1021', 'B22'),
(20171, 161070279, 'BQP1001', 'B22'),
(20171, 161070280, 'ACF0902', 'S22'),
(20171, 161070280, 'ACF0903', 'S22'),
(20171, 161070280, 'AEC1008', 'S22'),
(20171, 161070280, 'AEC1058', 'S22'),
(20171, 161070280, 'AEF1052', 'S22'),
(20171, 161070280, 'SCD1020', 'S22'),
(20171, 161070282, 'ACF0902', 'B21'),
(20171, 161070282, 'ACF0903', 'B21'),
(20171, 161070282, 'AEF1005', 'B21'),
(20171, 161070282, 'BQF1022', 'B21'),
(20171, 161070282, 'BQG1021', 'B21'),
(20171, 161070282, 'BQP1001', 'B21'),
(20171, 161070283, 'ACF0902', 'B21'),
(20171, 161070283, 'ACF0903', 'B21'),
(20171, 161070283, 'AEF1005', 'B21'),
(20171, 161070283, 'BQF1022', 'B21'),
(20171, 161070283, 'BQG1021', 'B21'),
(20171, 161070283, 'BQP1001', 'B21'),
(20171, 161070284, 'ACF0901', 'S11'),
(20171, 161070284, 'ACF0903', 'S22'),
(20171, 161070284, 'AEC1008', 'S22'),
(20171, 161070284, 'AEC1058', 'S22'),
(20171, 161070284, 'AEF1052', 'S22'),
(20171, 161070285, 'ACF0902', 'S22'),
(20171, 161070285, 'ACF0903', 'S22'),
(20171, 161070285, 'AEC1008', 'S22'),
(20171, 161070285, 'AEC1058', 'S22'),
(20171, 161070285, 'AEF1052', 'S22'),
(20171, 161070285, 'SCD1020', 'S22'),
(20171, 161070286, 'ACF0902', 'B21'),
(20171, 161070286, 'ACF0903', 'B21'),
(20171, 161070286, 'AEF1005', 'B21'),
(20171, 161070286, 'AEF1057', 'B11'),
(20171, 161070286, 'BQF1022', 'B21'),
(20171, 161070286, 'BQG1021', 'B21'),
(20171, 161070286, 'BQP1001', 'B21'),
(20171, 161070287, 'ACF0902', 'B22'),
(20171, 161070287, 'ACF0903', 'B22'),
(20171, 161070287, 'AEF1005', 'B22'),
(20171, 161070287, 'BQF1022', 'B22'),
(20171, 161070287, 'BQG1021', 'B22'),
(20171, 161070287, 'BQP1001', 'B22'),
(20171, 161070288, 'ACA0907', 'G22'),
(20171, 161070288, 'ACF0902', 'G22'),
(20171, 161070288, 'AEB1082', 'G22'),
(20171, 161070288, 'AEC1014', 'G22'),
(20171, 161070288, 'GED0903', 'G22'),
(20171, 161070288, 'GEE0918', 'G22'),
(20171, 161070290, 'ACA0907', 'G22'),
(20171, 161070290, 'ACF0902', 'G22'),
(20171, 161070290, 'AEB1082', 'G22'),
(20171, 161070290, 'AEC1014', 'G22'),
(20171, 161070290, 'GED0903', 'G22'),
(20171, 161070290, 'GEE0918', 'G22'),
(20171, 161070291, 'ACF0902', 'B22'),
(20171, 161070291, 'ACF0903', 'B22'),
(20171, 161070291, 'AEF1005', 'B22'),
(20171, 161070291, 'BQF1022', 'B22'),
(20171, 161070291, 'BQG1021', 'B22'),
(20171, 161070291, 'BQP1001', 'B22'),
(20171, 161070292, 'ACA0907', 'G22'),
(20171, 161070292, 'ACF0902', 'G22'),
(20171, 161070292, 'AEB1082', 'G22'),
(20171, 161070292, 'AEC1014', 'G22'),
(20171, 161070292, 'GED0903', 'G22'),
(20171, 161070292, 'GEE0918', 'G22'),
(20171, 161070293, 'ACF0902', 'S22'),
(20171, 161070293, 'ACF0903', 'S22'),
(20171, 161070293, 'AEC1008', 'S22'),
(20171, 161070293, 'AEC1058', 'S22'),
(20171, 161070293, 'AEF1052', 'S22'),
(20171, 161070293, 'SCD1020', 'S22'),
(20171, 161070294, 'ACF0902', 'B22'),
(20171, 161070294, 'ACF0903', 'B22'),
(20171, 161070294, 'AEF1005', 'B22'),
(20171, 161070294, 'BQF1022', 'B22'),
(20171, 161070294, 'BQG1021', 'B22'),
(20171, 161070294, 'BQP1001', 'B22'),
(20171, 161070297, 'ACA0907', 'G22'),
(20171, 161070297, 'ACF0902', 'G22'),
(20171, 161070297, 'AEB1082', 'G22'),
(20171, 161070297, 'AEC1014', 'G22'),
(20171, 161070297, 'GED0903', 'G22'),
(20171, 161070297, 'GEE0918', 'G22'),
(20171, 161070298, 'ACF0902', 'S22'),
(20171, 161070298, 'ACF0903', 'S22'),
(20171, 161070298, 'AEC1008', 'S22'),
(20171, 161070298, 'AEC1058', 'S22'),
(20171, 161070298, 'AEF1052', 'S22'),
(20171, 161070298, 'SCD1020', 'S22'),
(20171, 161070299, 'ACA0907', 'S11'),
(20171, 161070299, 'ACF0901', 'S11'),
(20171, 161070299, 'AEF1041', 'S11'),
(20171, 161070299, 'SCD1008', 'S11'),
(20171, 161070299, 'SCH1024', 'S11'),
(20171, 161070300, 'ACF0902', 'B21'),
(20171, 161070300, 'ACF0903', 'B21'),
(20171, 161070300, 'AEF1005', 'B21'),
(20171, 161070300, 'BQF1022', 'B21'),
(20171, 161070300, 'BQG1021', 'B21'),
(20171, 161070300, 'BQP1001', 'B21'),
(20171, 161070301, 'ACA0907', 'G21'),
(20171, 161070301, 'ACF0902', 'G21'),
(20171, 161070301, 'AEB1082', 'G21'),
(20171, 161070301, 'AEC1014', 'G21'),
(20171, 161070301, 'GED0903', 'G21'),
(20171, 161070301, 'GEE0918', 'G21'),
(20171, 161070303, 'ACF0902', 'S22'),
(20171, 161070303, 'ACF0903', 'S22'),
(20171, 161070303, 'AEC1008', 'S22'),
(20171, 161070303, 'AEC1058', 'S22'),
(20171, 161070303, 'AEF1052', 'S22'),
(20171, 161070303, 'SCD1020', 'S22'),
(20171, 161070304, 'ACF0902', 'S22'),
(20171, 161070304, 'ACF0903', 'S22'),
(20171, 161070304, 'AEC1008', 'S22'),
(20171, 161070304, 'AEC1058', 'S22'),
(20171, 161070304, 'AEF1052', 'S22'),
(20171, 161070304, 'SCD1020', 'S22'),
(20171, 161070308, 'ACA0907', 'G22'),
(20171, 161070308, 'ACF0902', 'G22'),
(20171, 161070308, 'AEB1082', 'G22'),
(20171, 161070308, 'AEC1014', 'G22'),
(20171, 161070308, 'GED0903', 'G22'),
(20171, 161070308, 'GEE0918', 'G22'),
(20171, 161070311, 'ACF0902', 'B22'),
(20171, 161070311, 'ACF0903', 'B22'),
(20171, 161070311, 'AEF1005', 'B22'),
(20171, 161070311, 'BQF1022', 'B22'),
(20171, 161070311, 'BQG1021', 'B22'),
(20171, 161070311, 'BQP1001', 'B22'),
(20171, 161070314, 'ACF0902', 'S21'),
(20171, 161070314, 'ACF0903', 'S21'),
(20171, 161070314, 'AEC1008', 'S21'),
(20171, 161070314, 'AEC1058', 'S21'),
(20171, 161070314, 'AEF1052', 'S21'),
(20171, 161070314, 'SCC1017', 'S41'),
(20171, 161070314, 'SCD1020', 'S21'),
(20171, 161070315, 'ACF0902', 'B22'),
(20171, 161070315, 'ACF0903', 'B22'),
(20171, 161070315, 'AEF1005', 'B22'),
(20171, 161070315, 'BQF1022', 'B22'),
(20171, 161070315, 'BQG1021', 'B22'),
(20171, 161070315, 'BQP1001', 'B22'),
(20171, 161070316, 'ACA0907', 'S11'),
(20171, 161070316, 'ACF0901', 'S11'),
(20171, 161070316, 'AEF1041', 'S11'),
(20171, 161070316, 'SCD1008', 'S11'),
(20171, 161070317, 'ACF0902', 'B21'),
(20171, 161070317, 'ACF0903', 'B21'),
(20171, 161070317, 'AEF1005', 'B21'),
(20171, 161070317, 'BQF1022', 'B21'),
(20171, 161070317, 'BQG1021', 'B21'),
(20171, 161070317, 'BQP1001', 'B21'),
(20171, 161070318, 'ACF0902', 'B21'),
(20171, 161070318, 'ACF0903', 'B21'),
(20171, 161070318, 'AEF1005', 'B21'),
(20171, 161070318, 'BQF1022', 'B21'),
(20171, 161070318, 'BQG1021', 'B21'),
(20171, 161070318, 'BQP1001', 'B21'),
(20171, 161070319, 'ACF0902', 'B22'),
(20171, 161070319, 'ACF0903', 'B22'),
(20171, 161070319, 'AEF1005', 'B22'),
(20171, 161070319, 'AEF1057', 'B11'),
(20171, 161070319, 'BQP1001', 'B22'),
(20171, 161070320, 'ACF0902', 'B21'),
(20171, 161070320, 'ACF0903', 'B21'),
(20171, 161070320, 'AEF1005', 'B21'),
(20171, 161070320, 'BQF1022', 'B21'),
(20171, 161070320, 'BQG1021', 'B21'),
(20171, 161070320, 'BQP1001', 'B21'),
(20171, 161070321, 'ACF0902', 'B21'),
(20171, 161070321, 'ACF0903', 'B21'),
(20171, 161070321, 'AEF1005', 'B21'),
(20171, 161070321, 'AEF1057', 'B11'),
(20171, 161070321, 'BQF1022', 'B21'),
(20171, 161070321, 'BQG1021', 'B21'),
(20171, 161070321, 'BQP1001', 'B21'),
(20171, 161070326, 'ACF0902', 'B21'),
(20171, 161070326, 'ACF0903', 'B21'),
(20171, 161070326, 'AEF1005', 'B21'),
(20171, 161070326, 'BQF1022', 'B21'),
(20171, 161070326, 'BQG1021', 'B21'),
(20171, 161070326, 'BQP1001', 'B21'),
(20171, 161070327, 'ACF0902', 'B21'),
(20171, 161070327, 'ACF0903', 'B21'),
(20171, 161070327, 'AEF1005', 'B21'),
(20171, 161070327, 'BQF1022', 'B21'),
(20171, 161070327, 'BQG1021', 'B21'),
(20171, 161070327, 'BQP1001', 'B21'),
(20171, 161070328, 'ACF0902', 'B21'),
(20171, 161070328, 'ACF0903', 'B21'),
(20171, 161070328, 'AEF1005', 'B21'),
(20171, 161070328, 'BQF1022', 'B21'),
(20171, 161070328, 'BQG1021', 'B21'),
(20171, 161070328, 'BQP1001', 'B21'),
(20171, 161070329, 'ACF0902', 'B21'),
(20171, 161070329, 'ACF0903', 'B21'),
(20171, 161070329, 'AEF1005', 'B21'),
(20171, 161070329, 'BQF1022', 'B21'),
(20171, 161070329, 'BQG1021', 'B21'),
(20171, 161070329, 'BQP1001', 'B21'),
(20171, 161070331, 'ACF0902', 'B22'),
(20171, 161070331, 'ACF0903', 'B22'),
(20171, 161070331, 'AEF1005', 'B22'),
(20171, 161070331, 'BQF1022', 'B22'),
(20171, 161070331, 'BQG1021', 'B22'),
(20171, 161070331, 'BQP1001', 'B22'),
(20171, 161070332, 'ACF0902', 'B21'),
(20171, 161070332, 'ACF0903', 'B21'),
(20171, 161070332, 'AEF1005', 'B21'),
(20171, 161070332, 'BQF1022', 'B21'),
(20171, 161070332, 'BQG1021', 'B21'),
(20171, 161070332, 'BQP1001', 'B21'),
(20171, 161070333, 'ACF0902', 'B21'),
(20171, 161070333, 'ACF0903', 'B21'),
(20171, 161070333, 'AEF1005', 'B21'),
(20171, 161070333, 'BQF1022', 'B21'),
(20171, 161070333, 'BQG1021', 'B21'),
(20171, 161070333, 'BQP1001', 'B21'),
(20171, 161070334, 'ACF0902', 'B22'),
(20171, 161070334, 'ACF0903', 'B22'),
(20171, 161070334, 'AEF1005', 'B22'),
(20171, 161070334, 'BQF1022', 'B22'),
(20171, 161070334, 'BQG1021', 'B22'),
(20171, 161070334, 'BQP1001', 'B22'),
(20171, 161070335, 'ACF0902', 'B22'),
(20171, 161070335, 'ACF0903', 'B22'),
(20171, 161070335, 'AEF1005', 'B22'),
(20171, 161070335, 'BQF1022', 'B22'),
(20171, 161070335, 'BQG1021', 'B22'),
(20171, 161070335, 'BQP1001', 'B22'),
(20171, 161070337, 'ACF0902', 'B22'),
(20171, 161070337, 'ACF0903', 'B22'),
(20171, 161070337, 'AEF1005', 'B22'),
(20171, 161070337, 'BQF1022', 'B22'),
(20171, 161070337, 'BQG1021', 'B22'),
(20171, 161070337, 'BQP1001', 'B22'),
(20171, 161070338, 'ACF0902', 'A21'),
(20171, 161070338, 'ACF0903', 'A21'),
(20171, 161070338, 'ALB1015', 'A21'),
(20171, 161070338, 'ALC1020', 'A21'),
(20171, 161070338, 'ALF1010', 'A21'),
(20171, 161070338, 'ALF1023', 'A21'),
(20171, 161070339, 'ACA0907', 'G21'),
(20171, 161070339, 'ACF0902', 'G21'),
(20171, 161070339, 'AEB1082', 'G21'),
(20171, 161070339, 'AEC1014', 'G21'),
(20171, 161070339, 'GED0903', 'G21'),
(20171, 161070339, 'GEE0918', 'G21'),
(20171, 161070340, 'ACF0904', 'B31'),
(20171, 161070340, 'AEF1004', 'B41'),
(20171, 161070340, 'AEF1020', 'B41'),
(20171, 161070340, 'BQF1002', 'B41'),
(20171, 161070340, 'BQF1020', 'B41'),
(20171, 161070340, 'BQQ1003', 'B41'),
(20171, 161070343, 'ACF0902', 'B21'),
(20171, 161070343, 'ACF0903', 'B21'),
(20171, 161070343, 'AEF1005', 'B21'),
(20171, 161070343, 'BQF1022', 'B21'),
(20171, 161070343, 'BQG1021', 'B21'),
(20171, 161070343, 'BQP1001', 'B21'),
(20171, 161070344, 'ACF0902', 'B22'),
(20171, 161070344, 'ACF0903', 'B22'),
(20171, 161070344, 'AEF1005', 'B22'),
(20171, 161070344, 'BQF1022', 'B22'),
(20171, 161070344, 'BQG1021', 'B22'),
(20171, 161070344, 'BQP1001', 'B22'),
(20171, 161070345, 'ACF0902', 'A21'),
(20171, 161070345, 'ACF0903', 'A21'),
(20171, 161070345, 'ALB1015', 'A21'),
(20171, 161070345, 'ALC1020', 'A21'),
(20171, 161070345, 'ALF1010', 'A21'),
(20171, 161070345, 'ALF1023', 'A21'),
(20171, 161070346, 'ACF0902', 'B22'),
(20171, 161070346, 'ACF0903', 'B22'),
(20171, 161070346, 'AEF1005', 'B22'),
(20171, 161070346, 'BQF1022', 'B22'),
(20171, 161070346, 'BQG1021', 'B22'),
(20171, 161070346, 'BQP1001', 'B22'),
(20171, 161070348, 'ACF0902', 'B22'),
(20171, 161070348, 'ACF0903', 'B22'),
(20171, 161070348, 'AEF1005', 'B22'),
(20171, 161070348, 'BQF1022', 'B22'),
(20171, 161070348, 'BQG1021', 'B22'),
(20171, 161070348, 'BQP1001', 'B22'),
(20171, 161070349, 'ACF0902', 'B22'),
(20171, 161070349, 'ACF0903', 'B22'),
(20171, 161070349, 'AEF1005', 'B22'),
(20171, 161070349, 'BQF1022', 'B22'),
(20171, 161070349, 'BQG1021', 'B22'),
(20171, 161070349, 'BQP1001', 'B22'),
(20171, 161070350, 'ACF0902', 'B21'),
(20171, 161070350, 'ACF0903', 'B21'),
(20171, 161070350, 'AEF1005', 'B21'),
(20171, 161070350, 'BQF1022', 'B21'),
(20171, 161070350, 'BQG1021', 'B21'),
(20171, 161070350, 'BQP1001', 'B21'),
(20171, 161070352, 'ACF0902', 'B21'),
(20171, 161070352, 'ACF0903', 'B21'),
(20171, 161070352, 'AEF1005', 'B21'),
(20171, 161070352, 'BQF1022', 'B21'),
(20171, 161070352, 'BQG1021', 'B21'),
(20171, 161070352, 'BQP1001', 'B21'),
(20171, 161070353, 'ACA0907', 'S11'),
(20171, 161070353, 'ACC0906', 'S11'),
(20171, 161070353, 'ACF0901', 'S11'),
(20171, 161070353, 'SCD1008', 'S11'),
(20171, 161070353, 'SCH1024', 'S11'),
(20171, 161070354, 'ACA0907', 'G21'),
(20171, 161070354, 'ACF0902', 'G21'),
(20171, 161070354, 'AEB1082', 'G21'),
(20171, 161070354, 'AEC1014', 'G21'),
(20171, 161070354, 'GED0903', 'G21'),
(20171, 161070354, 'GEE0918', 'G21'),
(20171, 161070355, 'AEB1082', 'G22'),
(20171, 161070355, 'AEC1014', 'G22'),
(20171, 161070355, 'GED0903', 'G22'),
(20171, 161070357, 'ACF0902', 'S22'),
(20171, 161070357, 'ACF0903', 'S22'),
(20171, 161070357, 'AEC1008', 'S22'),
(20171, 161070357, 'AEC1058', 'S22'),
(20171, 161070357, 'AEF1052', 'S22'),
(20171, 161070357, 'SCD1020', 'S22'),
(20171, 161070358, 'ACF0903', 'B21'),
(20171, 161070358, 'AEF1005', 'B21'),
(20171, 161070358, 'BQF1022', 'B21'),
(20171, 161070358, 'BQG1021', 'B21'),
(20171, 161070358, 'BQP1001', 'B21'),
(20171, 161070359, 'ACA0907', 'G21'),
(20171, 161070359, 'ACF0902', 'G21'),
(20171, 161070359, 'AEB1082', 'G21'),
(20171, 161070359, 'AEC1014', 'G21'),
(20171, 161070359, 'GED0903', 'G21'),
(20171, 161070359, 'GEE0918', 'G21'),
(20171, 161070360, 'ACF0902', 'B22'),
(20171, 161070360, 'ACF0903', 'B22'),
(20171, 161070360, 'AEF1005', 'B22'),
(20171, 161070360, 'BQF1022', 'B22'),
(20171, 161070360, 'BQG1021', 'B22'),
(20171, 161070360, 'BQP1001', 'B22'),
(20171, 161070361, 'ACA0907', 'G22'),
(20171, 161070361, 'ACF0902', 'G22'),
(20171, 161070361, 'AEB1082', 'G22'),
(20171, 161070361, 'AEC1014', 'G22'),
(20171, 161070361, 'GED0903', 'G22'),
(20171, 161070361, 'GEE0918', 'G22'),
(20171, 161070363, 'ACF0902', 'B22'),
(20171, 161070363, 'ACF0903', 'B21'),
(20171, 161070363, 'AEF1005', 'B21'),
(20171, 161070363, 'AEF1057', 'B11'),
(20171, 161070363, 'BQF1022', 'B22'),
(20171, 161070363, 'BQG1021', 'B22'),
(20171, 161070363, 'BQP1001', 'B21'),
(20171, 171070001, 'ACA0907', 'B11'),
(20171, 171070001, 'ACC0906', 'B11'),
(20171, 171070001, 'ACF0901', 'B11'),
(20171, 171070001, 'AEF1057', 'B11'),
(20171, 171070001, 'AEO1012', 'B11'),
(20171, 171070001, 'BQW1005', 'B11'),
(20171, 171070002, 'ACA0907', 'B11'),
(20171, 171070002, 'ACC0906', 'B11'),
(20171, 171070002, 'ACF0901', 'B11'),
(20171, 171070002, 'AEF1057', 'B11'),
(20171, 171070002, 'AEO1012', 'B11'),
(20171, 171070002, 'BQW1005', 'B11'),
(20171, 171070003, 'ACA0907', 'S11'),
(20171, 171070003, 'ACC0906', 'S11'),
(20171, 171070003, 'ACF0901', 'S11'),
(20171, 171070003, 'AEF1041', 'S11'),
(20171, 171070003, 'SCD1008', 'S11'),
(20171, 171070003, 'SCH1024', 'S11'),
(20171, 171070004, 'ACA0907', 'B11'),
(20171, 171070004, 'ACC0906', 'B11'),
(20171, 171070004, 'ACF0901', 'B11'),
(20171, 171070004, 'AEF1057', 'B11'),
(20171, 171070004, 'AEO1012', 'B11'),
(20171, 171070004, 'BQW1005', 'B11'),
(20171, 171070005, 'ACC0906', 'G11'),
(20171, 171070005, 'ACF0901', 'G11'),
(20171, 171070005, 'AEF1074', 'G11'),
(20171, 171070005, 'GEC0905', 'G11'),
(20171, 171070005, 'GEC0909', 'G11'),
(20171, 171070005, 'GEF0910', 'G11'),
(20171, 171070006, 'ACA0907', 'S11'),
(20171, 171070006, 'ACC0906', 'S11'),
(20171, 171070006, 'ACF0901', 'S11'),
(20171, 171070006, 'AEF1041', 'S11'),
(20171, 171070006, 'SCD1008', 'S11'),
(20171, 171070006, 'SCH1024', 'S11'),
(20171, 171070007, 'ACA0907', 'S11'),
(20171, 171070007, 'ACC0906', 'S11'),
(20171, 171070007, 'ACF0901', 'S11'),
(20171, 171070007, 'AEF1041', 'S11'),
(20171, 171070007, 'SCD1008', 'S11'),
(20171, 171070007, 'SCH1024', 'S11'),
(20171, 171070008, 'ACC0906', 'G11'),
(20171, 171070008, 'ACF0901', 'G11'),
(20171, 171070008, 'AEF1074', 'G11'),
(20171, 171070008, 'GEC0905', 'G11'),
(20171, 171070008, 'GEC0909', 'G11'),
(20171, 171070008, 'GEF0910', 'G11'),
(20171, 171070009, 'ACA0907', 'B11'),
(20171, 171070009, 'ACC0906', 'B11'),
(20171, 171070009, 'ACF0901', 'B11'),
(20171, 171070009, 'AEF1057', 'B11'),
(20171, 171070009, 'AEO1012', 'B11'),
(20171, 171070009, 'BQW1005', 'B11'),
(20171, 171070010, 'ACA0907', 'B11'),
(20171, 171070010, 'ACC0906', 'B11'),
(20171, 171070010, 'ACF0901', 'B11'),
(20171, 171070010, 'AEF1057', 'B11'),
(20171, 171070010, 'AEO1012', 'B11'),
(20171, 171070010, 'BQW1005', 'B11'),
(20171, 171070011, 'ACA0907', 'S11'),
(20171, 171070011, 'ACC0906', 'S11'),
(20171, 171070011, 'ACF0901', 'S11'),
(20171, 171070011, 'AEF1041', 'S11'),
(20171, 171070011, 'SCD1008', 'S11'),
(20171, 171070011, 'SCH1024', 'S11'),
(20171, 171070012, 'ACA0907', 'B11'),
(20171, 171070012, 'ACC0906', 'B11'),
(20171, 171070012, 'ACF0901', 'B11'),
(20171, 171070012, 'AEF1057', 'B11'),
(20171, 171070012, 'AEO1012', 'B11'),
(20171, 171070012, 'BQW1005', 'B11'),
(20171, 171070013, 'ACC0906', 'G11'),
(20171, 171070013, 'ACF0901', 'G11'),
(20171, 171070013, 'AEF1074', 'G11'),
(20171, 171070013, 'GEC0905', 'G11'),
(20171, 171070013, 'GEC0909', 'G11'),
(20171, 171070013, 'GEF0910', 'G11'),
(20171, 171070014, 'ACC0906', 'G11'),
(20171, 171070014, 'ACF0901', 'G11'),
(20171, 171070014, 'AEF1074', 'G11'),
(20171, 171070014, 'GEC0905', 'G11'),
(20171, 171070014, 'GEC0909', 'G11'),
(20171, 171070014, 'GEF0910', 'G11'),
(20171, 171070015, 'ACC0906', 'G11'),
(20171, 171070015, 'ACF0901', 'G11'),
(20171, 171070015, 'AEF1074', 'G11'),
(20171, 171070015, 'GEC0905', 'G11'),
(20171, 171070015, 'GEC0909', 'G11'),
(20171, 171070015, 'GEF0910', 'G11'),
(20171, 171070016, 'ACA0907', 'S11'),
(20171, 171070016, 'ACC0906', 'S11'),
(20171, 171070016, 'ACF0901', 'S11'),
(20171, 171070016, 'AEF1041', 'S11'),
(20171, 171070016, 'SCD1008', 'S11'),
(20171, 171070016, 'SCH1024', 'S11'),
(20171, 171070017, 'ACA0907', 'S11'),
(20171, 171070017, 'ACC0906', 'S11'),
(20171, 171070017, 'ACF0901', 'S11'),
(20171, 171070017, 'AEF1041', 'S11'),
(20171, 171070017, 'SCD1008', 'S11'),
(20171, 171070017, 'SCH1024', 'S11'),
(20171, 171070018, 'ACA0907', 'B11'),
(20171, 171070018, 'ACC0906', 'B11'),
(20171, 171070018, 'ACF0901', 'B11'),
(20171, 171070018, 'AEF1057', 'B11'),
(20171, 171070018, 'AEO1012', 'B11'),
(20171, 171070018, 'BQW1005', 'B11'),
(20171, 171070019, 'ACA0907', 'B11'),
(20171, 171070019, 'ACC0906', 'B11'),
(20171, 171070019, 'ACF0901', 'B11'),
(20171, 171070019, 'AEF1057', 'B11'),
(20171, 171070019, 'AEO1012', 'B11'),
(20171, 171070019, 'BQW1005', 'B11'),
(20171, 171070020, 'ACA0907', 'B11'),
(20171, 171070020, 'ACC0906', 'B11'),
(20171, 171070020, 'ACF0901', 'B11'),
(20171, 171070020, 'AEF1057', 'B11'),
(20171, 171070020, 'AEO1012', 'B11'),
(20171, 171070020, 'BQW1005', 'B11'),
(20171, 171070021, 'ACA0907', 'S11'),
(20171, 171070021, 'ACC0906', 'S11'),
(20171, 171070021, 'ACF0901', 'S11'),
(20171, 171070021, 'AEF1041', 'S11'),
(20171, 171070021, 'SCD1008', 'S11'),
(20171, 171070021, 'SCH1024', 'S11'),
(20171, 171070022, 'ACC0906', 'G11'),
(20171, 171070022, 'ACF0901', 'G11'),
(20171, 171070022, 'AEF1074', 'G11'),
(20171, 171070022, 'GEC0905', 'G11'),
(20171, 171070022, 'GEC0909', 'G11'),
(20171, 171070022, 'GEF0910', 'G11'),
(20171, 171070023, 'ACC0906', 'G11'),
(20171, 171070023, 'ACF0901', 'G11'),
(20171, 171070023, 'AEF1074', 'G11'),
(20171, 171070023, 'GEC0905', 'G11'),
(20171, 171070023, 'GEC0909', 'G11'),
(20171, 171070023, 'GEF0910', 'G11'),
(20171, 171070024, 'ACA0907', 'B11'),
(20171, 171070024, 'ACC0906', 'B11'),
(20171, 171070024, 'ACF0901', 'B11'),
(20171, 171070024, 'AEF1057', 'B11'),
(20171, 171070024, 'AEO1012', 'B11'),
(20171, 171070024, 'BQW1005', 'B11'),
(20171, 171070025, 'ACA0907', 'B11'),
(20171, 171070025, 'ACC0906', 'B11'),
(20171, 171070025, 'ACF0901', 'B11'),
(20171, 171070025, 'AEF1057', 'B11'),
(20171, 171070025, 'AEO1012', 'B11'),
(20171, 171070025, 'BQW1005', 'B11'),
(20171, 171070026, 'ACA0907', 'B11'),
(20171, 171070026, 'ACC0906', 'B11'),
(20171, 171070026, 'ACF0901', 'B11'),
(20171, 171070026, 'AEF1057', 'B11'),
(20171, 171070026, 'AEO1012', 'B11'),
(20171, 171070026, 'BQW1005', 'B11'),
(20171, 171070027, 'ACA0907', 'B11'),
(20171, 171070027, 'ACC0906', 'B11'),
(20171, 171070027, 'ACF0901', 'B11'),
(20171, 171070027, 'AEF1057', 'B11'),
(20171, 171070027, 'AEO1012', 'B11'),
(20171, 171070027, 'BQW1005', 'B11'),
(20171, 171070028, 'ACA0907', 'B11'),
(20171, 171070028, 'ACC0906', 'B11'),
(20171, 171070028, 'ACF0901', 'B11'),
(20171, 171070028, 'AEF1057', 'B11'),
(20171, 171070028, 'AEO1012', 'B11'),
(20171, 171070028, 'BQW1005', 'B11'),
(20171, 171070029, 'ACC0906', 'G11'),
(20171, 171070029, 'ACF0901', 'G11'),
(20171, 171070029, 'AEF1074', 'G11'),
(20171, 171070029, 'GEC0905', 'G11'),
(20171, 171070029, 'GEC0909', 'G11'),
(20171, 171070029, 'GEF0910', 'G11'),
(20171, 171070030, 'ACA0907', 'B11'),
(20171, 171070030, 'ACC0906', 'B11'),
(20171, 171070030, 'ACF0901', 'B11'),
(20171, 171070030, 'AEF1057', 'B11'),
(20171, 171070030, 'AEO1012', 'B11'),
(20171, 171070030, 'BQW1005', 'B11'),
(20171, 171070031, 'ACA0907', 'B11'),
(20171, 171070031, 'ACC0906', 'B11'),
(20171, 171070031, 'ACF0901', 'B11'),
(20171, 171070031, 'AEF1057', 'B11'),
(20171, 171070031, 'AEO1012', 'B11'),
(20171, 171070031, 'BQW1005', 'B11'),
(20171, 171070032, 'ACA0907', 'S11'),
(20171, 171070032, 'ACC0906', 'S11'),
(20171, 171070032, 'ACF0901', 'S11'),
(20171, 171070032, 'AEF1041', 'S11'),
(20171, 171070032, 'SCD1008', 'S11'),
(20171, 171070032, 'SCH1024', 'S11'),
(20171, 171070033, 'ACA0907', 'B11'),
(20171, 171070033, 'ACC0906', 'B11'),
(20171, 171070033, 'ACF0901', 'B11'),
(20171, 171070033, 'AEF1057', 'B11'),
(20171, 171070033, 'AEO1012', 'B11'),
(20171, 171070033, 'BQW1005', 'B11'),
(20171, 171070034, 'ACA0907', 'B11'),
(20171, 171070034, 'ACC0906', 'B11'),
(20171, 171070034, 'ACF0901', 'B11'),
(20171, 171070034, 'AEF1057', 'B11'),
(20171, 171070034, 'AEO1012', 'B11'),
(20171, 171070034, 'BQW1005', 'B11'),
(20171, 171070035, 'ACA0907', 'B11'),
(20171, 171070035, 'ACC0906', 'B11'),
(20171, 171070035, 'ACF0901', 'B11'),
(20171, 171070035, 'AEF1057', 'B11'),
(20171, 171070035, 'AEO1012', 'B11'),
(20171, 171070035, 'BQW1005', 'B11'),
(20171, 171070037, 'ACA0907', 'B11'),
(20171, 171070037, 'ACC0906', 'B11'),
(20171, 171070037, 'ACF0901', 'B11'),
(20171, 171070037, 'AEF1057', 'B11'),
(20171, 171070037, 'AEO1012', 'B11'),
(20171, 171070037, 'BQW1005', 'B11'),
(20171, 171070038, 'ACA0907', 'B11'),
(20171, 171070038, 'ACC0906', 'B11'),
(20171, 171070038, 'ACF0901', 'B11'),
(20171, 171070038, 'AEF1057', 'B11'),
(20171, 171070038, 'AEO1012', 'B11'),
(20171, 171070038, 'BQW1005', 'B11'),
(20171, 171070039, 'ACA0907', 'B11'),
(20171, 171070039, 'ACC0906', 'B11'),
(20171, 171070039, 'ACF0901', 'B11'),
(20171, 171070039, 'AEF1057', 'B11'),
(20171, 171070039, 'AEO1012', 'B11'),
(20171, 171070039, 'BQW1005', 'B11'),
(20171, 171070040, 'ACA0907', 'B11'),
(20171, 171070040, 'ACC0906', 'B11'),
(20171, 171070040, 'ACF0901', 'B11'),
(20171, 171070040, 'AEF1057', 'B11'),
(20171, 171070040, 'AEO1012', 'B11'),
(20171, 171070040, 'BQW1005', 'B11'),
(20171, 171070041, 'ACA0907', 'B11'),
(20171, 171070041, 'ACC0906', 'B11'),
(20171, 171070041, 'ACF0901', 'B11'),
(20171, 171070041, 'AEF1057', 'B11'),
(20171, 171070041, 'AEO1012', 'B11'),
(20171, 171070041, 'BQW1005', 'B11'),
(20171, 171070042, 'ACA0907', 'S11'),
(20171, 171070042, 'ACC0906', 'S11'),
(20171, 171070042, 'ACF0901', 'S11'),
(20171, 171070042, 'AEF1041', 'S11'),
(20171, 171070042, 'SCD1008', 'S11'),
(20171, 171070042, 'SCH1024', 'S11'),
(20171, 171070043, 'ACA0907', 'B11'),
(20171, 171070043, 'ACC0906', 'B11'),
(20171, 171070043, 'ACF0901', 'B11'),
(20171, 171070043, 'AEF1057', 'B11'),
(20171, 171070043, 'AEO1012', 'B11'),
(20171, 171070043, 'BQW1005', 'B11'),
(20171, 171070044, 'ACA0907', 'S11'),
(20171, 171070044, 'ACC0906', 'S11'),
(20171, 171070044, 'ACF0901', 'S11'),
(20171, 171070044, 'AEF1041', 'S11'),
(20171, 171070044, 'SCD1008', 'S11'),
(20171, 171070044, 'SCH1024', 'S11'),
(20171, 171070045, 'ACA0907', 'B11'),
(20171, 171070045, 'ACC0906', 'B11'),
(20171, 171070045, 'ACF0901', 'B11'),
(20171, 171070045, 'AEF1057', 'B11'),
(20171, 171070045, 'AEO1012', 'B11'),
(20171, 171070045, 'BQW1005', 'B11'),
(20171, 171070046, 'ACA0907', 'B11'),
(20171, 171070046, 'ACC0906', 'B11'),
(20171, 171070046, 'ACF0901', 'B11'),
(20171, 171070046, 'AEF1057', 'B11'),
(20171, 171070046, 'AEO1012', 'B11'),
(20171, 171070046, 'BQW1005', 'B11'),
(20171, 171070047, 'ACC0906', 'G11'),
(20171, 171070047, 'ACF0901', 'G11'),
(20171, 171070047, 'AEF1074', 'G11'),
(20171, 171070047, 'GEC0905', 'G11'),
(20171, 171070047, 'GEC0909', 'G11'),
(20171, 171070047, 'GEF0910', 'G11'),
(20171, 171070048, 'ACA0907', 'S11'),
(20171, 171070048, 'ACC0906', 'S11'),
(20171, 171070048, 'ACF0901', 'S11'),
(20171, 171070048, 'AEF1041', 'S11'),
(20171, 171070048, 'SCD1008', 'S11'),
(20171, 171070048, 'SCH1024', 'S11'),
(20171, 171070049, 'ACA0907', 'B11'),
(20171, 171070049, 'ACC0906', 'B11'),
(20171, 171070049, 'ACF0901', 'B11'),
(20171, 171070049, 'AEF1057', 'B11'),
(20171, 171070049, 'AEO1012', 'B11'),
(20171, 171070049, 'BQW1005', 'B11'),
(20171, 171070050, 'ACC0906', 'G11'),
(20171, 171070050, 'ACF0901', 'G11'),
(20171, 171070050, 'AEF1074', 'G11'),
(20171, 171070050, 'GEC0905', 'G11'),
(20171, 171070050, 'GEC0909', 'G11'),
(20171, 171070050, 'GEF0910', 'G11'),
(20171, 171070051, 'ACA0907', 'S11'),
(20171, 171070051, 'ACC0906', 'S11'),
(20171, 171070051, 'ACF0901', 'S11'),
(20171, 171070051, 'AEF1041', 'S11'),
(20171, 171070051, 'SCD1008', 'S11'),
(20171, 171070051, 'SCH1024', 'S11'),
(20171, 171070052, 'ACC0906', 'G11'),
(20171, 171070052, 'ACF0901', 'G11'),
(20171, 171070052, 'AEF1074', 'G11'),
(20171, 171070052, 'GEC0905', 'G11'),
(20171, 171070052, 'GEC0909', 'G11'),
(20171, 171070052, 'GEF0910', 'G11'),
(20171, 171070053, 'ACC0906', 'G11'),
(20171, 171070053, 'ACF0901', 'G11'),
(20171, 171070053, 'AEF1074', 'G11'),
(20171, 171070053, 'GEC0905', 'G11'),
(20171, 171070053, 'GEC0909', 'G11'),
(20171, 171070053, 'GEF0910', 'G11');

-- --------------------------------------------------------

--
-- Estructura de tabla para la tabla `semestre`
--

CREATE TABLE IF NOT EXISTS `semestre` (
  `semestre` int(11) NOT NULL,
  PRIMARY KEY (`semestre`)
) ENGINE=InnoDB DEFAULT CHARSET=latin1;

--
-- Volcado de datos para la tabla `semestre`
--

INSERT INTO `semestre` (`semestre`) VALUES
(1),
(2),
(3),
(4),
(5),
(6),
(7),
(8),
(9);

--
-- Restricciones para tablas volcadas
--

--
-- Filtros para la tabla `asistencias`
--
ALTER TABLE `asistencias`
  ADD CONSTRAINT `asistencias_ibfk_1` FOREIGN KEY (`grupo`) REFERENCES `grupos` (`grupo`) ON DELETE CASCADE ON UPDATE CASCADE,
  ADD CONSTRAINT `asistencias_ibfk_2` FOREIGN KEY (`no_control`) REFERENCES `alumnos` (`no_control`) ON DELETE CASCADE ON UPDATE CASCADE;

--
-- Filtros para la tabla `horarios`
--
ALTER TABLE `horarios`
  ADD CONSTRAINT `horarios_ibfk_1` FOREIGN KEY (`periodo`) REFERENCES `periodo` (`periodo`) ON DELETE CASCADE ON UPDATE CASCADE,
  ADD CONSTRAINT `horarios_ibfk_2` FOREIGN KEY (`aula`) REFERENCES `aulas` (`aula`) ON DELETE CASCADE ON UPDATE CASCADE,
  ADD CONSTRAINT `horarios_ibfk_3` FOREIGN KEY (`grupo`) REFERENCES `grupos` (`grupo`) ON DELETE CASCADE ON UPDATE CASCADE;

--
-- Filtros para la tabla `logeo`
--
ALTER TABLE `logeo`
  ADD CONSTRAINT `logeo_ibfk_1` FOREIGN KEY (`rfc`) REFERENCES `profesores` (`rfc`) ON DELETE CASCADE ON UPDATE CASCADE,
  ADD CONSTRAINT `logeo_ibfk_2` FOREIGN KEY (`id_identificador`) REFERENCES `identificador` (`id_identificador`) ON DELETE CASCADE ON UPDATE CASCADE;

--
-- Filtros para la tabla `seleccion_materia`
--
ALTER TABLE `seleccion_materia`
  ADD CONSTRAINT `seleccion_materia_ibfk_1` FOREIGN KEY (`periodo`) REFERENCES `periodo` (`periodo`) ON DELETE CASCADE ON UPDATE CASCADE,
  ADD CONSTRAINT `seleccion_materia_ibfk_2` FOREIGN KEY (`no_control`) REFERENCES `alumnos` (`no_control`) ON DELETE CASCADE ON UPDATE CASCADE,
  ADD CONSTRAINT `seleccion_materia_ibfk_3` FOREIGN KEY (`grupo`) REFERENCES `grupos` (`grupo`) ON DELETE CASCADE ON UPDATE CASCADE;

/*!40101 SET CHARACTER_SET_CLIENT=@OLD_CHARACTER_SET_CLIENT */;
/*!40101 SET CHARACTER_SET_RESULTS=@OLD_CHARACTER_SET_RESULTS */;
/*!40101 SET COLLATION_CONNECTION=@OLD_COLLATION_CONNECTION */;
